{"id":90,"date":"2024-05-15T06:18:05","date_gmt":"2024-05-15T06:18:05","guid":{"rendered":"https:\/\/4ader.ro\/?page_id=90"},"modified":"2024-09-23T10:25:01","modified_gmt":"2024-09-23T07:25:01","slug":"despre-noi","status":"publish","type":"page","link":"https:\/\/4ader.ro\/index.php\/despre-noi\/","title":{"rendered":"Despre noi"},"content":{"rendered":"\t\t<div data-elementor-type=\"wp-page\" data-elementor-id=\"90\" class=\"elementor elementor-90\">\n\t\t\t\t<div class=\"elementor-element elementor-element-bd809c7 e-con-full e-flex e-con e-parent\" data-id=\"bd809c7\" data-element_type=\"container\" data-settings=\"{&quot;background_background&quot;:&quot;classic&quot;}\">\n\t\t<div class=\"elementor-element elementor-element-1bb7b55 e-con-full e-flex e-con e-child\" data-id=\"1bb7b55\" data-element_type=\"container\">\n\t\t\t\t<div class=\"elementor-element elementor-element-f0a1e6a elementor-widget elementor-widget-heading\" data-id=\"f0a1e6a\" data-element_type=\"widget\" data-widget_type=\"heading.default\">\n\t\t\t\t<div class=\"elementor-widget-container\">\n\t\t\t\t\t<h2 class=\"elementor-heading-title elementor-size-default\">DESPRE NOI<\/h2>\t\t\t\t<\/div>\n\t\t\t\t<\/div>\n\t\t\t\t<\/div>\n\t\t<div class=\"elementor-element elementor-element-4a2af2e e-con-full e-flex e-con e-child\" data-id=\"4a2af2e\" data-element_type=\"container\">\n\t\t\t\t<div class=\"elementor-element elementor-element-ec2dbca elementor-widget elementor-widget-text-editor\" data-id=\"ec2dbca\" data-element_type=\"widget\" data-widget_type=\"text-editor.default\">\n\t\t\t\t<div class=\"elementor-widget-container\">\n\t\t\t\t\t\t\t\t\t<p>\u201eASOCIA\u021aIA PENTRU DEMOCRA\u021aIE EDUCA\u021aIE RESPECT ( ADER)\u201c, denumit\u0103 \u00een continuare \u0219i ASOCIA\u021aIA sau ADER&nbsp;este fondat\u0103, \u00een temeiul O.G. 26\/2000 cu privire la asocia\u021bii \u0219i funda\u021bii modificat\u0103 \u0219i completat\u0103 prin Legea nr. 246\/2005<\/p>\n<p>Scopul Asocia\u0163iei ADER&nbsp; \u00eel constituie: conceperea, organizarea, promovarea \u015fi desf\u0103\u015furarea de activit\u0103\u021bi \u015fi proiecte de educa\u021bie formal\u0103 \u0219i nonformal\u0103 \u00een Rom\u00e2nia \u015fi \u00een str\u0103in\u0103tate ce urm\u0103resc preg\u0103tirea, formarea \u015fi dezvoltarea continu\u0103 a tinerilor \u015fi a adul\u021bilor la nivel personal \u015fi profesional, \u00een vederea atingerii obiectivelor personale \u015fi profesionale propuse de c\u0103tre ace\u015ftia. Asocia\u021bia promoveaz\u0103 valorile care \u021bin de egalitatea de \u015fans\u0103 a membrilor comunit\u0103\u021bii \u015fi, \u00een acela\u015fi timp, promoveaz\u0103 activit\u0103\u021bi de combatere a excluziunii sociale Asocia\u021bia sus\u021bine ini\u0163iativele inovative \u00een \u00eenv\u0103\u0163\u0103m\u00e2nt \u015fi cercetare, \u00eencurajarea excelen\u0163ei \u00een educa\u0163ie, realizarea de programe destinate elevilor \u015fi studen\u0163ilor, consilierea studen\u0163ilor privind dezvoltarea carierei \u015fi sprijinirea integr\u0103rii proaspe\u0163ilor absolven\u0163i \u00een mediul socio-economic<\/p>\n<p>Membrii \u201eASOCIATIEI PENTRU DEMOCRA\u021aIE EDUCA\u021aIE RESPECT (ADER)\u201c sunt:<br>a) membrii fondatori<\/p>\n<p>b) membrii-asocia\u021bi<\/p>\n<p>c) membrii de onoare:<\/p>\n<p>\u2013 persoane fizice sau\/\u0219i persoane juridice care, prin activitatea lor, sprijin\u0103 \u00een mod substan\u021bial asocia\u021bia \u00een realizarea obiectivelor acesteia, contribuind din punct de vedere financiar, moral sau func\u021bional la realizarea scopului \u201eASOCIATIEI PENTRU DEMOCRA\u021aIE EDUCA\u021aIE RESPECT ( ADER)\u201c<\/p>\n<p>sau<\/p>\n<p>\u2013 personalit\u0103\u021bi marcante ale vie\u021bii \u0219tiin\u021bifice, sportive sau culturale, care s-au remarcat, cu deosebire, \u00een domeniile de interes ale \u201eASOCIATIEI PENTRU DEMOCRA\u021aIE EDUCA\u021aIE RESPECT ( ADER)\u201c \u0219i care, prin activitatea lor, sprijin\u0103 asocia\u021bia \u00een realizarea obiectivelor acesteia;<\/p>\n<p>d) membrii-sus\u021bin\u0103tori \u2013 persoanele care ader\u0103 la scopul \u201eASOCIATIEI PENTRU DEMOCRA\u021aIE EDUCA\u021aIE RESPECT ( ADER)\u201c \u0219i care sprijin\u0103 material \u0219i moral asocia\u021bia \u00een realizarea obiectivelor acesteia.<\/p>\t\t\t\t\t\t\t\t<\/div>\n\t\t\t\t<\/div>\n\t\t\t\t<div class=\"elementor-element elementor-element-b829e3c elementor-widget elementor-widget-spacer\" data-id=\"b829e3c\" data-element_type=\"widget\" data-widget_type=\"spacer.default\">\n\t\t\t\t<div class=\"elementor-widget-container\">\n\t\t\t\t\t\t\t<div class=\"elementor-spacer\">\n\t\t\t<div class=\"elementor-spacer-inner\"><\/div>\n\t\t<\/div>\n\t\t\t\t\t\t<\/div>\n\t\t\t\t<\/div>\n\t\t\t\t<\/div>\n\t\t\t\t<\/div>\n\t\t\t\t<\/div>\n\t\t","protected":false},"excerpt":{"rendered":"<p>DESPRE NOI \u201eASOCIA\u021aIA PENTRU DEMOCRA\u021aIE EDUCA\u021aIE RESPECT ( ADER)\u201c, denumit\u0103 \u00een continuare \u0219i ASOCIA\u021aIA sau ADER&nbsp;este fondat\u0103, \u00een temeiul O.G. 26\/2000 cu privire la asocia\u021bii \u0219i funda\u021bii modificat\u0103 \u0219i completat\u0103 prin Legea nr. 246\/2005 Scopul Asocia\u0163iei ADER&nbsp; \u00eel constituie: conceperea, organizarea, promovarea \u015fi desf\u0103\u015furarea de activit\u0103\u021bi \u015fi proiecte de educa\u021bie formal\u0103 \u0219i nonformal\u0103 \u00een Rom\u00e2nia&#8230;<\/p>\n","protected":false},"author":2,"featured_media":0,"parent":0,"menu_order":0,"comment_status":"closed","ping_status":"closed","template":"","meta":{"_kad_post_transparent":"","_kad_post_title":"hide","_kad_post_layout":"fullwidth","_kad_post_sidebar_id":"","_kad_post_content_style":"unboxed","_kad_post_vertical_padding":"hide","_kad_post_feature":"hide","_kad_post_feature_position":"","_kad_post_header":false,"_kad_post_footer":false,"_kad_post_classname":"","footnotes":""},"class_list":["post-90","page","type-page","status-publish","hentry"],"rttpg_featured_image_url":null,"rttpg_author":{"display_name":"Calina Denis","author_link":"https:\/\/4ader.ro\/index.php\/author\/denis_1\/"},"rttpg_comment":0,"rttpg_category":null,"rttpg_excerpt":"DESPRE NOI \u201eASOCIA\u021aIA PENTRU DEMOCRA\u021aIE EDUCA\u021aIE RESPECT ( ADER)\u201c, denumit\u0103 \u00een continuare \u0219i ASOCIA\u021aIA sau ADER&nbsp;este fondat\u0103, \u00een temeiul O.G. 26\/2000 cu privire la asocia\u021bii \u0219i funda\u021bii modificat\u0103 \u0219i completat\u0103 prin Legea nr. 246\/2005 Scopul Asocia\u0163iei ADER&nbsp; \u00eel constituie: conceperea, organizarea, promovarea \u015fi desf\u0103\u015furarea de activit\u0103\u021bi \u015fi proiecte de educa\u021bie formal\u0103 \u0219i nonformal\u0103 \u00een Rom\u00e2nia...","_links":{"self":[{"href":"https:\/\/4ader.ro\/index.php\/wp-json\/wp\/v2\/pages\/90","targetHints":{"allow":["GET"]}}],"collection":[{"href":"https:\/\/4ader.ro\/index.php\/wp-json\/wp\/v2\/pages"}],"about":[{"href":"https:\/\/4ader.ro\/index.php\/wp-json\/wp\/v2\/types\/page"}],"author":[{"embeddable":true,"href":"https:\/\/4ader.ro\/index.php\/wp-json\/wp\/v2\/users\/2"}],"replies":[{"embeddable":true,"href":"https:\/\/4ader.ro\/index.php\/wp-json\/wp\/v2\/comments?post=90"}],"version-history":[{"count":41,"href":"https:\/\/4ader.ro\/index.php\/wp-json\/wp\/v2\/pages\/90\/revisions"}],"predecessor-version":[{"id":1385,"href":"https:\/\/4ader.ro\/index.php\/wp-json\/wp\/v2\/pages\/90\/revisions\/1385"}],"wp:attachment":[{"href":"https:\/\/4ader.ro\/index.php\/wp-json\/wp\/v2\/media?parent=90"}],"curies":[{"name":"wp","href":"https:\/\/api.w.org\/{rel}","templated":true}]}}