{"id":259,"date":"2024-05-15T16:06:34","date_gmt":"2024-05-15T13:06:34","guid":{"rendered":"https:\/\/4ader.ro\/?page_id=259"},"modified":"2024-09-23T11:45:20","modified_gmt":"2024-09-23T08:45:20","slug":"echipa","status":"publish","type":"page","link":"https:\/\/4ader.ro\/index.php\/echipa\/","title":{"rendered":"Echipa"},"content":{"rendered":"\t\t<div data-elementor-type=\"wp-page\" data-elementor-id=\"259\" class=\"elementor elementor-259\">\n\t\t\t\t<div class=\"elementor-element elementor-element-781dbf9 e-con-full e-flex e-con e-parent\" data-id=\"781dbf9\" data-element_type=\"container\" data-settings=\"{&quot;background_background&quot;:&quot;classic&quot;}\">\n\t\t\t\t<div class=\"elementor-element elementor-element-a403b51 elementor-widget elementor-widget-heading\" data-id=\"a403b51\" data-element_type=\"widget\" data-widget_type=\"heading.default\">\n\t\t\t\t<div class=\"elementor-widget-container\">\n\t\t\t\t\t<h2 class=\"elementor-heading-title elementor-size-default\">Echipa<\/h2>\t\t\t\t<\/div>\n\t\t\t\t<\/div>\n\t\t\t\t<\/div>\n\t\t<div class=\"elementor-element elementor-element-a9dd629 e-flex e-con-boxed e-con e-parent\" data-id=\"a9dd629\" data-element_type=\"container\" data-settings=\"{&quot;background_background&quot;:&quot;classic&quot;}\">\n\t\t\t\t\t<div class=\"e-con-inner\">\n\t\t<div class=\"elementor-element elementor-element-71b46b1 e-con-full e-flex e-con e-child\" data-id=\"71b46b1\" data-element_type=\"container\">\n\t\t\t\t<div class=\"elementor-element elementor-element-ab352e5 elementor-widget elementor-widget-image\" data-id=\"ab352e5\" data-element_type=\"widget\" data-widget_type=\"image.default\">\n\t\t\t\t<div class=\"elementor-widget-container\">\n\t\t\t\t\t\t\t\t\t\t\t\t\t\t\t<img fetchpriority=\"high\" decoding=\"async\" width=\"800\" height=\"800\" src=\"https:\/\/4ader.ro\/wp-content\/uploads\/2024\/06\/Zaharia-Avatar.png\" class=\"elementor-animation-grow attachment-large size-large wp-image-749\" alt=\"\" srcset=\"https:\/\/4ader.ro\/wp-content\/uploads\/2024\/06\/Zaharia-Avatar.png 800w, https:\/\/4ader.ro\/wp-content\/uploads\/2024\/06\/Zaharia-Avatar-300x300.png 300w, https:\/\/4ader.ro\/wp-content\/uploads\/2024\/06\/Zaharia-Avatar-150x150.png 150w, https:\/\/4ader.ro\/wp-content\/uploads\/2024\/06\/Zaharia-Avatar-768x768.png 768w, https:\/\/4ader.ro\/wp-content\/uploads\/2024\/06\/Zaharia-Avatar-200x200.png 200w\" sizes=\"(max-width: 800px) 100vw, 800px\" \/>\t\t\t\t\t\t\t\t\t\t\t\t\t\t\t<\/div>\n\t\t\t\t<\/div>\n\t\t\t\t<div class=\"elementor-element elementor-element-45906d5 elementor-widget elementor-widget-text-editor\" data-id=\"45906d5\" data-element_type=\"widget\" data-widget_type=\"text-editor.default\">\n\t\t\t\t<div class=\"elementor-widget-container\">\n\t\t\t\t\t\t\t\t\t<p>Associate Editor in Chief<\/p><p>Marian Zaharia\u00a0<\/p>\t\t\t\t\t\t\t\t<\/div>\n\t\t\t\t<\/div>\n\t\t\t\t<\/div>\n\t\t<div class=\"elementor-element elementor-element-8c5df4a e-con-full e-flex e-con e-child\" data-id=\"8c5df4a\" data-element_type=\"container\">\n\t\t\t\t<div class=\"elementor-element elementor-element-a480726 elementor-widget elementor-widget-image\" data-id=\"a480726\" data-element_type=\"widget\" data-widget_type=\"image.default\">\n\t\t\t\t<div class=\"elementor-widget-container\">\n\t\t\t\t\t\t\t\t\t\t\t\t\t\t\t<img decoding=\"async\" width=\"800\" height=\"800\" src=\"https:\/\/4ader.ro\/wp-content\/uploads\/2024\/06\/avatar-ProfilePictureMaker.com-1.png\" class=\"elementor-animation-grow attachment-large size-large wp-image-748\" alt=\"\" srcset=\"https:\/\/4ader.ro\/wp-content\/uploads\/2024\/06\/avatar-ProfilePictureMaker.com-1.png 800w, https:\/\/4ader.ro\/wp-content\/uploads\/2024\/06\/avatar-ProfilePictureMaker.com-1-300x300.png 300w, https:\/\/4ader.ro\/wp-content\/uploads\/2024\/06\/avatar-ProfilePictureMaker.com-1-150x150.png 150w, https:\/\/4ader.ro\/wp-content\/uploads\/2024\/06\/avatar-ProfilePictureMaker.com-1-768x768.png 768w, https:\/\/4ader.ro\/wp-content\/uploads\/2024\/06\/avatar-ProfilePictureMaker.com-1-200x200.png 200w\" sizes=\"(max-width: 800px) 100vw, 800px\" \/>\t\t\t\t\t\t\t\t\t\t\t\t\t\t\t<\/div>\n\t\t\t\t<\/div>\n\t\t\t\t<div class=\"elementor-element elementor-element-0935239 elementor-widget elementor-widget-text-editor\" data-id=\"0935239\" data-element_type=\"widget\" data-widget_type=\"text-editor.default\">\n\t\t\t\t<div class=\"elementor-widget-container\">\n\t\t\t\t\t\t\t\t\t<p>Editor in Chief<\/p><p>\u0218tefan Sorinel Ghimi\u0219i<\/p>\t\t\t\t\t\t\t\t<\/div>\n\t\t\t\t<\/div>\n\t\t\t\t<\/div>\n\t\t\t\t\t<\/div>\n\t\t\t\t<\/div>\n\t\t<div class=\"elementor-element elementor-element-b84a95b e-flex e-con-boxed e-con e-parent\" data-id=\"b84a95b\" data-element_type=\"container\" data-settings=\"{&quot;background_background&quot;:&quot;classic&quot;}\">\n\t\t\t\t\t<div class=\"e-con-inner\">\n\t\t<div class=\"elementor-element elementor-element-952ac98 e-con-full e-flex e-con e-child\" data-id=\"952ac98\" data-element_type=\"container\">\n\t\t\t\t<div class=\"elementor-element elementor-element-a32b593 elementor-widget elementor-widget-image\" data-id=\"a32b593\" data-element_type=\"widget\" data-widget_type=\"image.default\">\n\t\t\t\t<div class=\"elementor-widget-container\">\n\t\t\t\t\t\t\t\t\t\t\t\t\t\t\t<img decoding=\"async\" width=\"800\" height=\"800\" src=\"https:\/\/4ader.ro\/wp-content\/uploads\/2024\/06\/Aniela-Avatar.png\" class=\"elementor-animation-grow attachment-large size-large wp-image-750\" alt=\"\" srcset=\"https:\/\/4ader.ro\/wp-content\/uploads\/2024\/06\/Aniela-Avatar.png 800w, https:\/\/4ader.ro\/wp-content\/uploads\/2024\/06\/Aniela-Avatar-300x300.png 300w, https:\/\/4ader.ro\/wp-content\/uploads\/2024\/06\/Aniela-Avatar-150x150.png 150w, https:\/\/4ader.ro\/wp-content\/uploads\/2024\/06\/Aniela-Avatar-768x768.png 768w, https:\/\/4ader.ro\/wp-content\/uploads\/2024\/06\/Aniela-Avatar-200x200.png 200w\" sizes=\"(max-width: 800px) 100vw, 800px\" \/>\t\t\t\t\t\t\t\t\t\t\t\t\t\t\t<\/div>\n\t\t\t\t<\/div>\n\t\t\t\t<div class=\"elementor-element elementor-element-db93385 elementor-widget elementor-widget-text-editor\" data-id=\"db93385\" data-element_type=\"widget\" data-widget_type=\"text-editor.default\">\n\t\t\t\t<div class=\"elementor-widget-container\">\n\t\t\t\t\t\t\t\t\t<p>Managing Editor<\/p><p>Aniela B\u0103l\u0103cescu\u00a0<\/p>\t\t\t\t\t\t\t\t<\/div>\n\t\t\t\t<\/div>\n\t\t\t\t<\/div>\n\t\t<div class=\"elementor-element elementor-element-423fc8d e-con-full e-flex e-con e-child\" data-id=\"423fc8d\" data-element_type=\"container\">\n\t\t\t\t<div class=\"elementor-element elementor-element-15d3cfc elementor-widget elementor-widget-image\" data-id=\"15d3cfc\" data-element_type=\"widget\" data-widget_type=\"image.default\">\n\t\t\t\t<div class=\"elementor-widget-container\">\n\t\t\t\t\t\t\t\t\t\t\t\t\t\t\t<img loading=\"lazy\" decoding=\"async\" width=\"800\" height=\"800\" src=\"https:\/\/4ader.ro\/wp-content\/uploads\/2024\/06\/Liviu-Avatar.png\" class=\"elementor-animation-grow attachment-large size-large wp-image-751\" alt=\"\" srcset=\"https:\/\/4ader.ro\/wp-content\/uploads\/2024\/06\/Liviu-Avatar.png 800w, https:\/\/4ader.ro\/wp-content\/uploads\/2024\/06\/Liviu-Avatar-300x300.png 300w, https:\/\/4ader.ro\/wp-content\/uploads\/2024\/06\/Liviu-Avatar-150x150.png 150w, https:\/\/4ader.ro\/wp-content\/uploads\/2024\/06\/Liviu-Avatar-768x768.png 768w, https:\/\/4ader.ro\/wp-content\/uploads\/2024\/06\/Liviu-Avatar-200x200.png 200w\" sizes=\"(max-width: 800px) 100vw, 800px\" \/>\t\t\t\t\t\t\t\t\t\t\t\t\t\t\t<\/div>\n\t\t\t\t<\/div>\n\t\t\t\t<div class=\"elementor-element elementor-element-bbdede7 elementor-widget elementor-widget-text-editor\" data-id=\"bbdede7\" data-element_type=\"widget\" data-widget_type=\"text-editor.default\">\n\t\t\t\t<div class=\"elementor-widget-container\">\n\t\t\t\t\t\t\t\t\t<p>Editorial Board Member<\/p>\n<p>Liviu-Marius C\u00eer\u021b\u00een\u0103<\/p>\t\t\t\t\t\t\t\t<\/div>\n\t\t\t\t<\/div>\n\t\t\t\t<\/div>\n\t\t<div class=\"elementor-element elementor-element-376ff7c e-con-full e-flex e-con e-child\" data-id=\"376ff7c\" data-element_type=\"container\">\n\t\t\t\t<div class=\"elementor-element elementor-element-6da831d elementor-widget elementor-widget-image\" data-id=\"6da831d\" data-element_type=\"widget\" data-widget_type=\"image.default\">\n\t\t\t\t<div class=\"elementor-widget-container\">\n\t\t\t\t\t\t\t\t\t\t\t\t\t\t\t<img loading=\"lazy\" decoding=\"async\" width=\"800\" height=\"800\" src=\"https:\/\/4ader.ro\/wp-content\/uploads\/2024\/06\/Daniela-Cirtina-Avatar.png\" class=\"elementor-animation-grow attachment-large size-large wp-image-752\" alt=\"\" srcset=\"https:\/\/4ader.ro\/wp-content\/uploads\/2024\/06\/Daniela-Cirtina-Avatar.png 800w, https:\/\/4ader.ro\/wp-content\/uploads\/2024\/06\/Daniela-Cirtina-Avatar-300x300.png 300w, https:\/\/4ader.ro\/wp-content\/uploads\/2024\/06\/Daniela-Cirtina-Avatar-150x150.png 150w, https:\/\/4ader.ro\/wp-content\/uploads\/2024\/06\/Daniela-Cirtina-Avatar-768x768.png 768w, https:\/\/4ader.ro\/wp-content\/uploads\/2024\/06\/Daniela-Cirtina-Avatar-200x200.png 200w\" sizes=\"(max-width: 800px) 100vw, 800px\" \/>\t\t\t\t\t\t\t\t\t\t\t\t\t\t\t<\/div>\n\t\t\t\t<\/div>\n\t\t\t\t<div class=\"elementor-element elementor-element-ddd3b2e elementor-widget elementor-widget-text-editor\" data-id=\"ddd3b2e\" data-element_type=\"widget\" data-widget_type=\"text-editor.default\">\n\t\t\t\t<div class=\"elementor-widget-container\">\n\t\t\t\t\t\t\t\t\t<p>Editorial Board Member<\/p><p>Daniela C\u00eer\u021b\u00een\u0103<\/p>\t\t\t\t\t\t\t\t<\/div>\n\t\t\t\t<\/div>\n\t\t\t\t<\/div>\n\t\t<div class=\"elementor-element elementor-element-19a8cad e-con-full e-flex e-con e-child\" data-id=\"19a8cad\" data-element_type=\"container\">\n\t\t\t\t<div class=\"elementor-element elementor-element-12cd1c2 elementor-widget elementor-widget-image\" data-id=\"12cd1c2\" data-element_type=\"widget\" data-widget_type=\"image.default\">\n\t\t\t\t<div class=\"elementor-widget-container\">\n\t\t\t\t\t\t\t\t\t\t\t\t\t\t\t<img loading=\"lazy\" decoding=\"async\" width=\"800\" height=\"800\" src=\"https:\/\/4ader.ro\/wp-content\/uploads\/2024\/06\/Ecobici-Avatar.png\" class=\"elementor-animation-grow attachment-large size-large wp-image-753\" alt=\"\" srcset=\"https:\/\/4ader.ro\/wp-content\/uploads\/2024\/06\/Ecobici-Avatar.png 800w, https:\/\/4ader.ro\/wp-content\/uploads\/2024\/06\/Ecobici-Avatar-300x300.png 300w, https:\/\/4ader.ro\/wp-content\/uploads\/2024\/06\/Ecobici-Avatar-150x150.png 150w, https:\/\/4ader.ro\/wp-content\/uploads\/2024\/06\/Ecobici-Avatar-768x768.png 768w, https:\/\/4ader.ro\/wp-content\/uploads\/2024\/06\/Ecobici-Avatar-200x200.png 200w\" sizes=\"(max-width: 800px) 100vw, 800px\" \/>\t\t\t\t\t\t\t\t\t\t\t\t\t\t\t<\/div>\n\t\t\t\t<\/div>\n\t\t\t\t<div class=\"elementor-element elementor-element-ec57ca4 elementor-widget elementor-widget-text-editor\" data-id=\"ec57ca4\" data-element_type=\"widget\" data-widget_type=\"text-editor.default\">\n\t\t\t\t<div class=\"elementor-widget-container\">\n\t\t\t\t\t\t\t\t\t<p>Editorial Board Member<\/p><p>Nicolae Ecobici<\/p>\t\t\t\t\t\t\t\t<\/div>\n\t\t\t\t<\/div>\n\t\t\t\t<\/div>\n\t\t\t\t\t<\/div>\n\t\t\t\t<\/div>\n\t\t\t\t<\/div>\n\t\t","protected":false},"excerpt":{"rendered":"<p>Echipa Associate Editor in Chief Marian Zaharia\u00a0 Editor in Chief \u0218tefan Sorinel Ghimi\u0219i Managing Editor Aniela B\u0103l\u0103cescu\u00a0 Editorial Board Member Liviu-Marius C\u00eer\u021b\u00een\u0103 Editorial Board Member Daniela C\u00eer\u021b\u00een\u0103 Editorial Board Member Nicolae Ecobici<\/p>\n","protected":false},"author":2,"featured_media":0,"parent":0,"menu_order":0,"comment_status":"closed","ping_status":"closed","template":"","meta":{"_kad_post_transparent":"","_kad_post_title":"hide","_kad_post_layout":"fullwidth","_kad_post_sidebar_id":"","_kad_post_content_style":"unboxed","_kad_post_vertical_padding":"hide","_kad_post_feature":"hide","_kad_post_feature_position":"","_kad_post_header":false,"_kad_post_footer":false,"_kad_post_classname":"","footnotes":""},"class_list":["post-259","page","type-page","status-publish","hentry"],"rttpg_featured_image_url":null,"rttpg_author":{"display_name":"Calina Denis","author_link":"https:\/\/4ader.ro\/index.php\/author\/denis_1\/"},"rttpg_comment":0,"rttpg_category":null,"rttpg_excerpt":"Echipa Associate Editor in Chief Marian Zaharia\u00a0 Editor in Chief \u0218tefan Sorinel Ghimi\u0219i Managing Editor Aniela B\u0103l\u0103cescu\u00a0 Editorial Board Member Liviu-Marius C\u00eer\u021b\u00een\u0103 Editorial Board Member Daniela C\u00eer\u021b\u00een\u0103 Editorial Board Member Nicolae Ecobici","_links":{"self":[{"href":"https:\/\/4ader.ro\/index.php\/wp-json\/wp\/v2\/pages\/259","targetHints":{"allow":["GET"]}}],"collection":[{"href":"https:\/\/4ader.ro\/index.php\/wp-json\/wp\/v2\/pages"}],"about":[{"href":"https:\/\/4ader.ro\/index.php\/wp-json\/wp\/v2\/types\/page"}],"author":[{"embeddable":true,"href":"https:\/\/4ader.ro\/index.php\/wp-json\/wp\/v2\/users\/2"}],"replies":[{"embeddable":true,"href":"https:\/\/4ader.ro\/index.php\/wp-json\/wp\/v2\/comments?post=259"}],"version-history":[{"count":40,"href":"https:\/\/4ader.ro\/index.php\/wp-json\/wp\/v2\/pages\/259\/revisions"}],"predecessor-version":[{"id":1483,"href":"https:\/\/4ader.ro\/index.php\/wp-json\/wp\/v2\/pages\/259\/revisions\/1483"}],"wp:attachment":[{"href":"https:\/\/4ader.ro\/index.php\/wp-json\/wp\/v2\/media?parent=259"}],"curies":[{"name":"wp","href":"https:\/\/api.w.org\/{rel}","templated":true}]}}