{"id":246,"date":"2024-05-15T15:57:56","date_gmt":"2024-05-15T12:57:56","guid":{"rendered":"https:\/\/4ader.ro\/?page_id=246"},"modified":"2024-09-23T11:39:49","modified_gmt":"2024-09-23T08:39:49","slug":"propunere-proiect","status":"publish","type":"page","link":"https:\/\/4ader.ro\/index.php\/propunere-proiect\/","title":{"rendered":"Propunere proiect"},"content":{"rendered":"\t\t<div data-elementor-type=\"wp-page\" data-elementor-id=\"246\" class=\"elementor elementor-246\">\n\t\t\t\t<div class=\"elementor-element elementor-element-68a4d64 e-con-full e-flex e-con e-parent\" data-id=\"68a4d64\" data-element_type=\"container\" data-settings=\"{&quot;background_background&quot;:&quot;classic&quot;}\">\n\t\t<div class=\"elementor-element elementor-element-366d29c e-con-full e-flex e-con e-child\" data-id=\"366d29c\" data-element_type=\"container\">\n\t\t\t\t<div class=\"elementor-element elementor-element-69fae86 elementor-widget elementor-widget-heading\" data-id=\"69fae86\" data-element_type=\"widget\" data-widget_type=\"heading.default\">\n\t\t\t\t<div class=\"elementor-widget-container\">\n\t\t\t\t\t<h2 class=\"elementor-heading-title elementor-size-default\">PROPUNERE PROIECT<\/h2>\t\t\t\t<\/div>\n\t\t\t\t<\/div>\n\t\t\t\t<\/div>\n\t\t<div class=\"elementor-element elementor-element-e2b55d7 e-con-full e-flex e-con e-child\" data-id=\"e2b55d7\" data-element_type=\"container\">\n\t\t\t\t<div class=\"elementor-element elementor-element-b665b27 elementor-widget elementor-widget-text-editor\" data-id=\"b665b27\" data-element_type=\"widget\" data-widget_type=\"text-editor.default\">\n\t\t\t\t<div class=\"elementor-widget-container\">\n\t\t\t\t\t\t\t\t\t<p>\u00cemp\u0103rt\u0103\u0219e\u0219te-ne ideile tale\u00a0\u0219i\u00a0 vom \u00eencerca s\u0103 le d\u0103m via\u021b\u0103\u00a0fiind al\u0103turi de tine. Te rug\u0103m s\u0103 ne descrii \u00een c\u00e2teva r\u00e2nduri ce proiect ai dori s\u0103 facem impreuna. Din mesajul tau ar trebui sa intelegem:<\/p><div><ul><li><strong>Ce vrei s\u0103 facem?<\/strong><\/li><li><strong>De ce?<\/strong><\/li><li><strong>De c\u00e2nd ai vrea s\u0103\u00a0lucr\u0103m \u00eempreun\u0103?<\/strong><\/li><li><strong>C\u00e2nd ai vrea s\u0103 aib\u0103 loc ac\u021biunea efectiv?<\/strong><\/li><li><strong>De ce resurse am avea nevoie?\u2026bani, oameni, logistica<\/strong><\/li><\/ul><\/div><p>Cu c\u00e2t ne dai mai multe detalii despre ceea ce vrei sa lucr\u0103m \u00eempreun\u0103, cu at\u00e2t mai precis i\u021bi vom spune c\u00e2nd, cum \u0219i cu c\u00e2t o s\u0103 putem sprijini proiectul t\u0103u.<\/p><p>Trimite propunerea de proiect pe adresa\u00a0<a href=\"https:\/\/web.archive.org\/web\/20230315043048\/mailto:4roader@gmail.com\">4roader@gmail.com<\/a>\u00a0\u0219i o s\u0103 te contact\u0103m pentru colaborare.<\/p>\t\t\t\t\t\t\t\t<\/div>\n\t\t\t\t<\/div>\n\t\t\t\t<div class=\"elementor-element elementor-element-90de938 elementor-widget elementor-widget-spacer\" data-id=\"90de938\" data-element_type=\"widget\" data-widget_type=\"spacer.default\">\n\t\t\t\t<div class=\"elementor-widget-container\">\n\t\t\t\t\t\t\t<div class=\"elementor-spacer\">\n\t\t\t<div class=\"elementor-spacer-inner\"><\/div>\n\t\t<\/div>\n\t\t\t\t\t\t<\/div>\n\t\t\t\t<\/div>\n\t\t\t\t<\/div>\n\t\t\t\t<\/div>\n\t\t\t\t<\/div>\n\t\t","protected":false},"excerpt":{"rendered":"<p>PROPUNERE PROIECT \u00cemp\u0103rt\u0103\u0219e\u0219te-ne ideile tale\u00a0\u0219i\u00a0 vom \u00eencerca s\u0103 le d\u0103m via\u021b\u0103\u00a0fiind al\u0103turi de tine. Te rug\u0103m s\u0103 ne descrii \u00een c\u00e2teva r\u00e2nduri ce proiect ai dori s\u0103 facem impreuna. Din mesajul tau ar trebui sa intelegem: Ce vrei s\u0103 facem? De ce? De c\u00e2nd ai vrea s\u0103\u00a0lucr\u0103m \u00eempreun\u0103? C\u00e2nd ai vrea s\u0103 aib\u0103 loc ac\u021biunea&#8230;<\/p>\n","protected":false},"author":2,"featured_media":0,"parent":0,"menu_order":0,"comment_status":"closed","ping_status":"closed","template":"","meta":{"_kad_post_transparent":"","_kad_post_title":"hide","_kad_post_layout":"fullwidth","_kad_post_sidebar_id":"","_kad_post_content_style":"unboxed","_kad_post_vertical_padding":"hide","_kad_post_feature":"hide","_kad_post_feature_position":"","_kad_post_header":false,"_kad_post_footer":false,"_kad_post_classname":"","footnotes":""},"class_list":["post-246","page","type-page","status-publish","hentry"],"rttpg_featured_image_url":null,"rttpg_author":{"display_name":"Calina Denis","author_link":"https:\/\/4ader.ro\/index.php\/author\/denis_1\/"},"rttpg_comment":0,"rttpg_category":null,"rttpg_excerpt":"PROPUNERE PROIECT \u00cemp\u0103rt\u0103\u0219e\u0219te-ne ideile tale\u00a0\u0219i\u00a0 vom \u00eencerca s\u0103 le d\u0103m via\u021b\u0103\u00a0fiind al\u0103turi de tine. Te rug\u0103m s\u0103 ne descrii \u00een c\u00e2teva r\u00e2nduri ce proiect ai dori s\u0103 facem impreuna. Din mesajul tau ar trebui sa intelegem: Ce vrei s\u0103 facem? De ce? De c\u00e2nd ai vrea s\u0103\u00a0lucr\u0103m \u00eempreun\u0103? C\u00e2nd ai vrea s\u0103 aib\u0103 loc ac\u021biunea...","_links":{"self":[{"href":"https:\/\/4ader.ro\/index.php\/wp-json\/wp\/v2\/pages\/246","targetHints":{"allow":["GET"]}}],"collection":[{"href":"https:\/\/4ader.ro\/index.php\/wp-json\/wp\/v2\/pages"}],"about":[{"href":"https:\/\/4ader.ro\/index.php\/wp-json\/wp\/v2\/types\/page"}],"author":[{"embeddable":true,"href":"https:\/\/4ader.ro\/index.php\/wp-json\/wp\/v2\/users\/2"}],"replies":[{"embeddable":true,"href":"https:\/\/4ader.ro\/index.php\/wp-json\/wp\/v2\/comments?post=246"}],"version-history":[{"count":13,"href":"https:\/\/4ader.ro\/index.php\/wp-json\/wp\/v2\/pages\/246\/revisions"}],"predecessor-version":[{"id":1232,"href":"https:\/\/4ader.ro\/index.php\/wp-json\/wp\/v2\/pages\/246\/revisions\/1232"}],"wp:attachment":[{"href":"https:\/\/4ader.ro\/index.php\/wp-json\/wp\/v2\/media?parent=246"}],"curies":[{"name":"wp","href":"https:\/\/api.w.org\/{rel}","templated":true}]}}