{"id":2298,"date":"2025-10-13T08:51:00","date_gmt":"2025-10-13T05:51:00","guid":{"rendered":"https:\/\/4ader.ro\/?page_id=2298"},"modified":"2025-10-13T08:59:32","modified_gmt":"2025-10-13T05:59:32","slug":"voluntar-in-targu-jiu-editia-a-iv-a","status":"publish","type":"page","link":"https:\/\/4ader.ro\/index.php\/voluntar-in-targu-jiu-editia-a-iv-a\/","title":{"rendered":"VOLUNTAR \u00ceN T\u00c2RGU-JIU, Edi\u021bia a IV-a"},"content":{"rendered":"\t\t<div data-elementor-type=\"wp-page\" data-elementor-id=\"2298\" class=\"elementor elementor-2298\">\n\t\t\t\t<div class=\"elementor-element elementor-element-6b7413c e-con-full e-flex e-con e-parent\" data-id=\"6b7413c\" data-element_type=\"container\" data-settings=\"{&quot;background_background&quot;:&quot;classic&quot;}\">\n\t\t\t\t<div class=\"elementor-element elementor-element-df78692 elementor-widget elementor-widget-heading\" data-id=\"df78692\" data-element_type=\"widget\" data-widget_type=\"heading.default\">\n\t\t\t\t<div class=\"elementor-widget-container\">\n\t\t\t\t\t<h2 class=\"elementor-heading-title elementor-size-default\">Proiect: VOLUNTAR \u00ceN T\u00c2RGU-JIU, Edi\u021bia a IV-a\n\n<\/h2>\t\t\t\t<\/div>\n\t\t\t\t<\/div>\n\t\t\t\t<div class=\"elementor-element elementor-element-fac28ec elementor-widget elementor-widget-text-editor\" data-id=\"fac28ec\" data-element_type=\"widget\" data-widget_type=\"text-editor.default\">\n\t\t\t\t<div class=\"elementor-widget-container\">\n\t\t\t\t\t\t\t\t\t<p data-start=\"404\" data-end=\"483\"><strong data-start=\"404\" data-end=\"417\">Perioada:<\/strong> Septembrie \u2013 Decembrie 2025<br data-start=\"445\" data-end=\"448\" \/><strong data-start=\"448\" data-end=\"460\">Loca\u021bie:<\/strong> Municipiul T\u00e2rgu-Jiu<\/p><p data-start=\"485\" data-end=\"872\">Scopul proiectului este de a promova participarea activ\u0103 a tinerilor \u00een via\u021ba civic\u0103, social\u0103 \u0219i cultural\u0103 a municipiului T\u00e2rgu-Jiu, prin activit\u0103\u021bi de voluntariat, educa\u021bie nonformal\u0103 \u0219i implicare democratic\u0103. Proiectul urm\u0103re\u0219te formarea unei culturi civice participative \u0219i stimularea ini\u021biativei \u00een r\u00e2ndul tinerilor cu v\u00e2rste cuprinse \u00eentre 14 \u0219i 35 de ani (minim 230 de persoane).<\/p><h3 data-start=\"879\" data-end=\"893\">Context:<\/h3><p data-start=\"894\" data-end=\"1584\">Asocia\u021bia pentru Democra\u021bie Educa\u021bie Respect (ADER) lanseaz\u0103 cea de-a patra edi\u021bie a proiectului <strong data-start=\"991\" data-end=\"1018\">\u201eVoluntar \u00een T\u00e2rgu-Jiu\u201d<\/strong>, o ini\u021biativ\u0103 c\u00e2\u0219tig\u0103toare a competi\u021biei de proiecte pentru tineret, finan\u021bat\u0103 din bugetul local al Municipiului T\u00e2rgu Jiu pentru anul 2025.<br data-start=\"1159\" data-end=\"1162\" \/>Proiectul continu\u0103 demersurile anterioare de \u00eencurajare a implic\u0103rii civice \u0219i a responsabilit\u0103\u021bii sociale \u00een r\u00e2ndul tinerilor. Prin edi\u021biile precedente, ADER a reu\u0219it s\u0103 creeze o re\u021bea activ\u0103 de voluntari \u0219i s\u0103 consolideze leg\u0103tura dintre tineri \u0219i comunitatea local\u0103.<br data-start=\"1431\" data-end=\"1434\" \/>Aceast\u0103 edi\u021bie \u00ee\u0219i propune s\u0103 extind\u0103 impactul prin integrarea unor activit\u0103\u021bi noi \u0219i printr-o mai bun\u0103 recunoa\u0219tere public\u0103 a meritelor voluntarilor.<\/p><h3 data-start=\"1591\" data-end=\"1644\">Activit\u0103\u021bile principale ale proiectului includ:<\/h3><p data-start=\"1646\" data-end=\"1699\"><strong data-start=\"1646\" data-end=\"1697\">Promovarea voluntariatului \u00een r\u00e2ndul tinerilor:<\/strong><\/p><ul data-start=\"1700\" data-end=\"1964\"><li data-start=\"1700\" data-end=\"1964\"><p data-start=\"1702\" data-end=\"1964\"><strong data-start=\"1702\" data-end=\"1778\">Seminar interactiv \u201eVoluntar \u00een T\u00e2rgu-Jiu\u201d (Septembrie \u2013 Noiembrie 2025)<\/strong> \u2013 Activitate destinat\u0103 promov\u0103rii beneficiilor implic\u0103rii civice \u0219i \u00eencuraj\u0103rii particip\u0103rii active a tinerilor la via\u021ba comunit\u0103\u021bii. Se va desf\u0103\u0219ura \u00een minimum 2 licee din T\u00e2rgu-Jiu.<\/p><\/li><\/ul><p data-start=\"1966\" data-end=\"2182\"><strong data-start=\"1966\" data-end=\"2056\">Campanie de sensibilizare \u201eTinerii schimb\u0103 comunitatea!\u201d (Septembrie \u2013 Noiembrie 2025)<\/strong><br data-start=\"2056\" data-end=\"2059\" \/>\u2013 Campanie online menit\u0103 s\u0103 aduc\u0103 \u00een aten\u021bia public\u0103 rolul tinerilor \u00een transformarea comunit\u0103\u021bii prin ac\u021biuni voluntare.<\/p><p data-start=\"2184\" data-end=\"2235\"><strong data-start=\"2184\" data-end=\"2233\">Dezvoltarea abilit\u0103\u021bilor tinerilor voluntari:<\/strong><\/p><ul data-start=\"2236\" data-end=\"2455\"><li data-start=\"2236\" data-end=\"2455\"><p data-start=\"2238\" data-end=\"2455\"><strong data-start=\"2238\" data-end=\"2306\">Training \u201eCoordonator de voluntari\u201d (Noiembrie \u2013 Decembrie 2025)<\/strong> \u2013 Sesiuni de formare destinate tinerilor care doresc s\u0103-\u0219i dezvolte competen\u021bele de leadership, comunicare \u0219i coordonare a echipelor de voluntari.<\/p><\/li><\/ul><p data-start=\"2457\" data-end=\"2504\"><strong data-start=\"2457\" data-end=\"2502\">Recunoa\u0219terea \u0219i aprecierea voluntarilor:<\/strong><\/p><ul data-start=\"2505\" data-end=\"2738\"><li data-start=\"2505\" data-end=\"2738\"><p data-start=\"2507\" data-end=\"2738\"><strong data-start=\"2507\" data-end=\"2562\">Gala \u201eVoluntariatul din T\u00e2rgu-Jiu\u201d (Decembrie 2025)<\/strong> \u2013 Eveniment dedicat Zilei Interna\u021bionale a Voluntariatului (5 decembrie), \u00een cadrul c\u0103ruia vor fi celebrate realiz\u0103rile voluntarilor \u0219i promovate valorile implic\u0103rii civice.<\/p><\/li><\/ul><h3 data-start=\"2745\" data-end=\"2772\">Impactul proiectului:<\/h3><p data-start=\"2773\" data-end=\"3444\">Proiectul contribuie la consolidarea unei culturi a particip\u0103rii civice \u0219i la dezvoltarea capitalului social local. Prin implicare direct\u0103, educa\u021bie nonformal\u0103 \u0219i recunoa\u0219tere public\u0103, ADER ofer\u0103 tinerilor o platform\u0103 durabil\u0103 de \u00eenv\u0103\u021bare \u0219i implicare \u00een comunitate.<br data-start=\"3039\" data-end=\"3042\" \/>\u201eAcest proiect este o ini\u021biativ\u0103 sustenabil\u0103, cu impact demonstrat, care contribuie \u00een mod real la consolidarea unei culturi a particip\u0103rii \u00een r\u00e2ndul tinerilor. Prin implicare direct\u0103, educa\u021bie nonformal\u0103 \u0219i recunoa\u0219tere public\u0103, proiectul stimuleaz\u0103 spiritul civic \u0219i ini\u021biativa, oferind o platform\u0103 durabil\u0103 de implicare pentru tinerii din T\u00e2rgu-Jiu.\u201d<br data-start=\"3395\" data-end=\"3398\" \/>\u2014 <em data-start=\"3400\" data-end=\"3442\">Aniela B\u0103l\u0103cescu, Coordonator de Proiect<\/em><\/p><h3 data-start=\"3451\" data-end=\"3467\">Parteneri:<\/h3><p data-start=\"3468\" data-end=\"3536\">Licee din Municipiul T\u00e2rgu-Jiu (minim 2 institu\u021bii de \u00eenv\u0103\u021b\u0103m\u00e2nt).<\/p><hr data-start=\"3538\" data-end=\"3541\" \/><p data-start=\"3543\" data-end=\"3786\"><strong data-start=\"3543\" data-end=\"3643\">Proiectul este realizat cu sprijinul UAT Municipiul T\u00e2rgu Jiu \u0219i al Consiliului Local T\u00e2rgu Jiu.<\/strong><br data-start=\"3643\" data-end=\"3646\" \/>Con\u021binutul acestui proiect nu reflect\u0103 neap\u0103rat pozi\u021bia UAT Municipiul T\u00e2rgu Jiu \u0219i nu implic\u0103 nicio responsabilitate din partea acesteia.<\/p><p data-start=\"3788\" data-end=\"3942\">Pentru mai multe informa\u021bii:<br data-start=\"3816\" data-end=\"3819\" \/>\ud83c\udf10 <a class=\"decorated-link\" href=\"https:\/\/4ader.ro\" target=\"_new\" rel=\"noopener\" data-start=\"3822\" data-end=\"3858\">https:\/\/4ader.ro<\/a><br data-start=\"3858\" data-end=\"3861\" \/>\ud83d\udcf1 <a class=\"decorated-link\" href=\"https:\/\/www.facebook.com\/ADERTarguJiu\" target=\"_new\" rel=\"noopener\" data-start=\"3864\" data-end=\"3942\">https:\/\/www.facebook.com\/ADERTarguJiu<\/a><\/p>\t\t\t\t\t\t\t\t<\/div>\n\t\t\t\t<\/div>\n\t\t\t\t<div class=\"elementor-element elementor-element-3062c97 elementor-widget elementor-widget-image\" data-id=\"3062c97\" data-element_type=\"widget\" data-widget_type=\"image.default\">\n\t\t\t\t<div class=\"elementor-widget-container\">\n\t\t\t\t\t\t\t\t\t\t\t\t\t\t\t<img fetchpriority=\"high\" decoding=\"async\" width=\"1024\" height=\"651\" src=\"https:\/\/4ader.ro\/wp-content\/uploads\/2025\/10\/Screenshot-2025-10-13-085730-1024x651.png\" class=\"attachment-large size-large wp-image-2301\" alt=\"\" srcset=\"https:\/\/4ader.ro\/wp-content\/uploads\/2025\/10\/Screenshot-2025-10-13-085730-1024x651.png 1024w, https:\/\/4ader.ro\/wp-content\/uploads\/2025\/10\/Screenshot-2025-10-13-085730-300x191.png 300w, https:\/\/4ader.ro\/wp-content\/uploads\/2025\/10\/Screenshot-2025-10-13-085730-768x488.png 768w, https:\/\/4ader.ro\/wp-content\/uploads\/2025\/10\/Screenshot-2025-10-13-085730-200x127.png 200w, https:\/\/4ader.ro\/wp-content\/uploads\/2025\/10\/Screenshot-2025-10-13-085730.png 1294w\" sizes=\"(max-width: 1024px) 100vw, 1024px\" \/>\t\t\t\t\t\t\t\t\t\t\t\t\t\t\t<\/div>\n\t\t\t\t<\/div>\n\t\t\t\t<div class=\"elementor-element elementor-element-a872d84 elementor-widget elementor-widget-spacer\" data-id=\"a872d84\" data-element_type=\"widget\" data-widget_type=\"spacer.default\">\n\t\t\t\t<div class=\"elementor-widget-container\">\n\t\t\t\t\t\t\t<div class=\"elementor-spacer\">\n\t\t\t<div class=\"elementor-spacer-inner\"><\/div>\n\t\t<\/div>\n\t\t\t\t\t\t<\/div>\n\t\t\t\t<\/div>\n\t\t\t\t<\/div>\n\t\t\t\t<\/div>\n\t\t","protected":false},"excerpt":{"rendered":"<p>Proiect: VOLUNTAR \u00ceN T\u00c2RGU-JIU, Edi\u021bia a IV-a Perioada: Septembrie \u2013 Decembrie 2025Loca\u021bie: Municipiul T\u00e2rgu-Jiu Scopul proiectului este de a promova participarea activ\u0103 a tinerilor \u00een via\u021ba civic\u0103, social\u0103 \u0219i cultural\u0103 a municipiului T\u00e2rgu-Jiu, prin activit\u0103\u021bi de voluntariat, educa\u021bie nonformal\u0103 \u0219i implicare democratic\u0103. Proiectul urm\u0103re\u0219te formarea unei culturi civice participative \u0219i stimularea ini\u021biativei \u00een r\u00e2ndul tinerilor&#8230;<\/p>\n","protected":false},"author":2,"featured_media":0,"parent":0,"menu_order":0,"comment_status":"closed","ping_status":"closed","template":"","meta":{"_kad_post_transparent":"","_kad_post_title":"hide","_kad_post_layout":"fullwidth","_kad_post_sidebar_id":"","_kad_post_content_style":"unboxed","_kad_post_vertical_padding":"hide","_kad_post_feature":"hide","_kad_post_feature_position":"","_kad_post_header":false,"_kad_post_footer":false,"_kad_post_classname":"","footnotes":""},"class_list":["post-2298","page","type-page","status-publish","hentry"],"rttpg_featured_image_url":null,"rttpg_author":{"display_name":"Calina Denis","author_link":"https:\/\/4ader.ro\/index.php\/author\/denis_1\/"},"rttpg_comment":0,"rttpg_category":null,"rttpg_excerpt":"Proiect: VOLUNTAR \u00ceN T\u00c2RGU-JIU, Edi\u021bia a IV-a Perioada: Septembrie \u2013 Decembrie 2025Loca\u021bie: Municipiul T\u00e2rgu-Jiu Scopul proiectului este de a promova participarea activ\u0103 a tinerilor \u00een via\u021ba civic\u0103, social\u0103 \u0219i cultural\u0103 a municipiului T\u00e2rgu-Jiu, prin activit\u0103\u021bi de voluntariat, educa\u021bie nonformal\u0103 \u0219i implicare democratic\u0103. Proiectul urm\u0103re\u0219te formarea unei culturi civice participative \u0219i stimularea ini\u021biativei \u00een r\u00e2ndul tinerilor...","_links":{"self":[{"href":"https:\/\/4ader.ro\/index.php\/wp-json\/wp\/v2\/pages\/2298","targetHints":{"allow":["GET"]}}],"collection":[{"href":"https:\/\/4ader.ro\/index.php\/wp-json\/wp\/v2\/pages"}],"about":[{"href":"https:\/\/4ader.ro\/index.php\/wp-json\/wp\/v2\/types\/page"}],"author":[{"embeddable":true,"href":"https:\/\/4ader.ro\/index.php\/wp-json\/wp\/v2\/users\/2"}],"replies":[{"embeddable":true,"href":"https:\/\/4ader.ro\/index.php\/wp-json\/wp\/v2\/comments?post=2298"}],"version-history":[{"count":4,"href":"https:\/\/4ader.ro\/index.php\/wp-json\/wp\/v2\/pages\/2298\/revisions"}],"predecessor-version":[{"id":2304,"href":"https:\/\/4ader.ro\/index.php\/wp-json\/wp\/v2\/pages\/2298\/revisions\/2304"}],"wp:attachment":[{"href":"https:\/\/4ader.ro\/index.php\/wp-json\/wp\/v2\/media?parent=2298"}],"curies":[{"name":"wp","href":"https:\/\/api.w.org\/{rel}","templated":true}]}}