{"id":2210,"date":"2024-12-04T11:13:56","date_gmt":"2024-12-04T09:13:56","guid":{"rendered":"https:\/\/4ader.ro\/?page_id=2210"},"modified":"2024-12-04T11:18:21","modified_gmt":"2024-12-04T09:18:21","slug":"educatie-media-la-clasa-12-iunie-2023","status":"publish","type":"page","link":"https:\/\/4ader.ro\/index.php\/educatie-media-la-clasa-12-iunie-2023\/","title":{"rendered":"Educa\u021bie media la clas\u0103 &#8211; 12 iunie 2023"},"content":{"rendered":"\t\t<div data-elementor-type=\"wp-page\" data-elementor-id=\"2210\" class=\"elementor elementor-2210\">\n\t\t\t\t<div class=\"elementor-element elementor-element-6b7413c e-con-full e-grid e-con e-parent\" data-id=\"6b7413c\" data-element_type=\"container\" data-settings=\"{&quot;background_background&quot;:&quot;classic&quot;}\">\n\t\t\t\t<div class=\"elementor-element elementor-element-5ce37fa elementor-widget elementor-widget-text-editor\" data-id=\"5ce37fa\" data-element_type=\"widget\" data-widget_type=\"text-editor.default\">\n\t\t\t\t<div class=\"elementor-widget-container\">\n\t\t\t\t\t\t\t\t\t<h2>Educa\u021bie media la clas\u0103 &#8211; 12 iunie 2023<\/h2><p><strong>Asocia\u021bia pentru Democra\u021bie Educa\u021bie Respect (ADER)<\/strong>, \u00eempreun\u0103 cu diver\u0219i parteneri, a organizat luni, <strong>12 iunie<\/strong>, ora <strong>14:00<\/strong>, \u00een <strong>Aula Universit\u0103\u021bii \u201eConstantin Br\u00e2ncu\u0219i\u201d<\/strong> din T\u00e2rgu Jiu, o <strong>mas\u0103 rotund\u0103<\/strong> \u0219i un <strong>atelier de educa\u021bie media<\/strong>.<\/p><p>Invita\u021bii speciali au fost cunoscutul jurnalist <strong>Mircea Toma<\/strong> \u0219i <strong>Nicoleta Fotiade<\/strong>, expert \u00een educa\u021bie media. \u00cen cadrul conferin\u021bei, au participat cadre didactice, consilieri \u0219colari, bibliotecari, reprezentan\u021bi ai autorit\u0103\u021bilor publice locale, organiza\u021biilor societ\u0103\u021bii civile \u0219i ai mass-media.<\/p><p>Ac\u021biunea s-a desf\u0103\u0219urat sub egida programului <strong>T\u00e2rgu Jiu &#8211; Capitala Tineretului din Rom\u00e2nia 2023<\/strong>.<\/p>\t\t\t\t\t\t\t\t<\/div>\n\t\t\t\t<\/div>\n\t\t\t\t<div class=\"elementor-element elementor-element-58cced0 elementor-widget elementor-widget-image\" data-id=\"58cced0\" data-element_type=\"widget\" data-widget_type=\"image.default\">\n\t\t\t\t<div class=\"elementor-widget-container\">\n\t\t\t\t\t\t\t\t\t\t\t\t\t\t\t<img fetchpriority=\"high\" decoding=\"async\" width=\"552\" height=\"660\" src=\"https:\/\/4ader.ro\/wp-content\/uploads\/2024\/12\/Screenshot-2024-12-04-111258.png\" class=\"attachment-large size-large wp-image-2212\" alt=\"\" srcset=\"https:\/\/4ader.ro\/wp-content\/uploads\/2024\/12\/Screenshot-2024-12-04-111258.png 552w, https:\/\/4ader.ro\/wp-content\/uploads\/2024\/12\/Screenshot-2024-12-04-111258-251x300.png 251w, https:\/\/4ader.ro\/wp-content\/uploads\/2024\/12\/Screenshot-2024-12-04-111258-200x239.png 200w\" sizes=\"(max-width: 552px) 100vw, 552px\" \/>\t\t\t\t\t\t\t\t\t\t\t\t\t\t\t<\/div>\n\t\t\t\t<\/div>\n\t\t\t\t<\/div>\n\t\t\t\t<\/div>\n\t\t","protected":false},"excerpt":{"rendered":"<p>Educa\u021bie media la clas\u0103 &#8211; 12 iunie 2023 Asocia\u021bia pentru Democra\u021bie Educa\u021bie Respect (ADER), \u00eempreun\u0103 cu diver\u0219i parteneri, a organizat luni, 12 iunie, ora 14:00, \u00een Aula Universit\u0103\u021bii \u201eConstantin Br\u00e2ncu\u0219i\u201d din T\u00e2rgu Jiu, o mas\u0103 rotund\u0103 \u0219i un atelier de educa\u021bie media. Invita\u021bii speciali au fost cunoscutul jurnalist Mircea Toma \u0219i Nicoleta Fotiade, expert \u00een&#8230;<\/p>\n","protected":false},"author":2,"featured_media":0,"parent":0,"menu_order":0,"comment_status":"closed","ping_status":"closed","template":"","meta":{"_kad_post_transparent":"","_kad_post_title":"hide","_kad_post_layout":"fullwidth","_kad_post_sidebar_id":"","_kad_post_content_style":"unboxed","_kad_post_vertical_padding":"hide","_kad_post_feature":"hide","_kad_post_feature_position":"","_kad_post_header":false,"_kad_post_footer":false,"_kad_post_classname":"","footnotes":""},"class_list":["post-2210","page","type-page","status-publish","hentry"],"rttpg_featured_image_url":null,"rttpg_author":{"display_name":"Calina Denis","author_link":"https:\/\/4ader.ro\/index.php\/author\/denis_1\/"},"rttpg_comment":0,"rttpg_category":null,"rttpg_excerpt":"Educa\u021bie media la clas\u0103 &#8211; 12 iunie 2023 Asocia\u021bia pentru Democra\u021bie Educa\u021bie Respect (ADER), \u00eempreun\u0103 cu diver\u0219i parteneri, a organizat luni, 12 iunie, ora 14:00, \u00een Aula Universit\u0103\u021bii \u201eConstantin Br\u00e2ncu\u0219i\u201d din T\u00e2rgu Jiu, o mas\u0103 rotund\u0103 \u0219i un atelier de educa\u021bie media. Invita\u021bii speciali au fost cunoscutul jurnalist Mircea Toma \u0219i Nicoleta Fotiade, expert \u00een...","_links":{"self":[{"href":"https:\/\/4ader.ro\/index.php\/wp-json\/wp\/v2\/pages\/2210","targetHints":{"allow":["GET"]}}],"collection":[{"href":"https:\/\/4ader.ro\/index.php\/wp-json\/wp\/v2\/pages"}],"about":[{"href":"https:\/\/4ader.ro\/index.php\/wp-json\/wp\/v2\/types\/page"}],"author":[{"embeddable":true,"href":"https:\/\/4ader.ro\/index.php\/wp-json\/wp\/v2\/users\/2"}],"replies":[{"embeddable":true,"href":"https:\/\/4ader.ro\/index.php\/wp-json\/wp\/v2\/comments?post=2210"}],"version-history":[{"count":7,"href":"https:\/\/4ader.ro\/index.php\/wp-json\/wp\/v2\/pages\/2210\/revisions"}],"predecessor-version":[{"id":2219,"href":"https:\/\/4ader.ro\/index.php\/wp-json\/wp\/v2\/pages\/2210\/revisions\/2219"}],"wp:attachment":[{"href":"https:\/\/4ader.ro\/index.php\/wp-json\/wp\/v2\/media?parent=2210"}],"curies":[{"name":"wp","href":"https:\/\/api.w.org\/{rel}","templated":true}]}}

Educație media la clasă &#8211; 12 iunie 2023

<div data-elementor-type="wp-page" data-elementor-id="2210" class="elementor elementor-2210">
				<div class="elementor-element elementor-element-6b7413c e-con-full e-grid e-con e-parent" data-id="6b7413c" data-element_type="container" data-settings="{&quot;background_background&quot;:&quot;classic&quot;}">
				<div class="elementor-element elementor-element-5ce37fa elementor-widget elementor-widget-text-editor" data-id="5ce37fa" data-element_type="widget" data-widget_type="text-editor.default">
				<div class="elementor-widget-container">
									<h2>Educație media la clasă &#8211; 12 iunie 2023</h2><p><strong>Asociația pentru Democrație Educație Respect (ADER)</strong>, împreună cu diverși parteneri, a organizat luni, <strong>12 iunie</strong>, ora <strong>14:00</strong>, în <strong>Aula Universității „Constantin Brâncuși”</strong> din Târgu Jiu, o <strong>masă rotundă</strong> și un <strong>atelier de educație media</strong>.</p><p>Invitații speciali au fost cunoscutul jurnalist <strong>Mircea Toma</strong> și <strong>Nicoleta Fotiade</strong>, expert în educație media. În cadrul conferinței, au participat cadre didactice, consilieri școlari, bibliotecari, reprezentanți ai autorităților publice locale, organizațiilor societății civile și ai mass-media.</p><p>Acțiunea s-a desfășurat sub egida programului <strong>Târgu Jiu &#8211; Capitala Tineretului din România 2023</strong>.</p>								</div>
				</div>
				<div class="elementor-element elementor-element-58cced0 elementor-widget elementor-widget-image" data-id="58cced0" data-element_type="widget" data-widget_type="image.default">
				<div class="elementor-widget-container">
															<img fetchpriority="high" decoding="async" width="552" height="660" src="https://4ader.ro/wp-content/uploads/2024/12/Screenshot-2024-12-04-111258.png" class="attachment-large size-large wp-image-2212" alt="" srcset="https://4ader.ro/wp-content/uploads/2024/12/Screenshot-2024-12-04-111258.png 552w, https://4ader.ro/wp-content/uploads/2024/12/Screenshot-2024-12-04-111258-251x300.png 251w, https://4ader.ro/wp-content/uploads/2024/12/Screenshot-2024-12-04-111258-200x239.png 200w" sizes="(max-width: 552px) 100vw, 552px" />															</div>
				</div>
				</div>
				</div>

<p>Educație media la clasă &#8211; 12 iunie 2023 Asociația pentru Democrație Educație Respect (ADER), împreună cu diverși parteneri, a organizat luni, 12 iunie, ora 14:00, în Aula Universității „Constantin Brâncuși” din Târgu Jiu, o masă rotundă și un atelier de educație media. Invitații speciali au fost cunoscutul jurnalist Mircea Toma și Nicoleta Fotiade, expert în&#8230;</p>

Educație media la clasă &#8211; 12 iunie 2023 Asociația pentru Democrație Educație Respect (ADER), împreună cu diverși parteneri, a organizat luni, 12 iunie, ora 14:00, în Aula Universității „Constantin Brâncuși” din Târgu Jiu, o masă rotundă și un atelier de educație media. Invitații speciali au fost cunoscutul jurnalist Mircea Toma și Nicoleta Fotiade, expert în...
