{"id":2198,"date":"2024-12-04T11:05:04","date_gmt":"2024-12-04T09:05:04","guid":{"rendered":"https:\/\/4ader.ro\/?page_id=2198"},"modified":"2024-12-04T11:11:41","modified_gmt":"2024-12-04T09:11:41","slug":"brancusi-in-ochi-de-copil-concurs-de-arta-fotografica-ader-partener-expozitie-6-15-iunie-2023","status":"publish","type":"page","link":"https:\/\/4ader.ro\/index.php\/brancusi-in-ochi-de-copil-concurs-de-arta-fotografica-ader-partener-expozitie-6-15-iunie-2023\/","title":{"rendered":"Br\u00e2ncu\u0219i \u00een ochi de copil &#8211; Concurs de art\u0103 fotografic\u0103 (ADER partener) &#8211; Expozi\u021bie 6 &#8211; 15 iunie 2023"},"content":{"rendered":"\t\t<div data-elementor-type=\"wp-page\" data-elementor-id=\"2198\" class=\"elementor elementor-2198\">\n\t\t\t\t<div class=\"elementor-element elementor-element-6b7413c e-con-full e-flex e-con e-parent\" data-id=\"6b7413c\" data-element_type=\"container\" data-settings=\"{&quot;background_background&quot;:&quot;classic&quot;}\">\n\t\t\t\t<div class=\"elementor-element elementor-element-df78692 elementor-widget elementor-widget-heading\" data-id=\"df78692\" data-element_type=\"widget\" data-widget_type=\"heading.default\">\n\t\t\t\t<div class=\"elementor-widget-container\">\n\t\t\t\t\t<h2 class=\"elementor-heading-title elementor-size-default\">Br\u00e2ncu\u0219i \u00een ochi de copil - Concurs de art\u0103 fotografic\u0103 (ADER partener) - Expozi\u021bie   6 - 15 iunie 2023<\/h2>\t\t\t\t<\/div>\n\t\t\t\t<\/div>\n\t\t\t\t<div class=\"elementor-element elementor-element-5ce37fa elementor-widget elementor-widget-text-editor\" data-id=\"5ce37fa\" data-element_type=\"widget\" data-widget_type=\"text-editor.default\">\n\t\t\t\t<div class=\"elementor-widget-container\">\n\t\t\t\t\t\t\t\t\t<p>\u201eBr\u00e2ncu\u0219i \u00een ochi de copil\u201d \u2013 Concurs de art\u0103 fotografic\u0103<\/p>\n<p>Consiliul Local \u0219i Prim\u0103ria Municipiului T\u00e2rgu Jiu, prin Centrul de Cercetare, Documentare \u0219i Promovare \u201eConstantin Br\u00e2ncu\u0219i\u201d, au organizat concursul de art\u0103 fotografic\u0103 \u201eBr\u00e2ncu\u0219i \u00een ochi de copil\u201d, adresat tinerilor din jude\u021bul Gorj cu v\u00e2rste cuprinse \u00eentre 10 \u0219i 18 ani.<\/p>\n<p>Perioada de \u00eenscriere a fost \u00eentre 15 mai 2023 (ora 08:00) \u0219i 29 mai 2023 (ora 16:00). \u00cen perioada 6-15 iunie 2023, \u00een Parcul Central \u201eConstantin Br\u00e2ncu\u0219i\u201d \u0219i \u00een Parcul \u201eColoanei f\u0103r\u0103 Sf\u00e2r\u0219it\u201d, a fost prezentat\u0103 o expozi\u021bie itinerant\u0103 cu fotografii selectate ale participan\u021bilor.<\/p>\n<p>\u00cen cadrul acestui proiect, ADER a fost partener al\u0103turi de: Filiala T\u00e2rgu Jiu a Uniunii Arti\u0219tilor Plastici din Rom\u00e2nia, Inspectoratul \u0218colar Jude\u021bean Gorj, Liceul de Arte \u201eConstantin Br\u0103iloiu\u201d din T\u00e2rgu Jiu \u0219i Palatul Copiilor din T\u00e2rgu Jiu.<\/p>\t\t\t\t\t\t\t\t<\/div>\n\t\t\t\t<\/div>\n\t\t<div class=\"elementor-element elementor-element-4d0da06 e-grid e-con-full e-con e-child\" data-id=\"4d0da06\" data-element_type=\"container\">\n\t\t\t\t<div class=\"elementor-element elementor-element-a17eb52 elementor-widget elementor-widget-image\" data-id=\"a17eb52\" data-element_type=\"widget\" data-widget_type=\"image.default\">\n\t\t\t\t<div class=\"elementor-widget-container\">\n\t\t\t\t\t\t\t\t\t\t\t\t\t\t\t<img fetchpriority=\"high\" decoding=\"async\" width=\"504\" height=\"722\" src=\"https:\/\/4ader.ro\/wp-content\/uploads\/2024\/12\/Screenshot-2024-12-04-111006.png\" class=\"attachment-large size-large wp-image-2203\" alt=\"\" srcset=\"https:\/\/4ader.ro\/wp-content\/uploads\/2024\/12\/Screenshot-2024-12-04-111006.png 504w, https:\/\/4ader.ro\/wp-content\/uploads\/2024\/12\/Screenshot-2024-12-04-111006-209x300.png 209w, https:\/\/4ader.ro\/wp-content\/uploads\/2024\/12\/Screenshot-2024-12-04-111006-200x287.png 200w\" sizes=\"(max-width: 504px) 100vw, 504px\" \/>\t\t\t\t\t\t\t\t\t\t\t\t\t\t\t<\/div>\n\t\t\t\t<\/div>\n\t\t\t\t<div class=\"elementor-element elementor-element-5a38e7f elementor-widget elementor-widget-image\" data-id=\"5a38e7f\" data-element_type=\"widget\" data-widget_type=\"image.default\">\n\t\t\t\t<div class=\"elementor-widget-container\">\n\t\t\t\t\t\t\t\t\t\t\t\t\t\t\t<img decoding=\"async\" width=\"403\" height=\"726\" src=\"https:\/\/4ader.ro\/wp-content\/uploads\/2024\/12\/Screenshot-2024-12-04-110959.png\" class=\"attachment-large size-large wp-image-2202\" alt=\"\" srcset=\"https:\/\/4ader.ro\/wp-content\/uploads\/2024\/12\/Screenshot-2024-12-04-110959.png 403w, https:\/\/4ader.ro\/wp-content\/uploads\/2024\/12\/Screenshot-2024-12-04-110959-167x300.png 167w, https:\/\/4ader.ro\/wp-content\/uploads\/2024\/12\/Screenshot-2024-12-04-110959-200x360.png 200w\" sizes=\"(max-width: 403px) 100vw, 403px\" \/>\t\t\t\t\t\t\t\t\t\t\t\t\t\t\t<\/div>\n\t\t\t\t<\/div>\n\t\t\t\t<\/div>\n\t\t\t\t<div class=\"elementor-element elementor-element-dc59bf3 elementor-widget elementor-widget-spacer\" data-id=\"dc59bf3\" data-element_type=\"widget\" data-widget_type=\"spacer.default\">\n\t\t\t\t<div class=\"elementor-widget-container\">\n\t\t\t\t\t\t\t<div class=\"elementor-spacer\">\n\t\t\t<div class=\"elementor-spacer-inner\"><\/div>\n\t\t<\/div>\n\t\t\t\t\t\t<\/div>\n\t\t\t\t<\/div>\n\t\t\t\t<\/div>\n\t\t\t\t<\/div>\n\t\t","protected":false},"excerpt":{"rendered":"<p>Br\u00e2ncu\u0219i \u00een ochi de copil &#8211; Concurs de art\u0103 fotografic\u0103 (ADER partener) &#8211; Expozi\u021bie 6 &#8211; 15 iunie 2023 \u201eBr\u00e2ncu\u0219i \u00een ochi de copil\u201d \u2013 Concurs de art\u0103 fotografic\u0103 Consiliul Local \u0219i Prim\u0103ria Municipiului T\u00e2rgu Jiu, prin Centrul de Cercetare, Documentare \u0219i Promovare \u201eConstantin Br\u00e2ncu\u0219i\u201d, au organizat concursul de art\u0103 fotografic\u0103 \u201eBr\u00e2ncu\u0219i \u00een ochi de&#8230;<\/p>\n","protected":false},"author":2,"featured_media":0,"parent":0,"menu_order":0,"comment_status":"closed","ping_status":"closed","template":"","meta":{"_kad_post_transparent":"","_kad_post_title":"hide","_kad_post_layout":"fullwidth","_kad_post_sidebar_id":"","_kad_post_content_style":"unboxed","_kad_post_vertical_padding":"hide","_kad_post_feature":"hide","_kad_post_feature_position":"","_kad_post_header":false,"_kad_post_footer":false,"_kad_post_classname":"","footnotes":""},"class_list":["post-2198","page","type-page","status-publish","hentry"],"rttpg_featured_image_url":null,"rttpg_author":{"display_name":"Calina Denis","author_link":"https:\/\/4ader.ro\/index.php\/author\/denis_1\/"},"rttpg_comment":0,"rttpg_category":null,"rttpg_excerpt":"Br\u00e2ncu\u0219i \u00een ochi de copil &#8211; Concurs de art\u0103 fotografic\u0103 (ADER partener) &#8211; Expozi\u021bie 6 &#8211; 15 iunie 2023 \u201eBr\u00e2ncu\u0219i \u00een ochi de copil\u201d \u2013 Concurs de art\u0103 fotografic\u0103 Consiliul Local \u0219i Prim\u0103ria Municipiului T\u00e2rgu Jiu, prin Centrul de Cercetare, Documentare \u0219i Promovare \u201eConstantin Br\u00e2ncu\u0219i\u201d, au organizat concursul de art\u0103 fotografic\u0103 \u201eBr\u00e2ncu\u0219i \u00een ochi de...","_links":{"self":[{"href":"https:\/\/4ader.ro\/index.php\/wp-json\/wp\/v2\/pages\/2198","targetHints":{"allow":["GET"]}}],"collection":[{"href":"https:\/\/4ader.ro\/index.php\/wp-json\/wp\/v2\/pages"}],"about":[{"href":"https:\/\/4ader.ro\/index.php\/wp-json\/wp\/v2\/types\/page"}],"author":[{"embeddable":true,"href":"https:\/\/4ader.ro\/index.php\/wp-json\/wp\/v2\/users\/2"}],"replies":[{"embeddable":true,"href":"https:\/\/4ader.ro\/index.php\/wp-json\/wp\/v2\/comments?post=2198"}],"version-history":[{"count":4,"href":"https:\/\/4ader.ro\/index.php\/wp-json\/wp\/v2\/pages\/2198\/revisions"}],"predecessor-version":[{"id":2206,"href":"https:\/\/4ader.ro\/index.php\/wp-json\/wp\/v2\/pages\/2198\/revisions\/2206"}],"wp:attachment":[{"href":"https:\/\/4ader.ro\/index.php\/wp-json\/wp\/v2\/media?parent=2198"}],"curies":[{"name":"wp","href":"https:\/\/api.w.org\/{rel}","templated":true}]}}

Brâncuși în ochi de copil &#8211; Concurs de artă fotografică (ADER partener) &#8211; Expoziție 6 &#8211; 15 iunie 2023

<div data-elementor-type="wp-page" data-elementor-id="2198" class="elementor elementor-2198">
				<div class="elementor-element elementor-element-6b7413c e-con-full e-flex e-con e-parent" data-id="6b7413c" data-element_type="container" data-settings="{&quot;background_background&quot;:&quot;classic&quot;}">
				<div class="elementor-element elementor-element-df78692 elementor-widget elementor-widget-heading" data-id="df78692" data-element_type="widget" data-widget_type="heading.default">
				<div class="elementor-widget-container">
					<h2 class="elementor-heading-title elementor-size-default">Brâncuși în ochi de copil - Concurs de artă fotografică (ADER partener) - Expoziție   6 - 15 iunie 2023</h2>				</div>
				</div>
				<div class="elementor-element elementor-element-5ce37fa elementor-widget elementor-widget-text-editor" data-id="5ce37fa" data-element_type="widget" data-widget_type="text-editor.default">
				<div class="elementor-widget-container">
									<p>„Brâncuși în ochi de copil” – Concurs de artă fotografică</p>
<p>Consiliul Local și Primăria Municipiului Târgu Jiu, prin Centrul de Cercetare, Documentare și Promovare „Constantin Brâncuși”, au organizat concursul de artă fotografică „Brâncuși în ochi de copil”, adresat tinerilor din județul Gorj cu vârste cuprinse între 10 și 18 ani.</p>
<p>Perioada de înscriere a fost între 15 mai 2023 (ora 08:00) și 29 mai 2023 (ora 16:00). În perioada 6-15 iunie 2023, în Parcul Central „Constantin Brâncuși” și în Parcul „Coloanei fără Sfârșit”, a fost prezentată o expoziție itinerantă cu fotografii selectate ale participanților.</p>
<p>În cadrul acestui proiect, ADER a fost partener alături de: Filiala Târgu Jiu a Uniunii Artiștilor Plastici din România, Inspectoratul Școlar Județean Gorj, Liceul de Arte „Constantin Brăiloiu” din Târgu Jiu și Palatul Copiilor din Târgu Jiu.</p>								</div>
				</div>
		<div class="elementor-element elementor-element-4d0da06 e-grid e-con-full e-con e-child" data-id="4d0da06" data-element_type="container">
				<div class="elementor-element elementor-element-a17eb52 elementor-widget elementor-widget-image" data-id="a17eb52" data-element_type="widget" data-widget_type="image.default">
				<div class="elementor-widget-container">
															<img fetchpriority="high" decoding="async" width="504" height="722" src="https://4ader.ro/wp-content/uploads/2024/12/Screenshot-2024-12-04-111006.png" class="attachment-large size-large wp-image-2203" alt="" srcset="https://4ader.ro/wp-content/uploads/2024/12/Screenshot-2024-12-04-111006.png 504w, https://4ader.ro/wp-content/uploads/2024/12/Screenshot-2024-12-04-111006-209x300.png 209w, https://4ader.ro/wp-content/uploads/2024/12/Screenshot-2024-12-04-111006-200x287.png 200w" sizes="(max-width: 504px) 100vw, 504px" />															</div>
				</div>
				<div class="elementor-element elementor-element-5a38e7f elementor-widget elementor-widget-image" data-id="5a38e7f" data-element_type="widget" data-widget_type="image.default">
				<div class="elementor-widget-container">
															<img decoding="async" width="403" height="726" src="https://4ader.ro/wp-content/uploads/2024/12/Screenshot-2024-12-04-110959.png" class="attachment-large size-large wp-image-2202" alt="" srcset="https://4ader.ro/wp-content/uploads/2024/12/Screenshot-2024-12-04-110959.png 403w, https://4ader.ro/wp-content/uploads/2024/12/Screenshot-2024-12-04-110959-167x300.png 167w, https://4ader.ro/wp-content/uploads/2024/12/Screenshot-2024-12-04-110959-200x360.png 200w" sizes="(max-width: 403px) 100vw, 403px" />															</div>
				</div>
				</div>
				<div class="elementor-element elementor-element-dc59bf3 elementor-widget elementor-widget-spacer" data-id="dc59bf3" data-element_type="widget" data-widget_type="spacer.default">
				<div class="elementor-widget-container">
							<div class="elementor-spacer">
			<div class="elementor-spacer-inner"></div>
		</div>
						</div>
				</div>
				</div>
				</div>

<p>Brâncuși în ochi de copil &#8211; Concurs de artă fotografică (ADER partener) &#8211; Expoziție 6 &#8211; 15 iunie 2023 „Brâncuși în ochi de copil” – Concurs de artă fotografică Consiliul Local și Primăria Municipiului Târgu Jiu, prin Centrul de Cercetare, Documentare și Promovare „Constantin Brâncuși”, au organizat concursul de artă fotografică „Brâncuși în ochi de&#8230;</p>

Brâncuși în ochi de copil &#8211; Concurs de artă fotografică (ADER partener) &#8211; Expoziție 6 &#8211; 15 iunie 2023 „Brâncuși în ochi de copil” – Concurs de artă fotografică Consiliul Local și Primăria Municipiului Târgu Jiu, prin Centrul de Cercetare, Documentare și Promovare „Constantin Brâncuși”, au organizat concursul de artă fotografică „Brâncuși în ochi de...
