{"id":1959,"date":"2024-10-21T09:55:13","date_gmt":"2024-10-21T06:55:13","guid":{"rendered":"https:\/\/4ader.ro\/?page_id=1959"},"modified":"2024-12-12T10:13:43","modified_gmt":"2024-12-12T08:13:43","slug":"proiecte-2023","status":"publish","type":"page","link":"https:\/\/4ader.ro\/index.php\/proiecte-2023\/","title":{"rendered":"Proiecte 2023"},"content":{"rendered":"\t\t<div data-elementor-type=\"wp-page\" data-elementor-id=\"1959\" class=\"elementor elementor-1959\">\n\t\t\t\t<div class=\"elementor-element elementor-element-c85c370 e-con-full e-flex e-con e-parent\" data-id=\"c85c370\" data-element_type=\"container\">\n\t\t\t\t<div class=\"elementor-element elementor-element-484aa3d elementor-widget elementor-widget-heading\" data-id=\"484aa3d\" data-element_type=\"widget\" data-widget_type=\"heading.default\">\n\t\t\t\t<div class=\"elementor-widget-container\">\n\t\t\t\t\t<h2 class=\"elementor-heading-title elementor-size-default\">Proiecte 2023:<\/h2>\t\t\t\t<\/div>\n\t\t\t\t<\/div>\n\t\t\t\t<\/div>\n\t\t<div class=\"elementor-element elementor-element-9dc3e5d e-con-full e-flex e-con e-parent\" data-id=\"9dc3e5d\" data-element_type=\"container\">\n\t\t\t\t<div class=\"elementor-element elementor-element-582a79d elementor-widget__width-initial elementor-widget elementor-widget-text-editor\" data-id=\"582a79d\" data-element_type=\"widget\" data-widget_type=\"text-editor.default\">\n\t\t\t\t<div class=\"elementor-widget-container\">\n\t\t\t\t\t\t\t\t\t<ul><li><strong><a href=\"https:\/\/4ader.ro\/index.php\/targu-jiu-capitala-tineretului-din-romania-2023-partener\/\" target=\"_blank\" rel=\"noopener\">T\u00e2rgu Jiu &#8211; Capitala Tineretului din Rom\u00e2nia 2023 &#8211; Partener<\/a><\/strong><\/li><li><a href=\"https:\/\/4ader.ro\/index.php\/aparitie-volumul-5-numarul-1-2023\/\" target=\"_blank\" rel=\"noopener\"><strong>Apari\u021bie Volumul 5, Num\u0103rul 1\/2023 a revistei de cercetare \u0219tiin\u021bific\u0103 <\/strong><strong>Journal of Research and Innovation for Sustainable Society<\/strong><\/a><\/li><li><a href=\"https:\/\/4ader.ro\/index.php\/planteaza-pentru-viitor-8-aprilie-2023\/\" target=\"_blank\" rel=\"noopener\"><strong>Planteaz\u0103 pentru viitor<\/strong><\/a><\/li><li><a href=\"https:\/\/4ader.ro\/index.php\/relearn-your-legacy-18-mai-2023\/\" target=\"_blank\" rel=\"noopener\"><strong>Relearn your legacy<\/strong><\/a><\/li><li><a href=\"https:\/\/4ader.ro\/index.php\/drag-de-oameni-01-iunie-2023\/\" target=\"_blank\" rel=\"noopener\"><strong>Drag de oameni<\/strong><\/a><\/li><li><a href=\"https:\/\/4ader.ro\/index.php\/brancusi-in-ochi-de-copil-concurs-de-arta-fotografica-ader-partener-expozitie-6-15-iunie-2023\/\" target=\"_blank\" rel=\"noopener\"><strong>Br\u00e2ncu\u0219i \u00een ochi de copil &#8211; Concurs de art\u0103 fotografic\u0103<\/strong><\/a><\/li><li><a href=\"https:\/\/4ader.ro\/index.php\/educatie-media-la-clasa-12-iunie-2023\/\" target=\"_blank\" rel=\"noopener\"><strong>Educa\u021bie media la clas\u0103<\/strong><\/a><\/li><li><a href=\"https:\/\/4ader.ro\/index.php\/teambuilding-in-cadrul-primariei-targu-jiu-2\/\" target=\"_blank\" rel=\"noopener\"><strong>Teambuilding \u00een cadrul Prim\u0103riei T\u00e2rgu-Jiu<\/strong><\/a><\/li><li><a href=\"https:\/\/4ader.ro\/index.php\/turneul-stradivarius-2023-in-the-mood-for-love\/\" target=\"_blank\" rel=\"noopener\"><strong>Turneul Stradivarius 2023 \u2013 partener<\/strong><\/a><\/li><li><a href=\"https:\/\/4ader.ro\/index.php\/educatie-pentru-media-informare-si-constientizare-2\/\" target=\"_blank\" rel=\"noopener\"><strong>EDUCA\u021aIE pentru MEDIA: informare \u0219i con\u0219tientizare<\/strong><\/a><\/li><li><a href=\"https:\/\/4ader.ro\/index.php\/antreprenoriatul-social-si-inovarea-piloni-ai-unei-societati-durabile-workshop\/\" target=\"_blank\" rel=\"noopener\"><strong>Antreprenoriatul social \u0219i inovarea \u2013 piloni ai unei societ\u0103\u021bi durabile<\/strong><\/a><\/li><li><a href=\"https:\/\/4ader.ro\/index.php\/voluntar-in-targu-jiu\/\" target=\"_blank\" rel=\"noopener\"><strong>Voluntar \u00een T\u00e2rgu-Jiu, Edi\u021bia 2<\/strong><\/a><\/li><li><a href=\"https:\/\/4ader.ro\/index.php\/daruieste-pentru-viitor-2\/\" target=\"_blank\" rel=\"noopener\"><strong>D\u0103ruie\u0219te pentru viitor<\/strong><\/a><\/li><\/ul>\t\t\t\t\t\t\t\t<\/div>\n\t\t\t\t<\/div>\n\t\t\t\t<\/div>\n\t\t\t\t<\/div>\n\t\t","protected":false},"excerpt":{"rendered":"<p>Proiecte 2023: T\u00e2rgu Jiu &#8211; Capitala Tineretului din Rom\u00e2nia 2023 &#8211; Partener Apari\u021bie Volumul 5, Num\u0103rul 1\/2023 a revistei de cercetare \u0219tiin\u021bific\u0103 Journal of Research and Innovation for Sustainable Society Planteaz\u0103 pentru viitor Relearn your legacy Drag de oameni Br\u00e2ncu\u0219i \u00een ochi de copil &#8211; Concurs de art\u0103 fotografic\u0103 Educa\u021bie media la clas\u0103 Teambuilding \u00een&#8230;<\/p>\n","protected":false},"author":2,"featured_media":0,"parent":0,"menu_order":0,"comment_status":"closed","ping_status":"closed","template":"","meta":{"_kad_post_transparent":"","_kad_post_title":"hide","_kad_post_layout":"fullwidth","_kad_post_sidebar_id":"","_kad_post_content_style":"boxed","_kad_post_vertical_padding":"hide","_kad_post_feature":"hide","_kad_post_feature_position":"","_kad_post_header":false,"_kad_post_footer":false,"_kad_post_classname":"","footnotes":""},"class_list":["post-1959","page","type-page","status-publish","hentry"],"rttpg_featured_image_url":null,"rttpg_author":{"display_name":"Calina Denis","author_link":"https:\/\/4ader.ro\/index.php\/author\/denis_1\/"},"rttpg_comment":0,"rttpg_category":null,"rttpg_excerpt":"Proiecte 2023: T\u00e2rgu Jiu &#8211; Capitala Tineretului din Rom\u00e2nia 2023 &#8211; Partener Apari\u021bie Volumul 5, Num\u0103rul 1\/2023 a revistei de cercetare \u0219tiin\u021bific\u0103 Journal of Research and Innovation for Sustainable Society Planteaz\u0103 pentru viitor Relearn your legacy Drag de oameni Br\u00e2ncu\u0219i \u00een ochi de copil &#8211; Concurs de art\u0103 fotografic\u0103 Educa\u021bie media la clas\u0103 Teambuilding \u00een...","_links":{"self":[{"href":"https:\/\/4ader.ro\/index.php\/wp-json\/wp\/v2\/pages\/1959","targetHints":{"allow":["GET"]}}],"collection":[{"href":"https:\/\/4ader.ro\/index.php\/wp-json\/wp\/v2\/pages"}],"about":[{"href":"https:\/\/4ader.ro\/index.php\/wp-json\/wp\/v2\/types\/page"}],"author":[{"embeddable":true,"href":"https:\/\/4ader.ro\/index.php\/wp-json\/wp\/v2\/users\/2"}],"replies":[{"embeddable":true,"href":"https:\/\/4ader.ro\/index.php\/wp-json\/wp\/v2\/comments?post=1959"}],"version-history":[{"count":43,"href":"https:\/\/4ader.ro\/index.php\/wp-json\/wp\/v2\/pages\/1959\/revisions"}],"predecessor-version":[{"id":2292,"href":"https:\/\/4ader.ro\/index.php\/wp-json\/wp\/v2\/pages\/1959\/revisions\/2292"}],"wp:attachment":[{"href":"https:\/\/4ader.ro\/index.php\/wp-json\/wp\/v2\/media?parent=1959"}],"curies":[{"name":"wp","href":"https:\/\/api.w.org\/{rel}","templated":true}]}}