{"id":189,"date":"2024-05-15T15:19:55","date_gmt":"2024-05-15T12:19:55","guid":{"rendered":"https:\/\/4ader.ro\/?page_id=189"},"modified":"2024-09-24T08:32:01","modified_gmt":"2024-09-24T05:32:01","slug":"turneul-stradivarius-targu-jiu-2019","status":"publish","type":"page","link":"https:\/\/4ader.ro\/index.php\/turneul-stradivarius-targu-jiu-2019\/","title":{"rendered":"Turneul Stradivarius T\u00e2rgu Jiu 2019"},"content":{"rendered":"\t\t<div data-elementor-type=\"wp-page\" data-elementor-id=\"189\" class=\"elementor elementor-189\">\n\t\t\t\t<div class=\"elementor-element elementor-element-6b7413c e-con-full e-flex e-con e-parent\" data-id=\"6b7413c\" data-element_type=\"container\" data-settings=\"{&quot;background_background&quot;:&quot;classic&quot;}\">\n\t\t\t\t<div class=\"elementor-element elementor-element-df78692 elementor-widget elementor-widget-heading\" data-id=\"df78692\" data-element_type=\"widget\" data-widget_type=\"heading.default\">\n\t\t\t\t<div class=\"elementor-widget-container\">\n\t\t\t\t\t<h2 class=\"elementor-heading-title elementor-size-default\">TURNEUL STRADIVARIUS TARGU JIU 2019<\/h2>\t\t\t\t<\/div>\n\t\t\t\t<\/div>\n\t\t\t\t<div class=\"elementor-element elementor-element-fac28ec elementor-widget elementor-widget-text-editor\" data-id=\"fac28ec\" data-element_type=\"widget\" data-widget_type=\"text-editor.default\">\n\t\t\t\t<div class=\"elementor-widget-container\">\n\t\t\t\t\t\t\t\t\t<p>Asociatia Pentru Democratie Educatie Respect a fost Co-Organizator la Turneul Stradivarius desfasurat la Targu Jiu in luna mai 2019<\/p><p>Concertul, desfasurat sub deviza\u00a0Vive la Musique, s-a desfasurat in prezenta a peste 1500 de spectatori in Parcul Coloanei fara sfarsit din Targu Jiu<\/p><p>Conceput de virtuozul Alexandru Tomescu, acest turneu excep\u021bionala propus publicului din Rom\u00e2nia o \u00eent\u00e2lnire \u00eentre compozitori clasici \u0219i contemporani, francezi \u0219i rom\u1eadni, \u00eentr-un dialog inedit \u00eentre vioara lui Alexandru Tomescu, harpa lui Delphine Benhamou \u0219i mi\u0219carea coregrafic\u0103 a lui Lari Giorgescu, toate reunite \u00eentr-un spectacol sincretic \u0219i original.<\/p>\t\t\t\t\t\t\t\t<\/div>\n\t\t\t\t<\/div>\n\t\t\t\t<div class=\"elementor-element elementor-element-8037905 elementor-widget elementor-widget-image\" data-id=\"8037905\" data-element_type=\"widget\" data-widget_type=\"image.default\">\n\t\t\t\t<div class=\"elementor-widget-container\">\n\t\t\t\t\t\t\t\t\t\t\t\t\t\t\t<img fetchpriority=\"high\" decoding=\"async\" width=\"960\" height=\"720\" src=\"https:\/\/4ader.ro\/wp-content\/uploads\/2024\/09\/51847166_10157185833070680_695099448509857792_n-1.jpg\" class=\"attachment-large size-large wp-image-934\" alt=\"\" srcset=\"https:\/\/4ader.ro\/wp-content\/uploads\/2024\/09\/51847166_10157185833070680_695099448509857792_n-1.jpg 960w, https:\/\/4ader.ro\/wp-content\/uploads\/2024\/09\/51847166_10157185833070680_695099448509857792_n-1-300x225.jpg 300w, https:\/\/4ader.ro\/wp-content\/uploads\/2024\/09\/51847166_10157185833070680_695099448509857792_n-1-768x576.jpg 768w, https:\/\/4ader.ro\/wp-content\/uploads\/2024\/09\/51847166_10157185833070680_695099448509857792_n-1-200x150.jpg 200w\" sizes=\"(max-width: 960px) 100vw, 960px\" \/>\t\t\t\t\t\t\t\t\t\t\t\t\t\t\t<\/div>\n\t\t\t\t<\/div>\n\t\t\t\t<div class=\"elementor-element elementor-element-c0fdc19 elementor-widget elementor-widget-image\" data-id=\"c0fdc19\" data-element_type=\"widget\" data-widget_type=\"image.default\">\n\t\t\t\t<div class=\"elementor-widget-container\">\n\t\t\t\t\t\t\t\t\t\t\t\t\t\t\t<img decoding=\"async\" width=\"1024\" height=\"683\" src=\"https:\/\/4ader.ro\/wp-content\/uploads\/2024\/09\/61235490_2262949583795445_6841594074567278592_o-1024x683.jpg\" class=\"attachment-large size-large wp-image-935\" alt=\"\" srcset=\"https:\/\/4ader.ro\/wp-content\/uploads\/2024\/09\/61235490_2262949583795445_6841594074567278592_o-1024x683.jpg 1024w, https:\/\/4ader.ro\/wp-content\/uploads\/2024\/09\/61235490_2262949583795445_6841594074567278592_o-300x200.jpg 300w, https:\/\/4ader.ro\/wp-content\/uploads\/2024\/09\/61235490_2262949583795445_6841594074567278592_o-768x512.jpg 768w, https:\/\/4ader.ro\/wp-content\/uploads\/2024\/09\/61235490_2262949583795445_6841594074567278592_o-1536x1024.jpg 1536w, https:\/\/4ader.ro\/wp-content\/uploads\/2024\/09\/61235490_2262949583795445_6841594074567278592_o-200x133.jpg 200w, https:\/\/4ader.ro\/wp-content\/uploads\/2024\/09\/61235490_2262949583795445_6841594074567278592_o.jpg 2048w\" sizes=\"(max-width: 1024px) 100vw, 1024px\" \/>\t\t\t\t\t\t\t\t\t\t\t\t\t\t\t<\/div>\n\t\t\t\t<\/div>\n\t\t\t\t<div class=\"elementor-element elementor-element-df19bd1 elementor-widget elementor-widget-image\" data-id=\"df19bd1\" data-element_type=\"widget\" data-widget_type=\"image.default\">\n\t\t\t\t<div class=\"elementor-widget-container\">\n\t\t\t\t\t\t\t\t\t\t\t\t\t\t\t<img decoding=\"async\" width=\"640\" height=\"960\" src=\"https:\/\/4ader.ro\/wp-content\/uploads\/2024\/09\/61126866_2262957293794674_785891810152022016_n.jpg\" class=\"attachment-large size-large wp-image-936\" alt=\"\" srcset=\"https:\/\/4ader.ro\/wp-content\/uploads\/2024\/09\/61126866_2262957293794674_785891810152022016_n.jpg 640w, https:\/\/4ader.ro\/wp-content\/uploads\/2024\/09\/61126866_2262957293794674_785891810152022016_n-200x300.jpg 200w\" sizes=\"(max-width: 640px) 100vw, 640px\" \/>\t\t\t\t\t\t\t\t\t\t\t\t\t\t\t<\/div>\n\t\t\t\t<\/div>\n\t\t\t\t<div class=\"elementor-element elementor-element-350db98 elementor-widget elementor-widget-spacer\" data-id=\"350db98\" data-element_type=\"widget\" data-widget_type=\"spacer.default\">\n\t\t\t\t<div class=\"elementor-widget-container\">\n\t\t\t\t\t\t\t<div class=\"elementor-spacer\">\n\t\t\t<div class=\"elementor-spacer-inner\"><\/div>\n\t\t<\/div>\n\t\t\t\t\t\t<\/div>\n\t\t\t\t<\/div>\n\t\t\t\t<\/div>\n\t\t\t\t<\/div>\n\t\t","protected":false},"excerpt":{"rendered":"<p>TURNEUL STRADIVARIUS TARGU JIU 2019 Asociatia Pentru Democratie Educatie Respect a fost Co-Organizator la Turneul Stradivarius desfasurat la Targu Jiu in luna mai 2019 Concertul, desfasurat sub deviza\u00a0Vive la Musique, s-a desfasurat in prezenta a peste 1500 de spectatori in Parcul Coloanei fara sfarsit din Targu Jiu Conceput de virtuozul Alexandru Tomescu, acest turneu excep\u021bionala&#8230;<\/p>\n","protected":false},"author":2,"featured_media":0,"parent":0,"menu_order":0,"comment_status":"closed","ping_status":"closed","template":"","meta":{"_kad_post_transparent":"","_kad_post_title":"hide","_kad_post_layout":"fullwidth","_kad_post_sidebar_id":"","_kad_post_content_style":"unboxed","_kad_post_vertical_padding":"hide","_kad_post_feature":"hide","_kad_post_feature_position":"","_kad_post_header":false,"_kad_post_footer":false,"_kad_post_classname":"","footnotes":""},"class_list":["post-189","page","type-page","status-publish","hentry"],"rttpg_featured_image_url":null,"rttpg_author":{"display_name":"Calina Denis","author_link":"https:\/\/4ader.ro\/index.php\/author\/denis_1\/"},"rttpg_comment":0,"rttpg_category":null,"rttpg_excerpt":"TURNEUL STRADIVARIUS TARGU JIU 2019 Asociatia Pentru Democratie Educatie Respect a fost Co-Organizator la Turneul Stradivarius desfasurat la Targu Jiu in luna mai 2019 Concertul, desfasurat sub deviza\u00a0Vive la Musique, s-a desfasurat in prezenta a peste 1500 de spectatori in Parcul Coloanei fara sfarsit din Targu Jiu Conceput de virtuozul Alexandru Tomescu, acest turneu excep\u021bionala...","_links":{"self":[{"href":"https:\/\/4ader.ro\/index.php\/wp-json\/wp\/v2\/pages\/189","targetHints":{"allow":["GET"]}}],"collection":[{"href":"https:\/\/4ader.ro\/index.php\/wp-json\/wp\/v2\/pages"}],"about":[{"href":"https:\/\/4ader.ro\/index.php\/wp-json\/wp\/v2\/types\/page"}],"author":[{"embeddable":true,"href":"https:\/\/4ader.ro\/index.php\/wp-json\/wp\/v2\/users\/2"}],"replies":[{"embeddable":true,"href":"https:\/\/4ader.ro\/index.php\/wp-json\/wp\/v2\/comments?post=189"}],"version-history":[{"count":28,"href":"https:\/\/4ader.ro\/index.php\/wp-json\/wp\/v2\/pages\/189\/revisions"}],"predecessor-version":[{"id":1523,"href":"https:\/\/4ader.ro\/index.php\/wp-json\/wp\/v2\/pages\/189\/revisions\/1523"}],"wp:attachment":[{"href":"https:\/\/4ader.ro\/index.php\/wp-json\/wp\/v2\/media?parent=189"}],"curies":[{"name":"wp","href":"https:\/\/api.w.org\/{rel}","templated":true}]}}

Turneul Stradivarius Târgu Jiu 2019

<div data-elementor-type="wp-page" data-elementor-id="189" class="elementor elementor-189">
				<div class="elementor-element elementor-element-6b7413c e-con-full e-flex e-con e-parent" data-id="6b7413c" data-element_type="container" data-settings="{&quot;background_background&quot;:&quot;classic&quot;}">
				<div class="elementor-element elementor-element-df78692 elementor-widget elementor-widget-heading" data-id="df78692" data-element_type="widget" data-widget_type="heading.default">
				<div class="elementor-widget-container">
					<h2 class="elementor-heading-title elementor-size-default">TURNEUL STRADIVARIUS TARGU JIU 2019</h2>				</div>
				</div>
				<div class="elementor-element elementor-element-fac28ec elementor-widget elementor-widget-text-editor" data-id="fac28ec" data-element_type="widget" data-widget_type="text-editor.default">
				<div class="elementor-widget-container">
									<p>Asociatia Pentru Democratie Educatie Respect a fost Co-Organizator la Turneul Stradivarius desfasurat la Targu Jiu in luna mai 2019</p><p>Concertul, desfasurat sub deviza Vive la Musique, s-a desfasurat in prezenta a peste 1500 de spectatori in Parcul Coloanei fara sfarsit din Targu Jiu</p><p>Conceput de virtuozul Alexandru Tomescu, acest turneu excepționala propus publicului din România o întâlnire între compozitori clasici și contemporani, francezi și romậni, într-un dialog inedit între vioara lui Alexandru Tomescu, harpa lui Delphine Benhamou și mișcarea coregrafică a lui Lari Giorgescu, toate reunite într-un spectacol sincretic și original.</p>								</div>
				</div>
				<div class="elementor-element elementor-element-8037905 elementor-widget elementor-widget-image" data-id="8037905" data-element_type="widget" data-widget_type="image.default">
				<div class="elementor-widget-container">
															<img fetchpriority="high" decoding="async" width="960" height="720" src="https://4ader.ro/wp-content/uploads/2024/09/51847166_10157185833070680_695099448509857792_n-1.jpg" class="attachment-large size-large wp-image-934" alt="" srcset="https://4ader.ro/wp-content/uploads/2024/09/51847166_10157185833070680_695099448509857792_n-1.jpg 960w, https://4ader.ro/wp-content/uploads/2024/09/51847166_10157185833070680_695099448509857792_n-1-300x225.jpg 300w, https://4ader.ro/wp-content/uploads/2024/09/51847166_10157185833070680_695099448509857792_n-1-768x576.jpg 768w, https://4ader.ro/wp-content/uploads/2024/09/51847166_10157185833070680_695099448509857792_n-1-200x150.jpg 200w" sizes="(max-width: 960px) 100vw, 960px" />															</div>
				</div>
				<div class="elementor-element elementor-element-c0fdc19 elementor-widget elementor-widget-image" data-id="c0fdc19" data-element_type="widget" data-widget_type="image.default">
				<div class="elementor-widget-container">
															<img decoding="async" width="1024" height="683" src="https://4ader.ro/wp-content/uploads/2024/09/61235490_2262949583795445_6841594074567278592_o-1024x683.jpg" class="attachment-large size-large wp-image-935" alt="" srcset="https://4ader.ro/wp-content/uploads/2024/09/61235490_2262949583795445_6841594074567278592_o-1024x683.jpg 1024w, https://4ader.ro/wp-content/uploads/2024/09/61235490_2262949583795445_6841594074567278592_o-300x200.jpg 300w, https://4ader.ro/wp-content/uploads/2024/09/61235490_2262949583795445_6841594074567278592_o-768x512.jpg 768w, https://4ader.ro/wp-content/uploads/2024/09/61235490_2262949583795445_6841594074567278592_o-1536x1024.jpg 1536w, https://4ader.ro/wp-content/uploads/2024/09/61235490_2262949583795445_6841594074567278592_o-200x133.jpg 200w, https://4ader.ro/wp-content/uploads/2024/09/61235490_2262949583795445_6841594074567278592_o.jpg 2048w" sizes="(max-width: 1024px) 100vw, 1024px" />															</div>
				</div>
				<div class="elementor-element elementor-element-df19bd1 elementor-widget elementor-widget-image" data-id="df19bd1" data-element_type="widget" data-widget_type="image.default">
				<div class="elementor-widget-container">
															<img decoding="async" width="640" height="960" src="https://4ader.ro/wp-content/uploads/2024/09/61126866_2262957293794674_785891810152022016_n.jpg" class="attachment-large size-large wp-image-936" alt="" srcset="https://4ader.ro/wp-content/uploads/2024/09/61126866_2262957293794674_785891810152022016_n.jpg 640w, https://4ader.ro/wp-content/uploads/2024/09/61126866_2262957293794674_785891810152022016_n-200x300.jpg 200w" sizes="(max-width: 640px) 100vw, 640px" />															</div>
				</div>
				<div class="elementor-element elementor-element-350db98 elementor-widget elementor-widget-spacer" data-id="350db98" data-element_type="widget" data-widget_type="spacer.default">
				<div class="elementor-widget-container">
							<div class="elementor-spacer">
			<div class="elementor-spacer-inner"></div>
		</div>
						</div>
				</div>
				</div>
				</div>

<p>TURNEUL STRADIVARIUS TARGU JIU 2019 Asociatia Pentru Democratie Educatie Respect a fost Co-Organizator la Turneul Stradivarius desfasurat la Targu Jiu in luna mai 2019 Concertul, desfasurat sub deviza Vive la Musique, s-a desfasurat in prezenta a peste 1500 de spectatori in Parcul Coloanei fara sfarsit din Targu Jiu Conceput de virtuozul Alexandru Tomescu, acest turneu excepționala&#8230;</p>

TURNEUL STRADIVARIUS TARGU JIU 2019 Asociatia Pentru Democratie Educatie Respect a fost Co-Organizator la Turneul Stradivarius desfasurat la Targu Jiu in luna mai 2019 Concertul, desfasurat sub deviza Vive la Musique, s-a desfasurat in prezenta a peste 1500 de spectatori in Parcul Coloanei fara sfarsit din Targu Jiu Conceput de virtuozul Alexandru Tomescu, acest turneu excepționala...
