{"id":184,"date":"2024-05-15T15:15:46","date_gmt":"2024-05-15T12:15:46","guid":{"rendered":"https:\/\/4ader.ro\/?page_id=184"},"modified":"2024-09-23T11:37:18","modified_gmt":"2024-09-23T08:37:18","slug":"scoala-parintilor","status":"publish","type":"page","link":"https:\/\/4ader.ro\/index.php\/scoala-parintilor\/","title":{"rendered":"&#8220;\u0218coala P\u0103rin\u021bilor&#8221;"},"content":{"rendered":"\t\t<div data-elementor-type=\"wp-page\" data-elementor-id=\"184\" class=\"elementor elementor-184\">\n\t\t\t\t<div class=\"elementor-element elementor-element-6b7413c e-con-full e-flex e-con e-parent\" data-id=\"6b7413c\" data-element_type=\"container\" data-settings=\"{&quot;background_background&quot;:&quot;classic&quot;}\">\n\t\t\t\t<div class=\"elementor-element elementor-element-df78692 elementor-widget elementor-widget-heading\" data-id=\"df78692\" data-element_type=\"widget\" data-widget_type=\"heading.default\">\n\t\t\t\t<div class=\"elementor-widget-container\">\n\t\t\t\t\t<h2 class=\"elementor-heading-title elementor-size-default\">\"\u015eCOALA P\u0102RIN\u0162ILOR\"<\/h2>\t\t\t\t<\/div>\n\t\t\t\t<\/div>\n\t\t\t\t<div class=\"elementor-element elementor-element-fac28ec elementor-widget elementor-widget-text-editor\" data-id=\"fac28ec\" data-element_type=\"widget\" data-widget_type=\"text-editor.default\">\n\t\t\t\t<div class=\"elementor-widget-container\">\n\t\t\t\t\t\t\t\t\t<p>ADER \u00eempreun\u0103 cu Inspectoratul \u015ecolar Jude\u0163ean Gorj \u015fi Inspectoratul de Poli\u0163e Gorj, au participat la programul de prevenire a criminalit\u0103\u0163ii juvenile \u00een r\u00e2ndul minorilor, intitulat &#8220;\u015ecoala P\u0103rin\u0163ilor&#8221;, desf\u0103\u015furat \u00een perioada martie-decembrie 2014 \u00een institu\u0163iile de \u00eenv\u0103\u0163\u0103m\u00e2nt preuniversitar din Jude\u0163ul Gorj.<\/p><p><a href=\"https:\/\/www.youtube.com\/watch?v=C625lIy1olI\" target=\"_blank\" rel=\"noopener\">&#8211; Ac\u0163iune \u015ecoala General\u0103 Voievod Litovoi<\/a><\/p><p>&#8211; Ac\u0163iune Liceul Teologic Tg-Jiu<\/p>\t\t\t\t\t\t\t\t<\/div>\n\t\t\t\t<\/div>\n\t\t\t\t<div class=\"elementor-element elementor-element-dc59bf3 elementor-widget elementor-widget-spacer\" data-id=\"dc59bf3\" data-element_type=\"widget\" data-widget_type=\"spacer.default\">\n\t\t\t\t<div class=\"elementor-widget-container\">\n\t\t\t\t\t\t\t<div class=\"elementor-spacer\">\n\t\t\t<div class=\"elementor-spacer-inner\"><\/div>\n\t\t<\/div>\n\t\t\t\t\t\t<\/div>\n\t\t\t\t<\/div>\n\t\t\t\t<\/div>\n\t\t\t\t<\/div>\n\t\t","protected":false},"excerpt":{"rendered":"<p>&#8220;\u015eCOALA P\u0102RIN\u0162ILOR&#8221; ADER \u00eempreun\u0103 cu Inspectoratul \u015ecolar Jude\u0163ean Gorj \u015fi Inspectoratul de Poli\u0163e Gorj, au participat la programul de prevenire a criminalit\u0103\u0163ii juvenile \u00een r\u00e2ndul minorilor, intitulat &#8220;\u015ecoala P\u0103rin\u0163ilor&#8221;, desf\u0103\u015furat \u00een perioada martie-decembrie 2014 \u00een institu\u0163iile de \u00eenv\u0103\u0163\u0103m\u00e2nt preuniversitar din Jude\u0163ul Gorj. &#8211; Ac\u0163iune \u015ecoala General\u0103 Voievod Litovoi &#8211; Ac\u0163iune Liceul Teologic Tg-Jiu<\/p>\n","protected":false},"author":2,"featured_media":0,"parent":0,"menu_order":0,"comment_status":"closed","ping_status":"closed","template":"","meta":{"_kad_post_transparent":"","_kad_post_title":"hide","_kad_post_layout":"fullwidth","_kad_post_sidebar_id":"","_kad_post_content_style":"unboxed","_kad_post_vertical_padding":"hide","_kad_post_feature":"hide","_kad_post_feature_position":"","_kad_post_header":false,"_kad_post_footer":false,"_kad_post_classname":"","footnotes":""},"class_list":["post-184","page","type-page","status-publish","hentry"],"rttpg_featured_image_url":null,"rttpg_author":{"display_name":"Calina Denis","author_link":"https:\/\/4ader.ro\/index.php\/author\/denis_1\/"},"rttpg_comment":0,"rttpg_category":null,"rttpg_excerpt":"&#8220;\u015eCOALA P\u0102RIN\u0162ILOR&#8221; ADER \u00eempreun\u0103 cu Inspectoratul \u015ecolar Jude\u0163ean Gorj \u015fi Inspectoratul de Poli\u0163e Gorj, au participat la programul de prevenire a criminalit\u0103\u0163ii juvenile \u00een r\u00e2ndul minorilor, intitulat &#8220;\u015ecoala P\u0103rin\u0163ilor&#8221;, desf\u0103\u015furat \u00een perioada martie-decembrie 2014 \u00een institu\u0163iile de \u00eenv\u0103\u0163\u0103m\u00e2nt preuniversitar din Jude\u0163ul Gorj. &#8211; Ac\u0163iune \u015ecoala General\u0103 Voievod Litovoi &#8211; Ac\u0163iune Liceul Teologic Tg-Jiu","_links":{"self":[{"href":"https:\/\/4ader.ro\/index.php\/wp-json\/wp\/v2\/pages\/184","targetHints":{"allow":["GET"]}}],"collection":[{"href":"https:\/\/4ader.ro\/index.php\/wp-json\/wp\/v2\/pages"}],"about":[{"href":"https:\/\/4ader.ro\/index.php\/wp-json\/wp\/v2\/types\/page"}],"author":[{"embeddable":true,"href":"https:\/\/4ader.ro\/index.php\/wp-json\/wp\/v2\/users\/2"}],"replies":[{"embeddable":true,"href":"https:\/\/4ader.ro\/index.php\/wp-json\/wp\/v2\/comments?post=184"}],"version-history":[{"count":20,"href":"https:\/\/4ader.ro\/index.php\/wp-json\/wp\/v2\/pages\/184\/revisions"}],"predecessor-version":[{"id":1467,"href":"https:\/\/4ader.ro\/index.php\/wp-json\/wp\/v2\/pages\/184\/revisions\/1467"}],"wp:attachment":[{"href":"https:\/\/4ader.ro\/index.php\/wp-json\/wp\/v2\/media?parent=184"}],"curies":[{"name":"wp","href":"https:\/\/api.w.org\/{rel}","templated":true}]}}

&#8220;Școala Părinților&#8221;

<div data-elementor-type="wp-page" data-elementor-id="184" class="elementor elementor-184">
				<div class="elementor-element elementor-element-6b7413c e-con-full e-flex e-con e-parent" data-id="6b7413c" data-element_type="container" data-settings="{&quot;background_background&quot;:&quot;classic&quot;}">
				<div class="elementor-element elementor-element-df78692 elementor-widget elementor-widget-heading" data-id="df78692" data-element_type="widget" data-widget_type="heading.default">
				<div class="elementor-widget-container">
					<h2 class="elementor-heading-title elementor-size-default">"ŞCOALA PĂRINŢILOR"</h2>				</div>
				</div>
				<div class="elementor-element elementor-element-fac28ec elementor-widget elementor-widget-text-editor" data-id="fac28ec" data-element_type="widget" data-widget_type="text-editor.default">
				<div class="elementor-widget-container">
									<p>ADER împreună cu Inspectoratul Şcolar Judeţean Gorj şi Inspectoratul de Poliţe Gorj, au participat la programul de prevenire a criminalităţii juvenile în rândul minorilor, intitulat &#8220;Şcoala Părinţilor&#8221;, desfăşurat în perioada martie-decembrie 2014 în instituţiile de învăţământ preuniversitar din Judeţul Gorj.</p><p><a href="https://www.youtube.com/watch?v=C625lIy1olI" target="_blank" rel="noopener">&#8211; Acţiune Şcoala Generală Voievod Litovoi</a></p><p>&#8211; Acţiune Liceul Teologic Tg-Jiu</p>								</div>
				</div>
				<div class="elementor-element elementor-element-dc59bf3 elementor-widget elementor-widget-spacer" data-id="dc59bf3" data-element_type="widget" data-widget_type="spacer.default">
				<div class="elementor-widget-container">
							<div class="elementor-spacer">
			<div class="elementor-spacer-inner"></div>
		</div>
						</div>
				</div>
				</div>
				</div>

<p>&#8220;ŞCOALA PĂRINŢILOR&#8221; ADER împreună cu Inspectoratul Şcolar Judeţean Gorj şi Inspectoratul de Poliţe Gorj, au participat la programul de prevenire a criminalităţii juvenile în rândul minorilor, intitulat &#8220;Şcoala Părinţilor&#8221;, desfăşurat în perioada martie-decembrie 2014 în instituţiile de învăţământ preuniversitar din Judeţul Gorj. &#8211; Acţiune Şcoala Generală Voievod Litovoi &#8211; Acţiune Liceul Teologic Tg-Jiu</p>

&#8220;ŞCOALA PĂRINŢILOR&#8221; ADER împreună cu Inspectoratul Şcolar Judeţean Gorj şi Inspectoratul de Poliţe Gorj, au participat la programul de prevenire a criminalităţii juvenile în rândul minorilor, intitulat &#8220;Şcoala Părinţilor&#8221;, desfăşurat în perioada martie-decembrie 2014 în instituţiile de învăţământ preuniversitar din Judeţul Gorj. &#8211; Acţiune Şcoala Generală Voievod Litovoi &#8211; Acţiune Liceul Teologic Tg-Jiu
