{"id":1832,"date":"2024-10-18T09:53:34","date_gmt":"2024-10-18T06:53:34","guid":{"rendered":"https:\/\/4ader.ro\/?page_id=1832"},"modified":"2024-10-18T10:02:46","modified_gmt":"2024-10-18T07:02:46","slug":"pact-pentru-sanatatea-mediului-din-gorj-2","status":"publish","type":"page","link":"https:\/\/4ader.ro\/index.php\/pact-pentru-sanatatea-mediului-din-gorj-2\/","title":{"rendered":"Pact pentru s\u0103n\u0103tatea mediului din Gorj"},"content":{"rendered":"\t\t<div data-elementor-type=\"wp-page\" data-elementor-id=\"1832\" class=\"elementor elementor-1832\">\n\t\t\t\t<div class=\"elementor-element elementor-element-6b7413c e-con-full e-flex e-con e-parent\" data-id=\"6b7413c\" data-element_type=\"container\" data-settings=\"{&quot;background_background&quot;:&quot;classic&quot;}\">\n\t\t\t\t<div class=\"elementor-element elementor-element-df78692 elementor-widget elementor-widget-heading\" data-id=\"df78692\" data-element_type=\"widget\" data-widget_type=\"heading.default\">\n\t\t\t\t<div class=\"elementor-widget-container\">\n\t\t\t\t\t<h2 class=\"elementor-heading-title elementor-size-default\">Pact pentru s\u0103n\u0103tatea mediului din Gorj - august - noiembrie 2022<\/h2>\t\t\t\t<\/div>\n\t\t\t\t<\/div>\n\t\t\t\t<div class=\"elementor-element elementor-element-fac28ec elementor-widget elementor-widget-text-editor\" data-id=\"fac28ec\" data-element_type=\"widget\" data-widget_type=\"text-editor.default\">\n\t\t\t\t<div class=\"elementor-widget-container\">\n\t\t\t\t\t\t\t\t\t<p>Poluarea se num\u0103r\u0103 printre factorii majori ce induc dezechilibre \u00een mediul \u00eenconjur\u0103tor. Natura \u00eenregistreaz\u0103 toate faptele nes\u0103buite, agresiunile f\u0103cute de om, con\u015ftient sau incon\u015ftient, le stocheaz\u0103 \u00een memorie, iar atunci c\u00e2nd&#8230; se umple paharul &#8230;, se r\u0103zbun\u0103 necru\u0163\u0103tor prin adev\u0103rate catastrofe ecologice.<\/p>\n<p>Prin proiectul \u201ePact pentru s\u0103n\u0103tatea mediului din Gorj\u201d*, ADER \u0219i-a asumat urm\u0103toarele obiective:<\/p>\n<p>1. Cre\u0219terea gradului de con\u0219tientizare a comunit\u0103\u021bii locale privind protec\u021bia mediului;<br>2. Cre\u0219terea gradului de implicare a autorit\u0103\u021bilor locale \u0219i a comunit\u0103\u021bii locale \u00een protec\u021bia mediului.<\/p>\n<p>Proiectul a fost finantat din bugetul Consiliului Judetean Gorj, Competitia de proiecte 2022<\/p>\t\t\t\t\t\t\t\t<\/div>\n\t\t\t\t<\/div>\n\t\t\t\t<div class=\"elementor-element elementor-element-3f20f7a elementor-widget elementor-widget-image-gallery\" data-id=\"3f20f7a\" data-element_type=\"widget\" data-widget_type=\"image-gallery.default\">\n\t\t\t\t<div class=\"elementor-widget-container\">\n\t\t\t\t\t\t\t<div class=\"elementor-image-gallery\">\n\t\t\t<div id='gallery-1' class='gallery galleryid-1832 gallery-columns-5 gallery-size-thumbnail'><figure class='gallery-item'>\n\t\t\t<div class='gallery-icon portrait'>\n\t\t\t\t<a data-elementor-open-lightbox=\"yes\" data-elementor-lightbox-slideshow=\"3f20f7a\" data-elementor-lightbox-title=\"36\" data-e-action-hash=\"#elementor-action%3Aaction%3Dlightbox%26settings%3DeyJpZCI6MTg0MywidXJsIjoiaHR0cHM6XC9cLzRhZGVyLnJvXC93cC1jb250ZW50XC91cGxvYWRzXC8yMDI0XC8xMFwvMzYtMS5qcGciLCJzbGlkZXNob3ciOiIzZjIwZjdhIn0%3D\" href='https:\/\/4ader.ro\/wp-content\/uploads\/2024\/10\/36-1.jpg'><img decoding=\"async\" width=\"150\" height=\"150\" src=\"https:\/\/4ader.ro\/wp-content\/uploads\/2024\/10\/36-1-150x150.jpg\" class=\"attachment-thumbnail size-thumbnail\" alt=\"\" \/><\/a>\n\t\t\t<\/div><\/figure><figure class='gallery-item'>\n\t\t\t<div class='gallery-icon landscape'>\n\t\t\t\t<a data-elementor-open-lightbox=\"yes\" data-elementor-lightbox-slideshow=\"3f20f7a\" data-elementor-lightbox-title=\"35\" data-e-action-hash=\"#elementor-action%3Aaction%3Dlightbox%26settings%3DeyJpZCI6MTg0MiwidXJsIjoiaHR0cHM6XC9cLzRhZGVyLnJvXC93cC1jb250ZW50XC91cGxvYWRzXC8yMDI0XC8xMFwvMzUtMS5qcGciLCJzbGlkZXNob3ciOiIzZjIwZjdhIn0%3D\" href='https:\/\/4ader.ro\/wp-content\/uploads\/2024\/10\/35-1.jpg'><img decoding=\"async\" width=\"150\" height=\"150\" src=\"https:\/\/4ader.ro\/wp-content\/uploads\/2024\/10\/35-1-150x150.jpg\" class=\"attachment-thumbnail size-thumbnail\" alt=\"\" \/><\/a>\n\t\t\t<\/div><\/figure><figure class='gallery-item'>\n\t\t\t<div class='gallery-icon landscape'>\n\t\t\t\t<a data-elementor-open-lightbox=\"yes\" data-elementor-lightbox-slideshow=\"3f20f7a\" data-elementor-lightbox-title=\"34\" data-e-action-hash=\"#elementor-action%3Aaction%3Dlightbox%26settings%3DeyJpZCI6MTg0MSwidXJsIjoiaHR0cHM6XC9cLzRhZGVyLnJvXC93cC1jb250ZW50XC91cGxvYWRzXC8yMDI0XC8xMFwvMzQtMS5qcGciLCJzbGlkZXNob3ciOiIzZjIwZjdhIn0%3D\" href='https:\/\/4ader.ro\/wp-content\/uploads\/2024\/10\/34-1.jpg'><img decoding=\"async\" width=\"150\" height=\"150\" src=\"https:\/\/4ader.ro\/wp-content\/uploads\/2024\/10\/34-1-150x150.jpg\" class=\"attachment-thumbnail size-thumbnail\" alt=\"\" \/><\/a>\n\t\t\t<\/div><\/figure><figure class='gallery-item'>\n\t\t\t<div class='gallery-icon landscape'>\n\t\t\t\t<a data-elementor-open-lightbox=\"yes\" data-elementor-lightbox-slideshow=\"3f20f7a\" data-elementor-lightbox-title=\"33\" data-e-action-hash=\"#elementor-action%3Aaction%3Dlightbox%26settings%3DeyJpZCI6MTgzOSwidXJsIjoiaHR0cHM6XC9cLzRhZGVyLnJvXC93cC1jb250ZW50XC91cGxvYWRzXC8yMDI0XC8xMFwvMzMtMS5qcGciLCJzbGlkZXNob3ciOiIzZjIwZjdhIn0%3D\" href='https:\/\/4ader.ro\/wp-content\/uploads\/2024\/10\/33-1.jpg'><img loading=\"lazy\" decoding=\"async\" width=\"150\" height=\"150\" src=\"https:\/\/4ader.ro\/wp-content\/uploads\/2024\/10\/33-1-150x150.jpg\" class=\"attachment-thumbnail size-thumbnail\" alt=\"\" \/><\/a>\n\t\t\t<\/div><\/figure><figure class='gallery-item'>\n\t\t\t<div class='gallery-icon portrait'>\n\t\t\t\t<a data-elementor-open-lightbox=\"yes\" data-elementor-lightbox-slideshow=\"3f20f7a\" data-elementor-lightbox-title=\"32\" data-e-action-hash=\"#elementor-action%3Aaction%3Dlightbox%26settings%3DeyJpZCI6MTgzOCwidXJsIjoiaHR0cHM6XC9cLzRhZGVyLnJvXC93cC1jb250ZW50XC91cGxvYWRzXC8yMDI0XC8xMFwvMzIuanBnIiwic2xpZGVzaG93IjoiM2YyMGY3YSJ9\" href='https:\/\/4ader.ro\/wp-content\/uploads\/2024\/10\/32.jpg'><img loading=\"lazy\" decoding=\"async\" width=\"150\" height=\"150\" src=\"https:\/\/4ader.ro\/wp-content\/uploads\/2024\/10\/32-150x150.jpg\" class=\"attachment-thumbnail size-thumbnail\" alt=\"\" \/><\/a>\n\t\t\t<\/div><\/figure>\n\t\t<\/div>\n\t\t<\/div>\n\t\t\t\t\t\t<\/div>\n\t\t\t\t<\/div>\n\t\t\t\t<div class=\"elementor-element elementor-element-0ea7bce elementor-widget elementor-widget-spacer\" data-id=\"0ea7bce\" data-element_type=\"widget\" data-widget_type=\"spacer.default\">\n\t\t\t\t<div class=\"elementor-widget-container\">\n\t\t\t\t\t\t\t<div class=\"elementor-spacer\">\n\t\t\t<div class=\"elementor-spacer-inner\"><\/div>\n\t\t<\/div>\n\t\t\t\t\t\t<\/div>\n\t\t\t\t<\/div>\n\t\t\t\t<\/div>\n\t\t\t\t<\/div>\n\t\t","protected":false},"excerpt":{"rendered":"<p>Pact pentru s\u0103n\u0103tatea mediului din Gorj &#8211; august &#8211; noiembrie 2022 Poluarea se num\u0103r\u0103 printre factorii majori ce induc dezechilibre \u00een mediul \u00eenconjur\u0103tor. Natura \u00eenregistreaz\u0103 toate faptele nes\u0103buite, agresiunile f\u0103cute de om, con\u015ftient sau incon\u015ftient, le stocheaz\u0103 \u00een memorie, iar atunci c\u00e2nd&#8230; se umple paharul &#8230;, se r\u0103zbun\u0103 necru\u0163\u0103tor prin adev\u0103rate catastrofe ecologice. Prin proiectul&#8230;<\/p>\n","protected":false},"author":2,"featured_media":0,"parent":0,"menu_order":0,"comment_status":"closed","ping_status":"closed","template":"","meta":{"_kad_post_transparent":"","_kad_post_title":"hide","_kad_post_layout":"fullwidth","_kad_post_sidebar_id":"","_kad_post_content_style":"unboxed","_kad_post_vertical_padding":"hide","_kad_post_feature":"hide","_kad_post_feature_position":"","_kad_post_header":false,"_kad_post_footer":false,"_kad_post_classname":"","footnotes":""},"class_list":["post-1832","page","type-page","status-publish","hentry"],"rttpg_featured_image_url":null,"rttpg_author":{"display_name":"Calina Denis","author_link":"https:\/\/4ader.ro\/index.php\/author\/denis_1\/"},"rttpg_comment":0,"rttpg_category":null,"rttpg_excerpt":"Pact pentru s\u0103n\u0103tatea mediului din Gorj &#8211; august &#8211; noiembrie 2022 Poluarea se num\u0103r\u0103 printre factorii majori ce induc dezechilibre \u00een mediul \u00eenconjur\u0103tor. Natura \u00eenregistreaz\u0103 toate faptele nes\u0103buite, agresiunile f\u0103cute de om, con\u015ftient sau incon\u015ftient, le stocheaz\u0103 \u00een memorie, iar atunci c\u00e2nd&#8230; se umple paharul &#8230;, se r\u0103zbun\u0103 necru\u0163\u0103tor prin adev\u0103rate catastrofe ecologice. Prin proiectul...","_links":{"self":[{"href":"https:\/\/4ader.ro\/index.php\/wp-json\/wp\/v2\/pages\/1832","targetHints":{"allow":["GET"]}}],"collection":[{"href":"https:\/\/4ader.ro\/index.php\/wp-json\/wp\/v2\/pages"}],"about":[{"href":"https:\/\/4ader.ro\/index.php\/wp-json\/wp\/v2\/types\/page"}],"author":[{"embeddable":true,"href":"https:\/\/4ader.ro\/index.php\/wp-json\/wp\/v2\/users\/2"}],"replies":[{"embeddable":true,"href":"https:\/\/4ader.ro\/index.php\/wp-json\/wp\/v2\/comments?post=1832"}],"version-history":[{"count":7,"href":"https:\/\/4ader.ro\/index.php\/wp-json\/wp\/v2\/pages\/1832\/revisions"}],"predecessor-version":[{"id":1849,"href":"https:\/\/4ader.ro\/index.php\/wp-json\/wp\/v2\/pages\/1832\/revisions\/1849"}],"wp:attachment":[{"href":"https:\/\/4ader.ro\/index.php\/wp-json\/wp\/v2\/media?parent=1832"}],"curies":[{"name":"wp","href":"https:\/\/api.w.org\/{rel}","templated":true}]}}

Pact pentru sănătatea mediului din Gorj

<div data-elementor-type="wp-page" data-elementor-id="1832" class="elementor elementor-1832">
				<div class="elementor-element elementor-element-6b7413c e-con-full e-flex e-con e-parent" data-id="6b7413c" data-element_type="container" data-settings="{&quot;background_background&quot;:&quot;classic&quot;}">
				<div class="elementor-element elementor-element-df78692 elementor-widget elementor-widget-heading" data-id="df78692" data-element_type="widget" data-widget_type="heading.default">
				<div class="elementor-widget-container">
					<h2 class="elementor-heading-title elementor-size-default">Pact pentru sănătatea mediului din Gorj - august - noiembrie 2022</h2>				</div>
				</div>
				<div class="elementor-element elementor-element-fac28ec elementor-widget elementor-widget-text-editor" data-id="fac28ec" data-element_type="widget" data-widget_type="text-editor.default">
				<div class="elementor-widget-container">
									<p>Poluarea se numără printre factorii majori ce induc dezechilibre în mediul înconjurător. Natura înregistrează toate faptele nesăbuite, agresiunile făcute de om, conştient sau inconştient, le stochează în memorie, iar atunci când&#8230; se umple paharul &#8230;, se răzbună necruţător prin adevărate catastrofe ecologice.</p>
<p>Prin proiectul „Pact pentru sănătatea mediului din Gorj”*, ADER și-a asumat următoarele obiective:</p>
<p>1. Creșterea gradului de conștientizare a comunității locale privind protecția mediului;<br>2. Creșterea gradului de implicare a autorităților locale și a comunității locale în protecția mediului.</p>
<p>Proiectul a fost finantat din bugetul Consiliului Judetean Gorj, Competitia de proiecte 2022</p>								</div>
				</div>
				<div class="elementor-element elementor-element-3f20f7a elementor-widget elementor-widget-image-gallery" data-id="3f20f7a" data-element_type="widget" data-widget_type="image-gallery.default">
				<div class="elementor-widget-container">
							<div class="elementor-image-gallery">
			<div id='gallery-1' class='gallery galleryid-1832 gallery-columns-5 gallery-size-thumbnail'><figure class='gallery-item'>
			<div class='gallery-icon portrait'>
				<a data-elementor-open-lightbox="yes" data-elementor-lightbox-slideshow="3f20f7a" data-elementor-lightbox-title="36" data-e-action-hash="#elementor-action%3Aaction%3Dlightbox%26settings%3DeyJpZCI6MTg0MywidXJsIjoiaHR0cHM6XC9cLzRhZGVyLnJvXC93cC1jb250ZW50XC91cGxvYWRzXC8yMDI0XC8xMFwvMzYtMS5qcGciLCJzbGlkZXNob3ciOiIzZjIwZjdhIn0%3D" href='https://4ader.ro/wp-content/uploads/2024/10/36-1.jpg'><img decoding="async" width="150" height="150" src="https://4ader.ro/wp-content/uploads/2024/10/36-1-150x150.jpg" class="attachment-thumbnail size-thumbnail" alt="" /></a>
			</div></figure><figure class='gallery-item'>
			<div class='gallery-icon landscape'>
				<a data-elementor-open-lightbox="yes" data-elementor-lightbox-slideshow="3f20f7a" data-elementor-lightbox-title="35" data-e-action-hash="#elementor-action%3Aaction%3Dlightbox%26settings%3DeyJpZCI6MTg0MiwidXJsIjoiaHR0cHM6XC9cLzRhZGVyLnJvXC93cC1jb250ZW50XC91cGxvYWRzXC8yMDI0XC8xMFwvMzUtMS5qcGciLCJzbGlkZXNob3ciOiIzZjIwZjdhIn0%3D" href='https://4ader.ro/wp-content/uploads/2024/10/35-1.jpg'><img decoding="async" width="150" height="150" src="https://4ader.ro/wp-content/uploads/2024/10/35-1-150x150.jpg" class="attachment-thumbnail size-thumbnail" alt="" /></a>
			</div></figure><figure class='gallery-item'>
			<div class='gallery-icon landscape'>
				<a data-elementor-open-lightbox="yes" data-elementor-lightbox-slideshow="3f20f7a" data-elementor-lightbox-title="34" data-e-action-hash="#elementor-action%3Aaction%3Dlightbox%26settings%3DeyJpZCI6MTg0MSwidXJsIjoiaHR0cHM6XC9cLzRhZGVyLnJvXC93cC1jb250ZW50XC91cGxvYWRzXC8yMDI0XC8xMFwvMzQtMS5qcGciLCJzbGlkZXNob3ciOiIzZjIwZjdhIn0%3D" href='https://4ader.ro/wp-content/uploads/2024/10/34-1.jpg'><img decoding="async" width="150" height="150" src="https://4ader.ro/wp-content/uploads/2024/10/34-1-150x150.jpg" class="attachment-thumbnail size-thumbnail" alt="" /></a>
			</div></figure><figure class='gallery-item'>
			<div class='gallery-icon landscape'>
				<a data-elementor-open-lightbox="yes" data-elementor-lightbox-slideshow="3f20f7a" data-elementor-lightbox-title="33" data-e-action-hash="#elementor-action%3Aaction%3Dlightbox%26settings%3DeyJpZCI6MTgzOSwidXJsIjoiaHR0cHM6XC9cLzRhZGVyLnJvXC93cC1jb250ZW50XC91cGxvYWRzXC8yMDI0XC8xMFwvMzMtMS5qcGciLCJzbGlkZXNob3ciOiIzZjIwZjdhIn0%3D" href='https://4ader.ro/wp-content/uploads/2024/10/33-1.jpg'><img loading="lazy" decoding="async" width="150" height="150" src="https://4ader.ro/wp-content/uploads/2024/10/33-1-150x150.jpg" class="attachment-thumbnail size-thumbnail" alt="" /></a>
			</div></figure><figure class='gallery-item'>
			<div class='gallery-icon portrait'>
				<a data-elementor-open-lightbox="yes" data-elementor-lightbox-slideshow="3f20f7a" data-elementor-lightbox-title="32" data-e-action-hash="#elementor-action%3Aaction%3Dlightbox%26settings%3DeyJpZCI6MTgzOCwidXJsIjoiaHR0cHM6XC9cLzRhZGVyLnJvXC93cC1jb250ZW50XC91cGxvYWRzXC8yMDI0XC8xMFwvMzIuanBnIiwic2xpZGVzaG93IjoiM2YyMGY3YSJ9" href='https://4ader.ro/wp-content/uploads/2024/10/32.jpg'><img loading="lazy" decoding="async" width="150" height="150" src="https://4ader.ro/wp-content/uploads/2024/10/32-150x150.jpg" class="attachment-thumbnail size-thumbnail" alt="" /></a>
			</div></figure>
		</div>
		</div>
						</div>
				</div>
				<div class="elementor-element elementor-element-0ea7bce elementor-widget elementor-widget-spacer" data-id="0ea7bce" data-element_type="widget" data-widget_type="spacer.default">
				<div class="elementor-widget-container">
							<div class="elementor-spacer">
			<div class="elementor-spacer-inner"></div>
		</div>
						</div>
				</div>
				</div>
				</div>

<p>Pact pentru sănătatea mediului din Gorj &#8211; august &#8211; noiembrie 2022 Poluarea se numără printre factorii majori ce induc dezechilibre în mediul înconjurător. Natura înregistrează toate faptele nesăbuite, agresiunile făcute de om, conştient sau inconştient, le stochează în memorie, iar atunci când&#8230; se umple paharul &#8230;, se răzbună necruţător prin adevărate catastrofe ecologice. Prin proiectul&#8230;</p>

Pact pentru sănătatea mediului din Gorj &#8211; august &#8211; noiembrie 2022 Poluarea se numără printre factorii majori ce induc dezechilibre în mediul înconjurător. Natura înregistrează toate faptele nesăbuite, agresiunile făcute de om, conştient sau inconştient, le stochează în memorie, iar atunci când&#8230; se umple paharul &#8230;, se răzbună necruţător prin adevărate catastrofe ecologice. Prin proiectul...
