{"id":182,"date":"2024-05-15T15:15:12","date_gmt":"2024-05-15T12:15:12","guid":{"rendered":"https:\/\/4ader.ro\/?page_id=182"},"modified":"2024-09-23T11:15:56","modified_gmt":"2024-09-23T08:15:56","slug":"colocviile-brancusi","status":"publish","type":"page","link":"https:\/\/4ader.ro\/index.php\/colocviile-brancusi\/","title":{"rendered":"Colocviile Br\u00e2ncu\u0219i"},"content":{"rendered":"\t\t<div data-elementor-type=\"wp-page\" data-elementor-id=\"182\" class=\"elementor elementor-182\">\n\t\t\t\t<div class=\"elementor-element elementor-element-6b7413c e-con-full e-flex e-con e-parent\" data-id=\"6b7413c\" data-element_type=\"container\" data-settings=\"{&quot;background_background&quot;:&quot;classic&quot;}\">\n\t\t\t\t<div class=\"elementor-element elementor-element-df78692 elementor-widget elementor-widget-heading\" data-id=\"df78692\" data-element_type=\"widget\" data-widget_type=\"heading.default\">\n\t\t\t\t<div class=\"elementor-widget-container\">\n\t\t\t\t\t<h2 class=\"elementor-heading-title elementor-size-default\">COLOCVIILE BRANCUSI\n<\/h2>\t\t\t\t<\/div>\n\t\t\t\t<\/div>\n\t\t\t\t<div class=\"elementor-element elementor-element-fac28ec elementor-widget elementor-widget-text-editor\" data-id=\"fac28ec\" data-element_type=\"widget\" data-widget_type=\"text-editor.default\">\n\t\t\t\t<div class=\"elementor-widget-container\">\n\t\t\t\t\t\t\t\t\t<p>\u00cen zilele de 18 \u0219i 19 februarie 2019, Asociatia pentru Democratie Educatie Respect a fost partener \u00een organizarea Colocviilor Brancusi.<\/p><p>\u00cempreuna cu Centrul de Cercetare, Documentare \u0219i Promovare \u201cConstantin Br\u00e2ncu\u0219i\u201d, Consiliul Local \u015fi Prim\u0103ria Municipiului T\u00e2rgu-Jiu\u00a0 am fost parteneri \u00een organizarea\u00a0 \u201cColocviilor Br\u00e2ncu\u015fi\u201d, manifestare dedicat\u0103 Zilei Na\u021bionale Br\u00e2ncu\u0219i, la 143 de ani de la na\u0219terea sculptorului. Astfel, luni, 18 februarie, de la ora 17.00, la Galeriile Municipale de Art\u0103, a fost vernisajul expozi\u021biei \u201cUmbra\u201d, a sculptorului Valer Neag. Mar\u021bi, 19 februarie, s-au desf\u0103surat\u00a0 trei evenimente: conferin\u021ba \u0219tiin\u021bific\u0103 \u201cBr\u00e2ncu\u0219i \u2013 La vie, la mort, le temps\u201d, cu \u00eencepere de la ora 15.00, sus\u021binut\u0103 de c\u0103tre cunoscutul critic de art\u0103 francez Serge Fauchereau, autor al lucr\u0103rii \u201cPe urmele lui Br\u00e2ncu\u0219i\u201d, apoi vernisajul expozi\u021biei \u201cSecven\u021be\u201d a artistului plastic clujean Vasile Tolan (ora 17.00), iar seara s-a \u00eencheiat cu un concert sus\u021binut de c\u0103tre solista Alexandra Fits, acompaniat\u0103 la pian de Mariano Castro\u00a0<\/p>\t\t\t\t\t\t\t\t<\/div>\n\t\t\t\t<\/div>\n\t\t\t\t<div class=\"elementor-element elementor-element-05ecc23 elementor-widget elementor-widget-image\" data-id=\"05ecc23\" data-element_type=\"widget\" data-widget_type=\"image.default\">\n\t\t\t\t<div class=\"elementor-widget-container\">\n\t\t\t\t\t\t\t\t\t\t\t\t\t\t\t<img fetchpriority=\"high\" decoding=\"async\" width=\"687\" height=\"960\" src=\"https:\/\/4ader.ro\/wp-content\/uploads\/2024\/09\/119665211_3338639432893116_7385897126390224037_o-1.jpg\" class=\"attachment-large size-large wp-image-920\" alt=\"\" srcset=\"https:\/\/4ader.ro\/wp-content\/uploads\/2024\/09\/119665211_3338639432893116_7385897126390224037_o-1.jpg 687w, https:\/\/4ader.ro\/wp-content\/uploads\/2024\/09\/119665211_3338639432893116_7385897126390224037_o-1-215x300.jpg 215w, https:\/\/4ader.ro\/wp-content\/uploads\/2024\/09\/119665211_3338639432893116_7385897126390224037_o-1-200x279.jpg 200w\" sizes=\"(max-width: 687px) 100vw, 687px\" \/>\t\t\t\t\t\t\t\t\t\t\t\t\t\t\t<\/div>\n\t\t\t\t<\/div>\n\t\t\t\t<div class=\"elementor-element elementor-element-b8a8586 elementor-widget elementor-widget-image\" data-id=\"b8a8586\" data-element_type=\"widget\" data-widget_type=\"image.default\">\n\t\t\t\t<div class=\"elementor-widget-container\">\n\t\t\t\t\t\t\t\t\t\t\t\t\t\t\t<img decoding=\"async\" width=\"687\" height=\"960\" src=\"https:\/\/4ader.ro\/wp-content\/uploads\/2024\/09\/51847166_10157185833070680_695099448509857792_n.jpg\" class=\"attachment-large size-large wp-image-919\" alt=\"\" srcset=\"https:\/\/4ader.ro\/wp-content\/uploads\/2024\/09\/51847166_10157185833070680_695099448509857792_n.jpg 687w, https:\/\/4ader.ro\/wp-content\/uploads\/2024\/09\/51847166_10157185833070680_695099448509857792_n-215x300.jpg 215w, https:\/\/4ader.ro\/wp-content\/uploads\/2024\/09\/51847166_10157185833070680_695099448509857792_n-200x279.jpg 200w\" sizes=\"(max-width: 687px) 100vw, 687px\" \/>\t\t\t\t\t\t\t\t\t\t\t\t\t\t\t<\/div>\n\t\t\t\t<\/div>\n\t\t\t\t<div class=\"elementor-element elementor-element-8c77085 elementor-widget elementor-widget-image\" data-id=\"8c77085\" data-element_type=\"widget\" data-widget_type=\"image.default\">\n\t\t\t\t<div class=\"elementor-widget-container\">\n\t\t\t\t\t\t\t\t\t\t\t\t\t\t\t<img decoding=\"async\" width=\"691\" height=\"960\" src=\"https:\/\/4ader.ro\/wp-content\/uploads\/2024\/09\/51797858_10157185750405680_2389500425154854912_n.jpg\" class=\"attachment-large size-large wp-image-918\" alt=\"\" srcset=\"https:\/\/4ader.ro\/wp-content\/uploads\/2024\/09\/51797858_10157185750405680_2389500425154854912_n.jpg 691w, https:\/\/4ader.ro\/wp-content\/uploads\/2024\/09\/51797858_10157185750405680_2389500425154854912_n-216x300.jpg 216w, https:\/\/4ader.ro\/wp-content\/uploads\/2024\/09\/51797858_10157185750405680_2389500425154854912_n-200x278.jpg 200w\" sizes=\"(max-width: 691px) 100vw, 691px\" \/>\t\t\t\t\t\t\t\t\t\t\t\t\t\t\t<\/div>\n\t\t\t\t<\/div>\n\t\t\t\t<div class=\"elementor-element elementor-element-55d2a59 elementor-widget elementor-widget-image\" data-id=\"55d2a59\" data-element_type=\"widget\" data-widget_type=\"image.default\">\n\t\t\t\t<div class=\"elementor-widget-container\">\n\t\t\t\t\t\t\t\t\t\t\t\t\t\t\t<img loading=\"lazy\" decoding=\"async\" width=\"687\" height=\"960\" src=\"https:\/\/4ader.ro\/wp-content\/uploads\/2024\/09\/51616983_10157185777795680_1395488522906894336_n.jpg\" class=\"attachment-large size-large wp-image-921\" alt=\"\" srcset=\"https:\/\/4ader.ro\/wp-content\/uploads\/2024\/09\/51616983_10157185777795680_1395488522906894336_n.jpg 687w, https:\/\/4ader.ro\/wp-content\/uploads\/2024\/09\/51616983_10157185777795680_1395488522906894336_n-215x300.jpg 215w, https:\/\/4ader.ro\/wp-content\/uploads\/2024\/09\/51616983_10157185777795680_1395488522906894336_n-200x279.jpg 200w\" sizes=\"(max-width: 687px) 100vw, 687px\" \/>\t\t\t\t\t\t\t\t\t\t\t\t\t\t\t<\/div>\n\t\t\t\t<\/div>\n\t\t\t\t<div class=\"elementor-element elementor-element-d3b1b83 elementor-widget elementor-widget-spacer\" data-id=\"d3b1b83\" data-element_type=\"widget\" data-widget_type=\"spacer.default\">\n\t\t\t\t<div class=\"elementor-widget-container\">\n\t\t\t\t\t\t\t<div class=\"elementor-spacer\">\n\t\t\t<div class=\"elementor-spacer-inner\"><\/div>\n\t\t<\/div>\n\t\t\t\t\t\t<\/div>\n\t\t\t\t<\/div>\n\t\t\t\t<\/div>\n\t\t\t\t<\/div>\n\t\t","protected":false},"excerpt":{"rendered":"<p>COLOCVIILE BRANCUSI \u00cen zilele de 18 \u0219i 19 februarie 2019, Asociatia pentru Democratie Educatie Respect a fost partener \u00een organizarea Colocviilor Brancusi. \u00cempreuna cu Centrul de Cercetare, Documentare \u0219i Promovare \u201cConstantin Br\u00e2ncu\u0219i\u201d, Consiliul Local \u015fi Prim\u0103ria Municipiului T\u00e2rgu-Jiu\u00a0 am fost parteneri \u00een organizarea\u00a0 \u201cColocviilor Br\u00e2ncu\u015fi\u201d, manifestare dedicat\u0103 Zilei Na\u021bionale Br\u00e2ncu\u0219i, la 143 de ani de&#8230;<\/p>\n","protected":false},"author":2,"featured_media":0,"parent":0,"menu_order":0,"comment_status":"closed","ping_status":"closed","template":"","meta":{"_kad_post_transparent":"","_kad_post_title":"hide","_kad_post_layout":"fullwidth","_kad_post_sidebar_id":"","_kad_post_content_style":"unboxed","_kad_post_vertical_padding":"hide","_kad_post_feature":"hide","_kad_post_feature_position":"","_kad_post_header":false,"_kad_post_footer":false,"_kad_post_classname":"","footnotes":""},"class_list":["post-182","page","type-page","status-publish","hentry"],"rttpg_featured_image_url":null,"rttpg_author":{"display_name":"Calina Denis","author_link":"https:\/\/4ader.ro\/index.php\/author\/denis_1\/"},"rttpg_comment":0,"rttpg_category":null,"rttpg_excerpt":"COLOCVIILE BRANCUSI \u00cen zilele de 18 \u0219i 19 februarie 2019, Asociatia pentru Democratie Educatie Respect a fost partener \u00een organizarea Colocviilor Brancusi. \u00cempreuna cu Centrul de Cercetare, Documentare \u0219i Promovare \u201cConstantin Br\u00e2ncu\u0219i\u201d, Consiliul Local \u015fi Prim\u0103ria Municipiului T\u00e2rgu-Jiu\u00a0 am fost parteneri \u00een organizarea\u00a0 \u201cColocviilor Br\u00e2ncu\u015fi\u201d, manifestare dedicat\u0103 Zilei Na\u021bionale Br\u00e2ncu\u0219i, la 143 de ani de...","_links":{"self":[{"href":"https:\/\/4ader.ro\/index.php\/wp-json\/wp\/v2\/pages\/182","targetHints":{"allow":["GET"]}}],"collection":[{"href":"https:\/\/4ader.ro\/index.php\/wp-json\/wp\/v2\/pages"}],"about":[{"href":"https:\/\/4ader.ro\/index.php\/wp-json\/wp\/v2\/types\/page"}],"author":[{"embeddable":true,"href":"https:\/\/4ader.ro\/index.php\/wp-json\/wp\/v2\/users\/2"}],"replies":[{"embeddable":true,"href":"https:\/\/4ader.ro\/index.php\/wp-json\/wp\/v2\/comments?post=182"}],"version-history":[{"count":25,"href":"https:\/\/4ader.ro\/index.php\/wp-json\/wp\/v2\/pages\/182\/revisions"}],"predecessor-version":[{"id":1419,"href":"https:\/\/4ader.ro\/index.php\/wp-json\/wp\/v2\/pages\/182\/revisions\/1419"}],"wp:attachment":[{"href":"https:\/\/4ader.ro\/index.php\/wp-json\/wp\/v2\/media?parent=182"}],"curies":[{"name":"wp","href":"https:\/\/api.w.org\/{rel}","templated":true}]}}

Colocviile Brâncuși

<div data-elementor-type="wp-page" data-elementor-id="182" class="elementor elementor-182">
				<div class="elementor-element elementor-element-6b7413c e-con-full e-flex e-con e-parent" data-id="6b7413c" data-element_type="container" data-settings="{&quot;background_background&quot;:&quot;classic&quot;}">
				<div class="elementor-element elementor-element-df78692 elementor-widget elementor-widget-heading" data-id="df78692" data-element_type="widget" data-widget_type="heading.default">
				<div class="elementor-widget-container">
					<h2 class="elementor-heading-title elementor-size-default">COLOCVIILE BRANCUSI
</h2>				</div>
				</div>
				<div class="elementor-element elementor-element-fac28ec elementor-widget elementor-widget-text-editor" data-id="fac28ec" data-element_type="widget" data-widget_type="text-editor.default">
				<div class="elementor-widget-container">
									<p>În zilele de 18 și 19 februarie 2019, Asociatia pentru Democratie Educatie Respect a fost partener în organizarea Colocviilor Brancusi.</p><p>Împreuna cu Centrul de Cercetare, Documentare și Promovare “Constantin Brâncuși”, Consiliul Local şi Primăria Municipiului Târgu-Jiu  am fost parteneri în organizarea  “Colocviilor Brâncuşi”, manifestare dedicată Zilei Naționale Brâncuși, la 143 de ani de la nașterea sculptorului. Astfel, luni, 18 februarie, de la ora 17.00, la Galeriile Municipale de Artă, a fost vernisajul expoziției “Umbra”, a sculptorului Valer Neag. Marți, 19 februarie, s-au desfăsurat  trei evenimente: conferința științifică “Brâncuși – La vie, la mort, le temps”, cu începere de la ora 15.00, susținută de către cunoscutul critic de artă francez Serge Fauchereau, autor al lucrării “Pe urmele lui Brâncuși”, apoi vernisajul expoziției “Secvențe” a artistului plastic clujean Vasile Tolan (ora 17.00), iar seara s-a încheiat cu un concert susținut de către solista Alexandra Fits, acompaniată la pian de Mariano Castro </p>								</div>
				</div>
				<div class="elementor-element elementor-element-05ecc23 elementor-widget elementor-widget-image" data-id="05ecc23" data-element_type="widget" data-widget_type="image.default">
				<div class="elementor-widget-container">
															<img fetchpriority="high" decoding="async" width="687" height="960" src="https://4ader.ro/wp-content/uploads/2024/09/119665211_3338639432893116_7385897126390224037_o-1.jpg" class="attachment-large size-large wp-image-920" alt="" srcset="https://4ader.ro/wp-content/uploads/2024/09/119665211_3338639432893116_7385897126390224037_o-1.jpg 687w, https://4ader.ro/wp-content/uploads/2024/09/119665211_3338639432893116_7385897126390224037_o-1-215x300.jpg 215w, https://4ader.ro/wp-content/uploads/2024/09/119665211_3338639432893116_7385897126390224037_o-1-200x279.jpg 200w" sizes="(max-width: 687px) 100vw, 687px" />															</div>
				</div>
				<div class="elementor-element elementor-element-b8a8586 elementor-widget elementor-widget-image" data-id="b8a8586" data-element_type="widget" data-widget_type="image.default">
				<div class="elementor-widget-container">
															<img decoding="async" width="687" height="960" src="https://4ader.ro/wp-content/uploads/2024/09/51847166_10157185833070680_695099448509857792_n.jpg" class="attachment-large size-large wp-image-919" alt="" srcset="https://4ader.ro/wp-content/uploads/2024/09/51847166_10157185833070680_695099448509857792_n.jpg 687w, https://4ader.ro/wp-content/uploads/2024/09/51847166_10157185833070680_695099448509857792_n-215x300.jpg 215w, https://4ader.ro/wp-content/uploads/2024/09/51847166_10157185833070680_695099448509857792_n-200x279.jpg 200w" sizes="(max-width: 687px) 100vw, 687px" />															</div>
				</div>
				<div class="elementor-element elementor-element-8c77085 elementor-widget elementor-widget-image" data-id="8c77085" data-element_type="widget" data-widget_type="image.default">
				<div class="elementor-widget-container">
															<img decoding="async" width="691" height="960" src="https://4ader.ro/wp-content/uploads/2024/09/51797858_10157185750405680_2389500425154854912_n.jpg" class="attachment-large size-large wp-image-918" alt="" srcset="https://4ader.ro/wp-content/uploads/2024/09/51797858_10157185750405680_2389500425154854912_n.jpg 691w, https://4ader.ro/wp-content/uploads/2024/09/51797858_10157185750405680_2389500425154854912_n-216x300.jpg 216w, https://4ader.ro/wp-content/uploads/2024/09/51797858_10157185750405680_2389500425154854912_n-200x278.jpg 200w" sizes="(max-width: 691px) 100vw, 691px" />															</div>
				</div>
				<div class="elementor-element elementor-element-55d2a59 elementor-widget elementor-widget-image" data-id="55d2a59" data-element_type="widget" data-widget_type="image.default">
				<div class="elementor-widget-container">
															<img loading="lazy" decoding="async" width="687" height="960" src="https://4ader.ro/wp-content/uploads/2024/09/51616983_10157185777795680_1395488522906894336_n.jpg" class="attachment-large size-large wp-image-921" alt="" srcset="https://4ader.ro/wp-content/uploads/2024/09/51616983_10157185777795680_1395488522906894336_n.jpg 687w, https://4ader.ro/wp-content/uploads/2024/09/51616983_10157185777795680_1395488522906894336_n-215x300.jpg 215w, https://4ader.ro/wp-content/uploads/2024/09/51616983_10157185777795680_1395488522906894336_n-200x279.jpg 200w" sizes="(max-width: 687px) 100vw, 687px" />															</div>
				</div>
				<div class="elementor-element elementor-element-d3b1b83 elementor-widget elementor-widget-spacer" data-id="d3b1b83" data-element_type="widget" data-widget_type="spacer.default">
				<div class="elementor-widget-container">
							<div class="elementor-spacer">
			<div class="elementor-spacer-inner"></div>
		</div>
						</div>
				</div>
				</div>
				</div>

<p>COLOCVIILE BRANCUSI În zilele de 18 și 19 februarie 2019, Asociatia pentru Democratie Educatie Respect a fost partener în organizarea Colocviilor Brancusi. Împreuna cu Centrul de Cercetare, Documentare și Promovare “Constantin Brâncuși”, Consiliul Local şi Primăria Municipiului Târgu-Jiu  am fost parteneri în organizarea  “Colocviilor Brâncuşi”, manifestare dedicată Zilei Naționale Brâncuși, la 143 de ani de&#8230;</p>

COLOCVIILE BRANCUSI În zilele de 18 și 19 februarie 2019, Asociatia pentru Democratie Educatie Respect a fost partener în organizarea Colocviilor Brancusi. Împreuna cu Centrul de Cercetare, Documentare și Promovare “Constantin Brâncuși”, Consiliul Local şi Primăria Municipiului Târgu-Jiu  am fost parteneri în organizarea  “Colocviilor Brâncuşi”, manifestare dedicată Zilei Naționale Brâncuși, la 143 de ani de...
