{"id":178,"date":"2024-05-15T15:13:46","date_gmt":"2024-05-15T12:13:46","guid":{"rendered":"https:\/\/4ader.ro\/?page_id=178"},"modified":"2024-09-23T11:31:01","modified_gmt":"2024-09-23T08:31:01","slug":"campionatul-national-de-karate","status":"publish","type":"page","link":"https:\/\/4ader.ro\/index.php\/campionatul-national-de-karate\/","title":{"rendered":"Campionatul Na\u021bional de Karate"},"content":{"rendered":"\t\t<div data-elementor-type=\"wp-page\" data-elementor-id=\"178\" class=\"elementor elementor-178\">\n\t\t\t\t<div class=\"elementor-element elementor-element-6b7413c e-con-full e-flex e-con e-parent\" data-id=\"6b7413c\" data-element_type=\"container\" data-settings=\"{&quot;background_background&quot;:&quot;classic&quot;}\">\n\t\t\t\t<div class=\"elementor-element elementor-element-df78692 elementor-widget elementor-widget-heading\" data-id=\"df78692\" data-element_type=\"widget\" data-widget_type=\"heading.default\">\n\t\t\t\t<div class=\"elementor-widget-container\">\n\t\t\t\t\t<h2 class=\"elementor-heading-title elementor-size-default\">CAMPIONATUL NA\u021aIONAL DE KARATE\n<\/h2>\t\t\t\t<\/div>\n\t\t\t\t<\/div>\n\t\t\t\t<div class=\"elementor-element elementor-element-fac28ec elementor-widget elementor-widget-text-editor\" data-id=\"fac28ec\" data-element_type=\"widget\" data-widget_type=\"text-editor.default\">\n\t\t\t\t<div class=\"elementor-widget-container\">\n\t\t\t\t\t\t\t\t\t<p>ADER a sus\u0163inut participarea la Campionatul Na\u0163ional de Karate KZOKUSHINKAI TRADI\u0162IONAL din Rom\u00e2nia<\/p><p>\u00cen perioada 16-17 mai, sportivii din cadrul Clubului Sportiv Karate Kyokushinkai Targu-Jiu, preg\u0103ti\u0163i de c\u0103tre Senpai (instructor) Dorin Dumitru, au participat la Editia a 7-a a Campionatului Na\u021bional de Karate Kyokushinkai Tradi\u021bional al Rom\u00e2niei, Kata \u0219i Kumite pentru Copii, Juniori, Tineret \u015fi Seniori. Evenimentul s-a desf\u0103\u015furat la Sibiu, sub patronajul Ikok Sosai Rom\u00e2nia. La aceast\u0103 competi\u021bie au participat 23 de sportivi din Gorj, iar rezultatele lor au fost deosebite. Gorjenii au ob\u021binut 3 medalii de aur \u2013 campioni na\u0163ionali, 11 medalii de argint \u2013 vicecampioni na\u0163ionali \u015fi 9 medalii de bronz. La nivel na\u0163ional, echipa de karate a reprezentat cu cinste \u015fi onoare municipiul Targu-Jiu, rezultatele ob\u0163inute fiind dovada unei preg\u0103tiri asidue, prin antrenamente riguroase<\/p>\t\t\t\t\t\t\t\t<\/div>\n\t\t\t\t<\/div>\n\t\t\t\t<div class=\"elementor-element elementor-element-bcdf22b elementor-widget elementor-widget-spacer\" data-id=\"bcdf22b\" data-element_type=\"widget\" data-widget_type=\"spacer.default\">\n\t\t\t\t<div class=\"elementor-widget-container\">\n\t\t\t\t\t\t\t<div class=\"elementor-spacer\">\n\t\t\t<div class=\"elementor-spacer-inner\"><\/div>\n\t\t<\/div>\n\t\t\t\t\t\t<\/div>\n\t\t\t\t<\/div>\n\t\t\t\t<\/div>\n\t\t\t\t<\/div>\n\t\t","protected":false},"excerpt":{"rendered":"<p>CAMPIONATUL NA\u021aIONAL DE KARATE ADER a sus\u0163inut participarea la Campionatul Na\u0163ional de Karate KZOKUSHINKAI TRADI\u0162IONAL din Rom\u00e2nia \u00cen perioada 16-17 mai, sportivii din cadrul Clubului Sportiv Karate Kyokushinkai Targu-Jiu, preg\u0103ti\u0163i de c\u0103tre Senpai (instructor) Dorin Dumitru, au participat la Editia a 7-a a Campionatului Na\u021bional de Karate Kyokushinkai Tradi\u021bional al Rom\u00e2niei, Kata \u0219i Kumite pentru&#8230;<\/p>\n","protected":false},"author":2,"featured_media":0,"parent":0,"menu_order":0,"comment_status":"closed","ping_status":"closed","template":"","meta":{"_kad_post_transparent":"","_kad_post_title":"hide","_kad_post_layout":"fullwidth","_kad_post_sidebar_id":"","_kad_post_content_style":"unboxed","_kad_post_vertical_padding":"hide","_kad_post_feature":"hide","_kad_post_feature_position":"","_kad_post_header":false,"_kad_post_footer":false,"_kad_post_classname":"","footnotes":""},"class_list":["post-178","page","type-page","status-publish","hentry"],"rttpg_featured_image_url":null,"rttpg_author":{"display_name":"Calina Denis","author_link":"https:\/\/4ader.ro\/index.php\/author\/denis_1\/"},"rttpg_comment":0,"rttpg_category":null,"rttpg_excerpt":"CAMPIONATUL NA\u021aIONAL DE KARATE ADER a sus\u0163inut participarea la Campionatul Na\u0163ional de Karate KZOKUSHINKAI TRADI\u0162IONAL din Rom\u00e2nia \u00cen perioada 16-17 mai, sportivii din cadrul Clubului Sportiv Karate Kyokushinkai Targu-Jiu, preg\u0103ti\u0163i de c\u0103tre Senpai (instructor) Dorin Dumitru, au participat la Editia a 7-a a Campionatului Na\u021bional de Karate Kyokushinkai Tradi\u021bional al Rom\u00e2niei, Kata \u0219i Kumite pentru...","_links":{"self":[{"href":"https:\/\/4ader.ro\/index.php\/wp-json\/wp\/v2\/pages\/178","targetHints":{"allow":["GET"]}}],"collection":[{"href":"https:\/\/4ader.ro\/index.php\/wp-json\/wp\/v2\/pages"}],"about":[{"href":"https:\/\/4ader.ro\/index.php\/wp-json\/wp\/v2\/types\/page"}],"author":[{"embeddable":true,"href":"https:\/\/4ader.ro\/index.php\/wp-json\/wp\/v2\/users\/2"}],"replies":[{"embeddable":true,"href":"https:\/\/4ader.ro\/index.php\/wp-json\/wp\/v2\/comments?post=178"}],"version-history":[{"count":22,"href":"https:\/\/4ader.ro\/index.php\/wp-json\/wp\/v2\/pages\/178\/revisions"}],"predecessor-version":[{"id":1454,"href":"https:\/\/4ader.ro\/index.php\/wp-json\/wp\/v2\/pages\/178\/revisions\/1454"}],"wp:attachment":[{"href":"https:\/\/4ader.ro\/index.php\/wp-json\/wp\/v2\/media?parent=178"}],"curies":[{"name":"wp","href":"https:\/\/api.w.org\/{rel}","templated":true}]}}

Campionatul Național de Karate

<div data-elementor-type="wp-page" data-elementor-id="178" class="elementor elementor-178">
				<div class="elementor-element elementor-element-6b7413c e-con-full e-flex e-con e-parent" data-id="6b7413c" data-element_type="container" data-settings="{&quot;background_background&quot;:&quot;classic&quot;}">
				<div class="elementor-element elementor-element-df78692 elementor-widget elementor-widget-heading" data-id="df78692" data-element_type="widget" data-widget_type="heading.default">
				<div class="elementor-widget-container">
					<h2 class="elementor-heading-title elementor-size-default">CAMPIONATUL NAȚIONAL DE KARATE
</h2>				</div>
				</div>
				<div class="elementor-element elementor-element-fac28ec elementor-widget elementor-widget-text-editor" data-id="fac28ec" data-element_type="widget" data-widget_type="text-editor.default">
				<div class="elementor-widget-container">
									<p>ADER a susţinut participarea la Campionatul Naţional de Karate KZOKUSHINKAI TRADIŢIONAL din România</p><p>În perioada 16-17 mai, sportivii din cadrul Clubului Sportiv Karate Kyokushinkai Targu-Jiu, pregătiţi de către Senpai (instructor) Dorin Dumitru, au participat la Editia a 7-a a Campionatului Național de Karate Kyokushinkai Tradițional al României, Kata și Kumite pentru Copii, Juniori, Tineret şi Seniori. Evenimentul s-a desfăşurat la Sibiu, sub patronajul Ikok Sosai România. La această competiție au participat 23 de sportivi din Gorj, iar rezultatele lor au fost deosebite. Gorjenii au obținut 3 medalii de aur – campioni naţionali, 11 medalii de argint – vicecampioni naţionali şi 9 medalii de bronz. La nivel naţional, echipa de karate a reprezentat cu cinste şi onoare municipiul Targu-Jiu, rezultatele obţinute fiind dovada unei pregătiri asidue, prin antrenamente riguroase</p>								</div>
				</div>
				<div class="elementor-element elementor-element-bcdf22b elementor-widget elementor-widget-spacer" data-id="bcdf22b" data-element_type="widget" data-widget_type="spacer.default">
				<div class="elementor-widget-container">
							<div class="elementor-spacer">
			<div class="elementor-spacer-inner"></div>
		</div>
						</div>
				</div>
				</div>
				</div>

<p>CAMPIONATUL NAȚIONAL DE KARATE ADER a susţinut participarea la Campionatul Naţional de Karate KZOKUSHINKAI TRADIŢIONAL din România În perioada 16-17 mai, sportivii din cadrul Clubului Sportiv Karate Kyokushinkai Targu-Jiu, pregătiţi de către Senpai (instructor) Dorin Dumitru, au participat la Editia a 7-a a Campionatului Național de Karate Kyokushinkai Tradițional al României, Kata și Kumite pentru&#8230;</p>

CAMPIONATUL NAȚIONAL DE KARATE ADER a susţinut participarea la Campionatul Naţional de Karate KZOKUSHINKAI TRADIŢIONAL din România În perioada 16-17 mai, sportivii din cadrul Clubului Sportiv Karate Kyokushinkai Targu-Jiu, pregătiţi de către Senpai (instructor) Dorin Dumitru, au participat la Editia a 7-a a Campionatului Național de Karate Kyokushinkai Tradițional al României, Kata și Kumite pentru...
