{"id":1776,"date":"2024-10-18T09:01:02","date_gmt":"2024-10-18T06:01:02","guid":{"rendered":"https:\/\/4ader.ro\/?page_id=1776"},"modified":"2024-10-18T09:09:30","modified_gmt":"2024-10-18T06:09:30","slug":"seminarul-national-de-organe-de-masini-snom-editia-40","status":"publish","type":"page","link":"https:\/\/4ader.ro\/index.php\/seminarul-national-de-organe-de-masini-snom-editia-40\/","title":{"rendered":"Seminarul National de Organe de Ma\u0219ini (SNOM), Edi\u021bia 40"},"content":{"rendered":"\t\t<div data-elementor-type=\"wp-page\" data-elementor-id=\"1776\" class=\"elementor elementor-1776\">\n\t\t\t\t<div class=\"elementor-element elementor-element-6b7413c e-con-full e-flex e-con e-parent\" data-id=\"6b7413c\" data-element_type=\"container\" data-settings=\"{&quot;background_background&quot;:&quot;classic&quot;}\">\n\t\t\t\t<div class=\"elementor-element elementor-element-df78692 elementor-widget elementor-widget-heading\" data-id=\"df78692\" data-element_type=\"widget\" data-widget_type=\"heading.default\">\n\t\t\t\t<div class=\"elementor-widget-container\">\n\t\t\t\t\t<h2 class=\"elementor-heading-title elementor-size-default\">Seminarul National de Organe de Ma\u0219ini (SNOM), Edi\u021bia 40 - 17 iunie 2022<\/h2>\t\t\t\t<\/div>\n\t\t\t\t<\/div>\n\t\t\t\t<div class=\"elementor-element elementor-element-fac28ec elementor-widget elementor-widget-text-editor\" data-id=\"fac28ec\" data-element_type=\"widget\" data-widget_type=\"text-editor.default\">\n\t\t\t\t<div class=\"elementor-widget-container\">\n\t\t\t\t\t\t\t\t\t<p>Vineri, 17 iunie 2022, la Hotel Ramada din T\u00e2rgu Jiu s-a desf\u0103\u0219urat a XL-a edi\u021bie a Seminarului Na\u021bional de Organe de Ma\u0219ini organizat\u0103 de Asocia\u021bia Rom\u00e2n\u0103 de Transmisii Mecanice \u0219i Asocia\u021bia pentru<br \/>Democra\u021bie Educa\u021bie Respect.<\/p>\n<p>Ini\u021biat \u00een anul 1981 de reputatul profesor Ioan Dr\u0103ghici de la Universitatea Transilvania din Bra\u0219ov,<br \/>Seminarul a oferit pe parcursul anilor un minunat prilej de \u00eent\u00e2lnire pentru profesorii din universit\u0103\u021bile din Rom\u00e2nia si Republica Moldova.<\/p>\n<p>Edi\u021bia aniversar\u0103 din 2022 a avut ca tem\u0103: Provoc\u0103ri ale disciplinei Organe de Ma\u0219ini-POST-PANDEMIE \u0219i<br \/>a propus spre dezbatere abordarea tranzi\u021biei c\u0103tre interdisciplinaritate precum si abord\u0103rile hibride \u00een predarea disciplinelor tehnice.<\/p>\n<p>Au fost prezen\u021bi la T\u00e2rgu Jiu peste 70 de profesori din 14 centre universitare din Rom\u00e2nia \u0219i Republica<br \/>Moldova, pentru dezbateri \u0219tiin\u021bifice, dar \u0219i pentru a cunoa\u0219te o parte din frumuse\u021bile jude\u021bului nostru.<\/p>\t\t\t\t\t\t\t\t<\/div>\n\t\t\t\t<\/div>\n\t\t<div class=\"elementor-element elementor-element-956ea3a e-con-full e-flex e-con e-child\" data-id=\"956ea3a\" data-element_type=\"container\">\n\t\t\t\t<div class=\"elementor-element elementor-element-c95bab6 elementor-widget elementor-widget-image\" data-id=\"c95bab6\" data-element_type=\"widget\" data-widget_type=\"image.default\">\n\t\t\t\t<div class=\"elementor-widget-container\">\n\t\t\t\t\t\t\t\t\t\t\t\t\t\t\t<img fetchpriority=\"high\" decoding=\"async\" width=\"727\" height=\"504\" src=\"https:\/\/4ader.ro\/wp-content\/uploads\/2024\/10\/16.jpg\" class=\"attachment-large size-large wp-image-1779\" alt=\"\" srcset=\"https:\/\/4ader.ro\/wp-content\/uploads\/2024\/10\/16.jpg 727w, https:\/\/4ader.ro\/wp-content\/uploads\/2024\/10\/16-300x208.jpg 300w, https:\/\/4ader.ro\/wp-content\/uploads\/2024\/10\/16-200x139.jpg 200w\" sizes=\"(max-width: 727px) 100vw, 727px\" \/>\t\t\t\t\t\t\t\t\t\t\t\t\t\t\t<\/div>\n\t\t\t\t<\/div>\n\t\t\t\t<\/div>\n\t\t<div class=\"elementor-element elementor-element-270e292 e-con-full e-flex e-con e-child\" data-id=\"270e292\" data-element_type=\"container\">\n\t\t\t\t<div class=\"elementor-element elementor-element-81216ad elementor-widget elementor-widget-image\" data-id=\"81216ad\" data-element_type=\"widget\" data-widget_type=\"image.default\">\n\t\t\t\t<div class=\"elementor-widget-container\">\n\t\t\t\t\t\t\t\t\t\t\t\t\t\t\t<img decoding=\"async\" width=\"384\" height=\"543\" src=\"https:\/\/4ader.ro\/wp-content\/uploads\/2024\/10\/17.jpg\" class=\"attachment-large size-large wp-image-1780\" alt=\"\" srcset=\"https:\/\/4ader.ro\/wp-content\/uploads\/2024\/10\/17.jpg 384w, https:\/\/4ader.ro\/wp-content\/uploads\/2024\/10\/17-212x300.jpg 212w, https:\/\/4ader.ro\/wp-content\/uploads\/2024\/10\/17-200x283.jpg 200w\" sizes=\"(max-width: 384px) 100vw, 384px\" \/>\t\t\t\t\t\t\t\t\t\t\t\t\t\t\t<\/div>\n\t\t\t\t<\/div>\n\t\t\t\t<\/div>\n\t\t\t\t<\/div>\n\t\t\t\t<\/div>\n\t\t","protected":false},"excerpt":{"rendered":"<p>Seminarul National de Organe de Ma\u0219ini (SNOM), Edi\u021bia 40 &#8211; 17 iunie 2022 Vineri, 17 iunie 2022, la Hotel Ramada din T\u00e2rgu Jiu s-a desf\u0103\u0219urat a XL-a edi\u021bie a Seminarului Na\u021bional de Organe de Ma\u0219ini organizat\u0103 de Asocia\u021bia Rom\u00e2n\u0103 de Transmisii Mecanice \u0219i Asocia\u021bia pentruDemocra\u021bie Educa\u021bie Respect. Ini\u021biat \u00een anul 1981 de reputatul profesor Ioan&#8230;<\/p>\n","protected":false},"author":2,"featured_media":0,"parent":0,"menu_order":0,"comment_status":"closed","ping_status":"closed","template":"","meta":{"_kad_post_transparent":"","_kad_post_title":"hide","_kad_post_layout":"fullwidth","_kad_post_sidebar_id":"","_kad_post_content_style":"unboxed","_kad_post_vertical_padding":"hide","_kad_post_feature":"hide","_kad_post_feature_position":"","_kad_post_header":false,"_kad_post_footer":false,"_kad_post_classname":"","footnotes":""},"class_list":["post-1776","page","type-page","status-publish","hentry"],"rttpg_featured_image_url":null,"rttpg_author":{"display_name":"Calina Denis","author_link":"https:\/\/4ader.ro\/index.php\/author\/denis_1\/"},"rttpg_comment":0,"rttpg_category":null,"rttpg_excerpt":"Seminarul National de Organe de Ma\u0219ini (SNOM), Edi\u021bia 40 &#8211; 17 iunie 2022 Vineri, 17 iunie 2022, la Hotel Ramada din T\u00e2rgu Jiu s-a desf\u0103\u0219urat a XL-a edi\u021bie a Seminarului Na\u021bional de Organe de Ma\u0219ini organizat\u0103 de Asocia\u021bia Rom\u00e2n\u0103 de Transmisii Mecanice \u0219i Asocia\u021bia pentruDemocra\u021bie Educa\u021bie Respect. Ini\u021biat \u00een anul 1981 de reputatul profesor Ioan...","_links":{"self":[{"href":"https:\/\/4ader.ro\/index.php\/wp-json\/wp\/v2\/pages\/1776","targetHints":{"allow":["GET"]}}],"collection":[{"href":"https:\/\/4ader.ro\/index.php\/wp-json\/wp\/v2\/pages"}],"about":[{"href":"https:\/\/4ader.ro\/index.php\/wp-json\/wp\/v2\/types\/page"}],"author":[{"embeddable":true,"href":"https:\/\/4ader.ro\/index.php\/wp-json\/wp\/v2\/users\/2"}],"replies":[{"embeddable":true,"href":"https:\/\/4ader.ro\/index.php\/wp-json\/wp\/v2\/comments?post=1776"}],"version-history":[{"count":4,"href":"https:\/\/4ader.ro\/index.php\/wp-json\/wp\/v2\/pages\/1776\/revisions"}],"predecessor-version":[{"id":1783,"href":"https:\/\/4ader.ro\/index.php\/wp-json\/wp\/v2\/pages\/1776\/revisions\/1783"}],"wp:attachment":[{"href":"https:\/\/4ader.ro\/index.php\/wp-json\/wp\/v2\/media?parent=1776"}],"curies":[{"name":"wp","href":"https:\/\/api.w.org\/{rel}","templated":true}]}}

Seminarul National de Organe de Mașini (SNOM), Ediția 40

<div data-elementor-type="wp-page" data-elementor-id="1776" class="elementor elementor-1776">
				<div class="elementor-element elementor-element-6b7413c e-con-full e-flex e-con e-parent" data-id="6b7413c" data-element_type="container" data-settings="{&quot;background_background&quot;:&quot;classic&quot;}">
				<div class="elementor-element elementor-element-df78692 elementor-widget elementor-widget-heading" data-id="df78692" data-element_type="widget" data-widget_type="heading.default">
				<div class="elementor-widget-container">
					<h2 class="elementor-heading-title elementor-size-default">Seminarul National de Organe de Mașini (SNOM), Ediția 40 - 17 iunie 2022</h2>				</div>
				</div>
				<div class="elementor-element elementor-element-fac28ec elementor-widget elementor-widget-text-editor" data-id="fac28ec" data-element_type="widget" data-widget_type="text-editor.default">
				<div class="elementor-widget-container">
									<p>Vineri, 17 iunie 2022, la Hotel Ramada din Târgu Jiu s-a desfășurat a XL-a ediție a Seminarului Național de Organe de Mașini organizată de Asociația Română de Transmisii Mecanice și Asociația pentru<br />Democrație Educație Respect.</p>
<p>Inițiat în anul 1981 de reputatul profesor Ioan Drăghici de la Universitatea Transilvania din Brașov,<br />Seminarul a oferit pe parcursul anilor un minunat prilej de întâlnire pentru profesorii din universitățile din România si Republica Moldova.</p>
<p>Ediția aniversară din 2022 a avut ca temă: Provocări ale disciplinei Organe de Mașini-POST-PANDEMIE și<br />a propus spre dezbatere abordarea tranziției către interdisciplinaritate precum si abordările hibride în predarea disciplinelor tehnice.</p>
<p>Au fost prezenți la Târgu Jiu peste 70 de profesori din 14 centre universitare din România și Republica<br />Moldova, pentru dezbateri științifice, dar și pentru a cunoaște o parte din frumusețile județului nostru.</p>								</div>
				</div>
		<div class="elementor-element elementor-element-956ea3a e-con-full e-flex e-con e-child" data-id="956ea3a" data-element_type="container">
				<div class="elementor-element elementor-element-c95bab6 elementor-widget elementor-widget-image" data-id="c95bab6" data-element_type="widget" data-widget_type="image.default">
				<div class="elementor-widget-container">
															<img fetchpriority="high" decoding="async" width="727" height="504" src="https://4ader.ro/wp-content/uploads/2024/10/16.jpg" class="attachment-large size-large wp-image-1779" alt="" srcset="https://4ader.ro/wp-content/uploads/2024/10/16.jpg 727w, https://4ader.ro/wp-content/uploads/2024/10/16-300x208.jpg 300w, https://4ader.ro/wp-content/uploads/2024/10/16-200x139.jpg 200w" sizes="(max-width: 727px) 100vw, 727px" />															</div>
				</div>
				</div>
		<div class="elementor-element elementor-element-270e292 e-con-full e-flex e-con e-child" data-id="270e292" data-element_type="container">
				<div class="elementor-element elementor-element-81216ad elementor-widget elementor-widget-image" data-id="81216ad" data-element_type="widget" data-widget_type="image.default">
				<div class="elementor-widget-container">
															<img decoding="async" width="384" height="543" src="https://4ader.ro/wp-content/uploads/2024/10/17.jpg" class="attachment-large size-large wp-image-1780" alt="" srcset="https://4ader.ro/wp-content/uploads/2024/10/17.jpg 384w, https://4ader.ro/wp-content/uploads/2024/10/17-212x300.jpg 212w, https://4ader.ro/wp-content/uploads/2024/10/17-200x283.jpg 200w" sizes="(max-width: 384px) 100vw, 384px" />															</div>
				</div>
				</div>
				</div>
				</div>

<p>Seminarul National de Organe de Mașini (SNOM), Ediția 40 &#8211; 17 iunie 2022 Vineri, 17 iunie 2022, la Hotel Ramada din Târgu Jiu s-a desfășurat a XL-a ediție a Seminarului Național de Organe de Mașini organizată de Asociația Română de Transmisii Mecanice și Asociația pentruDemocrație Educație Respect. Inițiat în anul 1981 de reputatul profesor Ioan&#8230;</p>

Seminarul National de Organe de Mașini (SNOM), Ediția 40 &#8211; 17 iunie 2022 Vineri, 17 iunie 2022, la Hotel Ramada din Târgu Jiu s-a desfășurat a XL-a ediție a Seminarului Național de Organe de Mașini organizată de Asociația Română de Transmisii Mecanice și Asociația pentruDemocrație Educație Respect. Inițiat în anul 1981 de reputatul profesor Ioan...
