{"id":1753,"date":"2024-10-18T08:31:40","date_gmt":"2024-10-18T05:31:40","guid":{"rendered":"https:\/\/4ader.ro\/?page_id=1753"},"modified":"2024-10-18T08:40:55","modified_gmt":"2024-10-18T05:40:55","slug":"recital-extraordinar-de-pian-19-februarie-2022-2","status":"publish","type":"page","link":"https:\/\/4ader.ro\/index.php\/recital-extraordinar-de-pian-19-februarie-2022-2\/","title":{"rendered":"Recital extraordinar de pian -19 februarie 2022"},"content":{"rendered":"\t\t<div data-elementor-type=\"wp-page\" data-elementor-id=\"1753\" class=\"elementor elementor-1753\">\n\t\t\t\t<div class=\"elementor-element elementor-element-6b7413c e-con-full e-flex e-con e-parent\" data-id=\"6b7413c\" data-element_type=\"container\" data-settings=\"{&quot;background_background&quot;:&quot;classic&quot;}\">\n\t\t\t\t<div class=\"elementor-element elementor-element-df78692 elementor-widget elementor-widget-heading\" data-id=\"df78692\" data-element_type=\"widget\" data-widget_type=\"heading.default\">\n\t\t\t\t<div class=\"elementor-widget-container\">\n\t\t\t\t\t<h2 class=\"elementor-heading-title elementor-size-default\">Recital extraordinar de pian -19 februarie 2022<\/h2>\t\t\t\t<\/div>\n\t\t\t\t<\/div>\n\t\t\t\t<div class=\"elementor-element elementor-element-fac28ec elementor-widget elementor-widget-text-editor\" data-id=\"fac28ec\" data-element_type=\"widget\" data-widget_type=\"text-editor.default\">\n\t\t\t\t<div class=\"elementor-widget-container\">\n\t\t\t\t\t\t\t\t\t<p><strong><i>ADER a organizat S\u00e2mb\u0103t\u0103, 19.02.2022 ora 18,00, la Teatrul Elvira Godeanu, recitalul de pian: Br\u00e2ncu\u0219i <\/i><i>&amp; Satie sus\u021binut de Florin Berculescu <\/i><\/strong><\/p>\n<p><i>\u00cen cadrul Colocviilor Brancusi 2022 a avut luc Recitalul Extraordinar sustinut de Florin Berculescu: Brancusi &amp;Satie <\/i><\/p>\n<p><i>In deschidere o surpriza placuta a fost oferita de tanarul Vlad Florescu care la 7 ani a debutat pe scena Teatrului <\/i><i>Elvira Godeanu din T\u00e2rgu Jiu.<\/i><\/p>\n<p><i>\u201ePrietenia dintre Satie, mai \u00een v\u00e2rst\u0103 cu zece ani, \u015fi sculptorul rom\u00e2n, pe care documentele o situeaz\u0103 \u00eentre anii 1914-<\/i><i>1923, curmat\u0103 de moartea lui Satie \u00een 1925, a fost bazat\u0103 pe atrac\u0163ia magnetic\u0103 dintre dou\u0103 personalit\u0103\u0163i diferite, <\/i><i>care \u00ee\u015fi g\u0103sesc surprinz\u0103toare afinit\u0103\u0163i. <\/i><\/p>\n<p><i>Ei se \u00eent\u00e2lneau aparent \u00een contrarii: unul era prea complicat, sofisticat p\u00e2n\u0103 la <\/i><i>manie, ajuns la simplitate prin dezabuzare, cel\u0103lalt era prea simplu, suficient de primitiv pentru a accede la <\/i><i>rafinament. <\/i><\/p>\n<p><i>Satie avea o \u00eenf\u0103\u0163i\u015fare burghez\u0103, cu lornion, melon, umbrel\u0103 \u015fi ghete, afi\u015f\u00e2nd o umilitate provocatoare <\/i><i>de clovn, ne\u00een\u0163eles de mul\u0163i dintre contemporani care vedeau \u00een arta sa \u00abo muzic\u0103 simplist\u0103 cu titluri bizare\u00bb.<\/i><\/p>\n<p><i> <\/i><i>Br\u00e2ncu\u015fi, c\u0103ruia Satie i se adreseaz\u0103 \u00eentr-o scrisoare cu \u00abCher Bon Druide\u00bb, tr\u0103ia dup\u0103 str\u0103vechi obiceiuri rom\u00e2ne\u015fti <\/i><i>\u00een locuin\u0163a sa din mijlocul Parisului care putea trece drept atelierul unui alchimist, scandaliz\u00e2ndu-i pe unii care vedeau <\/i><i>aluzii pornografice \u00een arta sa, \u00een timp ce un Apollinaire g\u0103sea c\u0103 operele sale sunt \u00abdintre cele mai rafinate\u00bb. <\/i><\/p>\n<p><i>Dincolo <\/i><i>de contrarii, ca \u015fi de contradic\u0163iile enorme care \u00eenconjoar\u0103 personalit\u0103\u0163i de talia lor \u00een timpul vie\u0163ii, dou\u0103 sunt <\/i><i>tr\u0103s\u0103turile care-i unesc f\u0103r\u0103 echivoc: anticonformismul \u015fi umorul\u201c, arat\u0103 Virginia Barbu \u00een lucrarea \u201e\u00cen labirint cu <\/i><i>Barbu Brezianu. Br\u00e2ncu\u015fi, muzica \u015fi dansul\u201c<\/i><\/p>\t\t\t\t\t\t\t\t<\/div>\n\t\t\t\t<\/div>\n\t\t\t\t<div class=\"elementor-element elementor-element-3f20f7a elementor-widget elementor-widget-image-gallery\" data-id=\"3f20f7a\" data-element_type=\"widget\" data-widget_type=\"image-gallery.default\">\n\t\t\t\t<div class=\"elementor-widget-container\">\n\t\t\t\t\t\t\t<div class=\"elementor-image-gallery\">\n\t\t\t<div id='gallery-1' class='gallery galleryid-1753 gallery-columns-3 gallery-size-thumbnail'><figure class='gallery-item'>\n\t\t\t<div class='gallery-icon landscape'>\n\t\t\t\t<a data-elementor-open-lightbox=\"yes\" data-elementor-lightbox-slideshow=\"3f20f7a\" data-elementor-lightbox-title=\"11\" data-e-action-hash=\"#elementor-action%3Aaction%3Dlightbox%26settings%3DeyJpZCI6MTc1NiwidXJsIjoiaHR0cHM6XC9cLzRhZGVyLnJvXC93cC1jb250ZW50XC91cGxvYWRzXC8yMDI0XC8xMFwvMTEuanBnIiwic2xpZGVzaG93IjoiM2YyMGY3YSJ9\" href='https:\/\/4ader.ro\/wp-content\/uploads\/2024\/10\/11.jpg'><img decoding=\"async\" width=\"150\" height=\"150\" src=\"https:\/\/4ader.ro\/wp-content\/uploads\/2024\/10\/11-150x150.jpg\" class=\"attachment-thumbnail size-thumbnail\" alt=\"\" \/><\/a>\n\t\t\t<\/div><\/figure><figure class='gallery-item'>\n\t\t\t<div class='gallery-icon landscape'>\n\t\t\t\t<a data-elementor-open-lightbox=\"yes\" data-elementor-lightbox-slideshow=\"3f20f7a\" data-elementor-lightbox-title=\"12\" data-e-action-hash=\"#elementor-action%3Aaction%3Dlightbox%26settings%3DeyJpZCI6MTc1NywidXJsIjoiaHR0cHM6XC9cLzRhZGVyLnJvXC93cC1jb250ZW50XC91cGxvYWRzXC8yMDI0XC8xMFwvMTIuanBnIiwic2xpZGVzaG93IjoiM2YyMGY3YSJ9\" href='https:\/\/4ader.ro\/wp-content\/uploads\/2024\/10\/12.jpg'><img decoding=\"async\" width=\"150\" height=\"150\" src=\"https:\/\/4ader.ro\/wp-content\/uploads\/2024\/10\/12-150x150.jpg\" class=\"attachment-thumbnail size-thumbnail\" alt=\"\" \/><\/a>\n\t\t\t<\/div><\/figure><figure class='gallery-item'>\n\t\t\t<div class='gallery-icon portrait'>\n\t\t\t\t<a data-elementor-open-lightbox=\"yes\" data-elementor-lightbox-slideshow=\"3f20f7a\" data-elementor-lightbox-title=\"13\" data-e-action-hash=\"#elementor-action%3Aaction%3Dlightbox%26settings%3DeyJpZCI6MTc1OCwidXJsIjoiaHR0cHM6XC9cLzRhZGVyLnJvXC93cC1jb250ZW50XC91cGxvYWRzXC8yMDI0XC8xMFwvMTMuanBnIiwic2xpZGVzaG93IjoiM2YyMGY3YSJ9\" href='https:\/\/4ader.ro\/wp-content\/uploads\/2024\/10\/13.jpg'><img decoding=\"async\" width=\"150\" height=\"150\" src=\"https:\/\/4ader.ro\/wp-content\/uploads\/2024\/10\/13-150x150.jpg\" class=\"attachment-thumbnail size-thumbnail\" alt=\"\" \/><\/a>\n\t\t\t<\/div><\/figure>\n\t\t<\/div>\n\t\t<\/div>\n\t\t\t\t\t\t<\/div>\n\t\t\t\t<\/div>\n\t\t\t\t<div class=\"elementor-element elementor-element-0ea7bce elementor-widget elementor-widget-spacer\" data-id=\"0ea7bce\" data-element_type=\"widget\" data-widget_type=\"spacer.default\">\n\t\t\t\t<div class=\"elementor-widget-container\">\n\t\t\t\t\t\t\t<div class=\"elementor-spacer\">\n\t\t\t<div class=\"elementor-spacer-inner\"><\/div>\n\t\t<\/div>\n\t\t\t\t\t\t<\/div>\n\t\t\t\t<\/div>\n\t\t\t\t<\/div>\n\t\t\t\t<\/div>\n\t\t","protected":false},"excerpt":{"rendered":"<p>Recital extraordinar de pian -19 februarie 2022 ADER a organizat S\u00e2mb\u0103t\u0103, 19.02.2022 ora 18,00, la Teatrul Elvira Godeanu, recitalul de pian: Br\u00e2ncu\u0219i &amp; Satie sus\u021binut de Florin Berculescu \u00cen cadrul Colocviilor Brancusi 2022 a avut luc Recitalul Extraordinar sustinut de Florin Berculescu: Brancusi &amp;Satie In deschidere o surpriza placuta a fost oferita de tanarul Vlad&#8230;<\/p>\n","protected":false},"author":2,"featured_media":0,"parent":0,"menu_order":0,"comment_status":"closed","ping_status":"closed","template":"","meta":{"_kad_post_transparent":"","_kad_post_title":"hide","_kad_post_layout":"fullwidth","_kad_post_sidebar_id":"","_kad_post_content_style":"unboxed","_kad_post_vertical_padding":"hide","_kad_post_feature":"hide","_kad_post_feature_position":"","_kad_post_header":false,"_kad_post_footer":false,"_kad_post_classname":"","footnotes":""},"class_list":["post-1753","page","type-page","status-publish","hentry"],"rttpg_featured_image_url":null,"rttpg_author":{"display_name":"Calina Denis","author_link":"https:\/\/4ader.ro\/index.php\/author\/denis_1\/"},"rttpg_comment":0,"rttpg_category":null,"rttpg_excerpt":"Recital extraordinar de pian -19 februarie 2022 ADER a organizat S\u00e2mb\u0103t\u0103, 19.02.2022 ora 18,00, la Teatrul Elvira Godeanu, recitalul de pian: Br\u00e2ncu\u0219i &amp; Satie sus\u021binut de Florin Berculescu \u00cen cadrul Colocviilor Brancusi 2022 a avut luc Recitalul Extraordinar sustinut de Florin Berculescu: Brancusi &amp;Satie In deschidere o surpriza placuta a fost oferita de tanarul Vlad...","_links":{"self":[{"href":"https:\/\/4ader.ro\/index.php\/wp-json\/wp\/v2\/pages\/1753","targetHints":{"allow":["GET"]}}],"collection":[{"href":"https:\/\/4ader.ro\/index.php\/wp-json\/wp\/v2\/pages"}],"about":[{"href":"https:\/\/4ader.ro\/index.php\/wp-json\/wp\/v2\/types\/page"}],"author":[{"embeddable":true,"href":"https:\/\/4ader.ro\/index.php\/wp-json\/wp\/v2\/users\/2"}],"replies":[{"embeddable":true,"href":"https:\/\/4ader.ro\/index.php\/wp-json\/wp\/v2\/comments?post=1753"}],"version-history":[{"count":4,"href":"https:\/\/4ader.ro\/index.php\/wp-json\/wp\/v2\/pages\/1753\/revisions"}],"predecessor-version":[{"id":1761,"href":"https:\/\/4ader.ro\/index.php\/wp-json\/wp\/v2\/pages\/1753\/revisions\/1761"}],"wp:attachment":[{"href":"https:\/\/4ader.ro\/index.php\/wp-json\/wp\/v2\/media?parent=1753"}],"curies":[{"name":"wp","href":"https:\/\/api.w.org\/{rel}","templated":true}]}}

<div data-elementor-type="wp-page" data-elementor-id="1753" class="elementor elementor-1753">
				<div class="elementor-element elementor-element-6b7413c e-con-full e-flex e-con e-parent" data-id="6b7413c" data-element_type="container" data-settings="{&quot;background_background&quot;:&quot;classic&quot;}">
				<div class="elementor-element elementor-element-df78692 elementor-widget elementor-widget-heading" data-id="df78692" data-element_type="widget" data-widget_type="heading.default">
				<div class="elementor-widget-container">
					<h2 class="elementor-heading-title elementor-size-default">Recital extraordinar de pian -19 februarie 2022</h2>				</div>
				</div>
				<div class="elementor-element elementor-element-fac28ec elementor-widget elementor-widget-text-editor" data-id="fac28ec" data-element_type="widget" data-widget_type="text-editor.default">
				<div class="elementor-widget-container">
									<p><strong><i>ADER a organizat Sâmbătă, 19.02.2022 ora 18,00, la Teatrul Elvira Godeanu, recitalul de pian: Brâncuși </i><i>&amp; Satie susținut de Florin Berculescu </i></strong></p>
<p><i>În cadrul Colocviilor Brancusi 2022 a avut luc Recitalul Extraordinar sustinut de Florin Berculescu: Brancusi &amp;Satie </i></p>
<p><i>In deschidere o surpriza placuta a fost oferita de tanarul Vlad Florescu care la 7 ani a debutat pe scena Teatrului </i><i>Elvira Godeanu din Târgu Jiu.</i></p>
<p><i>„Prietenia dintre Satie, mai în vârstă cu zece ani, şi sculptorul român, pe care documentele o situează între anii 1914-</i><i>1923, curmată de moartea lui Satie în 1925, a fost bazată pe atracţia magnetică dintre două personalităţi diferite, </i><i>care îşi găsesc surprinzătoare afinităţi. </i></p>
<p><i>Ei se întâlneau aparent în contrarii: unul era prea complicat, sofisticat până la </i><i>manie, ajuns la simplitate prin dezabuzare, celălalt era prea simplu, suficient de primitiv pentru a accede la </i><i>rafinament. </i></p>
<p><i>Satie avea o înfăţişare burgheză, cu lornion, melon, umbrelă şi ghete, afişând o umilitate provocatoare </i><i>de clovn, neînţeles de mulţi dintre contemporani care vedeau în arta sa «o muzică simplistă cu titluri bizare».</i></p>
<p><i> </i><i>Brâncuşi, căruia Satie i se adresează într-o scrisoare cu «Cher Bon Druide», trăia după străvechi obiceiuri româneşti </i><i>în locuinţa sa din mijlocul Parisului care putea trece drept atelierul unui alchimist, scandalizându-i pe unii care vedeau </i><i>aluzii pornografice în arta sa, în timp ce un Apollinaire găsea că operele sale sunt «dintre cele mai rafinate». </i></p>
<p><i>Dincolo </i><i>de contrarii, ca şi de contradicţiile enorme care înconjoară personalităţi de talia lor în timpul vieţii, două sunt </i><i>trăsăturile care-i unesc fără echivoc: anticonformismul şi umorul“, arată Virginia Barbu în lucrarea „În labirint cu </i><i>Barbu Brezianu. Brâncuşi, muzica şi dansul“</i></p>								</div>
				</div>
				<div class="elementor-element elementor-element-3f20f7a elementor-widget elementor-widget-image-gallery" data-id="3f20f7a" data-element_type="widget" data-widget_type="image-gallery.default">
				<div class="elementor-widget-container">
							<div class="elementor-image-gallery">
			<div id='gallery-1' class='gallery galleryid-1753 gallery-columns-3 gallery-size-thumbnail'><figure class='gallery-item'>
			<div class='gallery-icon landscape'>
				<a data-elementor-open-lightbox="yes" data-elementor-lightbox-slideshow="3f20f7a" data-elementor-lightbox-title="11" data-e-action-hash="#elementor-action%3Aaction%3Dlightbox%26settings%3DeyJpZCI6MTc1NiwidXJsIjoiaHR0cHM6XC9cLzRhZGVyLnJvXC93cC1jb250ZW50XC91cGxvYWRzXC8yMDI0XC8xMFwvMTEuanBnIiwic2xpZGVzaG93IjoiM2YyMGY3YSJ9" href='https://4ader.ro/wp-content/uploads/2024/10/11.jpg'><img decoding="async" width="150" height="150" src="https://4ader.ro/wp-content/uploads/2024/10/11-150x150.jpg" class="attachment-thumbnail size-thumbnail" alt="" /></a>
			</div></figure><figure class='gallery-item'>
			<div class='gallery-icon landscape'>
				<a data-elementor-open-lightbox="yes" data-elementor-lightbox-slideshow="3f20f7a" data-elementor-lightbox-title="12" data-e-action-hash="#elementor-action%3Aaction%3Dlightbox%26settings%3DeyJpZCI6MTc1NywidXJsIjoiaHR0cHM6XC9cLzRhZGVyLnJvXC93cC1jb250ZW50XC91cGxvYWRzXC8yMDI0XC8xMFwvMTIuanBnIiwic2xpZGVzaG93IjoiM2YyMGY3YSJ9" href='https://4ader.ro/wp-content/uploads/2024/10/12.jpg'><img decoding="async" width="150" height="150" src="https://4ader.ro/wp-content/uploads/2024/10/12-150x150.jpg" class="attachment-thumbnail size-thumbnail" alt="" /></a>
			</div></figure><figure class='gallery-item'>
			<div class='gallery-icon portrait'>
				<a data-elementor-open-lightbox="yes" data-elementor-lightbox-slideshow="3f20f7a" data-elementor-lightbox-title="13" data-e-action-hash="#elementor-action%3Aaction%3Dlightbox%26settings%3DeyJpZCI6MTc1OCwidXJsIjoiaHR0cHM6XC9cLzRhZGVyLnJvXC93cC1jb250ZW50XC91cGxvYWRzXC8yMDI0XC8xMFwvMTMuanBnIiwic2xpZGVzaG93IjoiM2YyMGY3YSJ9" href='https://4ader.ro/wp-content/uploads/2024/10/13.jpg'><img decoding="async" width="150" height="150" src="https://4ader.ro/wp-content/uploads/2024/10/13-150x150.jpg" class="attachment-thumbnail size-thumbnail" alt="" /></a>
			</div></figure>
		</div>
		</div>
						</div>
				</div>
				<div class="elementor-element elementor-element-0ea7bce elementor-widget elementor-widget-spacer" data-id="0ea7bce" data-element_type="widget" data-widget_type="spacer.default">
				<div class="elementor-widget-container">
							<div class="elementor-spacer">
			<div class="elementor-spacer-inner"></div>
		</div>
						</div>
				</div>
				</div>
				</div>

<p>Recital extraordinar de pian -19 februarie 2022 ADER a organizat Sâmbătă, 19.02.2022 ora 18,00, la Teatrul Elvira Godeanu, recitalul de pian: Brâncuși &amp; Satie susținut de Florin Berculescu În cadrul Colocviilor Brancusi 2022 a avut luc Recitalul Extraordinar sustinut de Florin Berculescu: Brancusi &amp;Satie In deschidere o surpriza placuta a fost oferita de tanarul Vlad&#8230;</p>

Recital extraordinar de pian -19 februarie 2022 ADER a organizat Sâmbătă, 19.02.2022 ora 18,00, la Teatrul Elvira Godeanu, recitalul de pian: Brâncuși &amp; Satie susținut de Florin Berculescu În cadrul Colocviilor Brancusi 2022 a avut luc Recitalul Extraordinar sustinut de Florin Berculescu: Brancusi &amp;Satie In deschidere o surpriza placuta a fost oferita de tanarul Vlad...
