{"id":1699,"date":"2024-10-08T09:03:30","date_gmt":"2024-10-08T06:03:30","guid":{"rendered":"https:\/\/4ader.ro\/?page_id=1699"},"modified":"2024-10-08T09:57:04","modified_gmt":"2024-10-08T06:57:04","slug":"art-terapie-olarit-creativitate-si-bucurie","status":"publish","type":"page","link":"https:\/\/4ader.ro\/index.php\/art-terapie-olarit-creativitate-si-bucurie\/","title":{"rendered":"ART-TERAPIE: OL\u0102RIT &#8211; Creativitate \u0219i bucurie"},"content":{"rendered":"\t\t<div data-elementor-type=\"wp-page\" data-elementor-id=\"1699\" class=\"elementor elementor-1699\">\n\t\t\t\t<div class=\"elementor-element elementor-element-6b7413c e-con-full e-flex e-con e-parent\" data-id=\"6b7413c\" data-element_type=\"container\" data-settings=\"{&quot;background_background&quot;:&quot;classic&quot;}\">\n\t\t\t\t<div class=\"elementor-element elementor-element-df78692 elementor-widget elementor-widget-heading\" data-id=\"df78692\" data-element_type=\"widget\" data-widget_type=\"heading.default\">\n\t\t\t\t<div class=\"elementor-widget-container\">\n\t\t\t\t\t<h2 class=\"elementor-heading-title elementor-size-default\">ART-TERAPIE: OL\u0102RIT - Creativitate \u0219i bucurie\n<\/h2>\t\t\t\t<\/div>\n\t\t\t\t<\/div>\n\t\t\t\t<div class=\"elementor-element elementor-element-fac28ec elementor-widget elementor-widget-text-editor\" data-id=\"fac28ec\" data-element_type=\"widget\" data-widget_type=\"text-editor.default\">\n\t\t\t\t<div class=\"elementor-widget-container\">\n\t\t\t\t\t\t\t\t\t<p><b>Domeniul proiectului<\/b>: Educa\u021bie non-formal\u0103<\/p><p><b>Perioada<\/b>: 1 august &#8211; 20 decembrie 2024<\/p><p class=\"MsoNormal\" style=\"text-align: justify;\"><b>Descriere proiect<\/b>:<\/p><p class=\"MsoNormal\" style=\"text-align: justify;\">Acest proiect urm\u0103re\u0219te dezvoltarea poten\u021bialului creativ al elevilor prin organizarea de ateliere de ol\u0103rit, o tradi\u021bie specific\u0103 jude\u021bului Gorj. Activit\u0103\u021bile educa\u021bionale vor combina tehnici tradi\u021bionale \u0219i moderne, pentru a stimula creativitatea \u0219i bucuria actului creator.<\/p><p class=\"MsoNormal\"><b>Obiectivele proiectului<\/b>:<\/p><ul style=\"margin-top: 0cm;\" type=\"disc\"><li class=\"MsoNormal\">Dezvoltarea creativit\u0103\u021bii \u0219i sim\u021bului estetic al elevilor prin arta ol\u0103ritului<\/li><li class=\"MsoNormal\">\u00cembun\u0103t\u0103\u021birea abilit\u0103\u021bilor motorii<\/li><li class=\"MsoNormal\">Promovarea me\u0219te\u0219ugurilor tradi\u021bionale rom\u00e2ne\u0219ti<\/li><\/ul><p class=\"MsoNormal\"><b>Beneficiari direc\u021bi:<\/b> min. 400 copii din Gorj<\/p><p class=\"MsoNormal\"><b>Parteneri<\/b>:<br \/>Liceul de Arte din T\u00e2rgu Jiu, diverse \u0219coli gimnaziale din jude\u021bul Gorj (T\u00e2rgu C\u0103rbune\u0219ti, Dr\u0103gu\u021be\u0219ti, C\u00e2lnic, Pe\u0219ti\u0219ani)<\/p><p class=\"MsoNormal\" style=\"margin-bottom: 12.0pt; text-align: justify; line-height: normal;\">Acest proiect este finan\u0163at prin programul Start ONG, lansat de Kaufland Rom\u00e2nia \u015fi implementat de Asocia\u0163ia Act for Tomorrow.<\/p><p class=\"MsoNormal\" style=\"margin-bottom: 12.0pt; text-align: justify; line-height: normal;\">Start ONG este un program lansat de Kaufland Rom\u00e2nia \u0219i implementat de Asocia\u021bia Act for\u00a0 Tomorrow. Domeniile vizate sunt: educa\u021bie, social, mediu, s\u0103n\u0103tate, cultural. Valoarea total\u0103 a programului este de 500.000 de euro. Programul Start ONG este cel mai simplificat instrument de finan\u021bare comunitar\u0103 destinat ONG-urilor tinere, institu\u021biilor publice de \u00eenv\u0103\u021b\u0103m\u00e2nt preuniversitar \u0219i grupurilor informale\/de ini\u021biativ\u0103.<\/p>\t\t\t\t\t\t\t\t<\/div>\n\t\t\t\t<\/div>\n\t\t\t\t<div class=\"elementor-element elementor-element-a872d84 elementor-widget elementor-widget-spacer\" data-id=\"a872d84\" data-element_type=\"widget\" data-widget_type=\"spacer.default\">\n\t\t\t\t<div class=\"elementor-widget-container\">\n\t\t\t\t\t\t\t<div class=\"elementor-spacer\">\n\t\t\t<div class=\"elementor-spacer-inner\"><\/div>\n\t\t<\/div>\n\t\t\t\t\t\t<\/div>\n\t\t\t\t<\/div>\n\t\t\t\t<\/div>\n\t\t\t\t<\/div>\n\t\t","protected":false},"excerpt":{"rendered":"<p>ART-TERAPIE: OL\u0102RIT &#8211; Creativitate \u0219i bucurie Domeniul proiectului: Educa\u021bie non-formal\u0103 Perioada: 1 august &#8211; 20 decembrie 2024 Descriere proiect: Acest proiect urm\u0103re\u0219te dezvoltarea poten\u021bialului creativ al elevilor prin organizarea de ateliere de ol\u0103rit, o tradi\u021bie specific\u0103 jude\u021bului Gorj. Activit\u0103\u021bile educa\u021bionale vor combina tehnici tradi\u021bionale \u0219i moderne, pentru a stimula creativitatea \u0219i bucuria actului creator. Obiectivele&#8230;<\/p>\n","protected":false},"author":2,"featured_media":0,"parent":0,"menu_order":0,"comment_status":"closed","ping_status":"closed","template":"","meta":{"_kad_post_transparent":"","_kad_post_title":"hide","_kad_post_layout":"fullwidth","_kad_post_sidebar_id":"","_kad_post_content_style":"unboxed","_kad_post_vertical_padding":"hide","_kad_post_feature":"hide","_kad_post_feature_position":"","_kad_post_header":false,"_kad_post_footer":false,"_kad_post_classname":"","footnotes":""},"class_list":["post-1699","page","type-page","status-publish","hentry"],"rttpg_featured_image_url":null,"rttpg_author":{"display_name":"Calina Denis","author_link":"https:\/\/4ader.ro\/index.php\/author\/denis_1\/"},"rttpg_comment":0,"rttpg_category":null,"rttpg_excerpt":"ART-TERAPIE: OL\u0102RIT &#8211; Creativitate \u0219i bucurie Domeniul proiectului: Educa\u021bie non-formal\u0103 Perioada: 1 august &#8211; 20 decembrie 2024 Descriere proiect: Acest proiect urm\u0103re\u0219te dezvoltarea poten\u021bialului creativ al elevilor prin organizarea de ateliere de ol\u0103rit, o tradi\u021bie specific\u0103 jude\u021bului Gorj. Activit\u0103\u021bile educa\u021bionale vor combina tehnici tradi\u021bionale \u0219i moderne, pentru a stimula creativitatea \u0219i bucuria actului creator. Obiectivele...","_links":{"self":[{"href":"https:\/\/4ader.ro\/index.php\/wp-json\/wp\/v2\/pages\/1699","targetHints":{"allow":["GET"]}}],"collection":[{"href":"https:\/\/4ader.ro\/index.php\/wp-json\/wp\/v2\/pages"}],"about":[{"href":"https:\/\/4ader.ro\/index.php\/wp-json\/wp\/v2\/types\/page"}],"author":[{"embeddable":true,"href":"https:\/\/4ader.ro\/index.php\/wp-json\/wp\/v2\/users\/2"}],"replies":[{"embeddable":true,"href":"https:\/\/4ader.ro\/index.php\/wp-json\/wp\/v2\/comments?post=1699"}],"version-history":[{"count":10,"href":"https:\/\/4ader.ro\/index.php\/wp-json\/wp\/v2\/pages\/1699\/revisions"}],"predecessor-version":[{"id":1712,"href":"https:\/\/4ader.ro\/index.php\/wp-json\/wp\/v2\/pages\/1699\/revisions\/1712"}],"wp:attachment":[{"href":"https:\/\/4ader.ro\/index.php\/wp-json\/wp\/v2\/media?parent=1699"}],"curies":[{"name":"wp","href":"https:\/\/api.w.org\/{rel}","templated":true}]}}