{"id":1554,"date":"2024-09-25T13:21:13","date_gmt":"2024-09-25T10:21:13","guid":{"rendered":"https:\/\/4ader.ro\/?page_id=1554"},"modified":"2024-09-25T13:42:04","modified_gmt":"2024-09-25T10:42:04","slug":"voluntar-in-targu-jiu-editia-2","status":"publish","type":"page","link":"https:\/\/4ader.ro\/index.php\/voluntar-in-targu-jiu-editia-2\/","title":{"rendered":"Voluntar \u00een T\u00e2rgu-Jiu, Edi\u021bia 2"},"content":{"rendered":"\t\t<div data-elementor-type=\"wp-page\" data-elementor-id=\"1554\" class=\"elementor elementor-1554\">\n\t\t\t\t<div class=\"elementor-element elementor-element-6b7413c e-con-full e-flex e-con e-parent\" data-id=\"6b7413c\" data-element_type=\"container\" data-settings=\"{&quot;background_background&quot;:&quot;classic&quot;}\">\n\t\t\t\t<div class=\"elementor-element elementor-element-df78692 elementor-widget elementor-widget-heading\" data-id=\"df78692\" data-element_type=\"widget\" data-widget_type=\"heading.default\">\n\t\t\t\t<div class=\"elementor-widget-container\">\n\t\t\t\t\t<h2 class=\"elementor-heading-title elementor-size-default\">Voluntar \u00een T\u00e2rgu-Jiu, Edi\u021bia 2 <\/h2>\t\t\t\t<\/div>\n\t\t\t\t<\/div>\n\t\t\t\t<div class=\"elementor-element elementor-element-5ce37fa elementor-widget elementor-widget-text-editor\" data-id=\"5ce37fa\" data-element_type=\"widget\" data-widget_type=\"text-editor.default\">\n\t\t\t\t<div class=\"elementor-widget-container\">\n\t\t\t\t\t\t\t\t\t<p>ADER-Asociatia pentru Democratie Educatie Respect a implementat \u00een perioada Septembrie \u2013 Decembrie 2022 proiectul \u201cVOLUNTAR \u00ceN T\u00c2RGU-JIU\u201d.<br \/>Scopul proiectului a fost promovarea voluntariatului \u00een municipiul T\u00e2rgu-Jiu \u00een r\u00e2ndul tinerilor cu v\u00e2rste cuprinse \u00eentre 14\u201335 ani prin metode non-formale.<br \/>La finalul proiectului a fost organizat un Training pentru Coordonatori de voluntari, \u00een care tinerii s-au pregatit pentru anul 2023, an in care Municipiul Targu Jiu va fi Capitala Tineretului din Romania<br \/>Principalele obiective urm\u0103rite prin implementarea proiectului au fost: cre\u0219terea gradului de con\u0219tientizare a tinerilor cu privire la valoarea voluntariatului pentru comunitatea local\u0103; cre\u015fterea calit\u0103\u0163ii experien\u0163ei de voluntariat \u015fi asigurarea caracterului inclusiv al voluntariatului, pe fondul schimb\u0103rilor demografice \u015fi al orient\u0103rilor valorice ale popula\u0163iei; cre\u015fterea gradului de promovare a voluntariatului \u00een r\u00e2ndul comunit\u0103\u021bii locale.<br \/>Voluntariatul este empatie \u00een ac\u021biune, este baza unui viitor incluziv, astfel c\u0103 \u00eencurajarea tinerilor de a participa la ac\u021biuni de voluntariat este important\u0103 pentru o dezvoltare sustenabil\u0103.<\/p><p><a href=\"https:\/\/www.facebook.com\/plugins\/post.php?href=https%3A%2F%2Fwww.facebook.com%2FADERTarguJiu%2Fposts%2Fpfbid02fCsGZ1wjtRVzn7xF39eDKg6Zu3atfmHdGfzLfa2VSybsF5oG4pLp7DYc8YzxL6Ekl\" target=\"_blank\" rel=\"noopener\"><strong>link facebook<\/strong><\/a><\/p>\t\t\t\t\t\t\t\t<\/div>\n\t\t\t\t<\/div>\n\t\t\t\t<div class=\"elementor-element elementor-element-dc59bf3 elementor-widget elementor-widget-spacer\" data-id=\"dc59bf3\" data-element_type=\"widget\" data-widget_type=\"spacer.default\">\n\t\t\t\t<div class=\"elementor-widget-container\">\n\t\t\t\t\t\t\t<div class=\"elementor-spacer\">\n\t\t\t<div class=\"elementor-spacer-inner\"><\/div>\n\t\t<\/div>\n\t\t\t\t\t\t<\/div>\n\t\t\t\t<\/div>\n\t\t\t\t<\/div>\n\t\t\t\t<\/div>\n\t\t","protected":false},"excerpt":{"rendered":"<p>Voluntar \u00een T\u00e2rgu-Jiu, Edi\u021bia 2 ADER-Asociatia pentru Democratie Educatie Respect a implementat \u00een perioada Septembrie \u2013 Decembrie 2022 proiectul \u201cVOLUNTAR \u00ceN T\u00c2RGU-JIU\u201d.Scopul proiectului a fost promovarea voluntariatului \u00een municipiul T\u00e2rgu-Jiu \u00een r\u00e2ndul tinerilor cu v\u00e2rste cuprinse \u00eentre 14\u201335 ani prin metode non-formale.La finalul proiectului a fost organizat un Training pentru Coordonatori de voluntari, \u00een care&#8230;<\/p>\n","protected":false},"author":2,"featured_media":0,"parent":0,"menu_order":0,"comment_status":"closed","ping_status":"closed","template":"","meta":{"_kad_post_transparent":"","_kad_post_title":"hide","_kad_post_layout":"fullwidth","_kad_post_sidebar_id":"","_kad_post_content_style":"unboxed","_kad_post_vertical_padding":"hide","_kad_post_feature":"hide","_kad_post_feature_position":"","_kad_post_header":false,"_kad_post_footer":false,"_kad_post_classname":"","footnotes":""},"class_list":["post-1554","page","type-page","status-publish","hentry"],"rttpg_featured_image_url":null,"rttpg_author":{"display_name":"Calina Denis","author_link":"https:\/\/4ader.ro\/index.php\/author\/denis_1\/"},"rttpg_comment":0,"rttpg_category":null,"rttpg_excerpt":"Voluntar \u00een T\u00e2rgu-Jiu, Edi\u021bia 2 ADER-Asociatia pentru Democratie Educatie Respect a implementat \u00een perioada Septembrie \u2013 Decembrie 2022 proiectul \u201cVOLUNTAR \u00ceN T\u00c2RGU-JIU\u201d.Scopul proiectului a fost promovarea voluntariatului \u00een municipiul T\u00e2rgu-Jiu \u00een r\u00e2ndul tinerilor cu v\u00e2rste cuprinse \u00eentre 14\u201335 ani prin metode non-formale.La finalul proiectului a fost organizat un Training pentru Coordonatori de voluntari, \u00een care...","_links":{"self":[{"href":"https:\/\/4ader.ro\/index.php\/wp-json\/wp\/v2\/pages\/1554","targetHints":{"allow":["GET"]}}],"collection":[{"href":"https:\/\/4ader.ro\/index.php\/wp-json\/wp\/v2\/pages"}],"about":[{"href":"https:\/\/4ader.ro\/index.php\/wp-json\/wp\/v2\/types\/page"}],"author":[{"embeddable":true,"href":"https:\/\/4ader.ro\/index.php\/wp-json\/wp\/v2\/users\/2"}],"replies":[{"embeddable":true,"href":"https:\/\/4ader.ro\/index.php\/wp-json\/wp\/v2\/comments?post=1554"}],"version-history":[{"count":4,"href":"https:\/\/4ader.ro\/index.php\/wp-json\/wp\/v2\/pages\/1554\/revisions"}],"predecessor-version":[{"id":1568,"href":"https:\/\/4ader.ro\/index.php\/wp-json\/wp\/v2\/pages\/1554\/revisions\/1568"}],"wp:attachment":[{"href":"https:\/\/4ader.ro\/index.php\/wp-json\/wp\/v2\/media?parent=1554"}],"curies":[{"name":"wp","href":"https:\/\/api.w.org\/{rel}","templated":true}]}}

Voluntar în Târgu-Jiu, Ediția 2

<div data-elementor-type="wp-page" data-elementor-id="1554" class="elementor elementor-1554">
				<div class="elementor-element elementor-element-6b7413c e-con-full e-flex e-con e-parent" data-id="6b7413c" data-element_type="container" data-settings="{&quot;background_background&quot;:&quot;classic&quot;}">
				<div class="elementor-element elementor-element-df78692 elementor-widget elementor-widget-heading" data-id="df78692" data-element_type="widget" data-widget_type="heading.default">
				<div class="elementor-widget-container">
					<h2 class="elementor-heading-title elementor-size-default">Voluntar în Târgu-Jiu, Ediția 2 </h2>				</div>
				</div>
				<div class="elementor-element elementor-element-5ce37fa elementor-widget elementor-widget-text-editor" data-id="5ce37fa" data-element_type="widget" data-widget_type="text-editor.default">
				<div class="elementor-widget-container">
									<p>ADER-Asociatia pentru Democratie Educatie Respect a implementat în perioada Septembrie – Decembrie 2022 proiectul “VOLUNTAR ÎN TÂRGU-JIU”.<br />Scopul proiectului a fost promovarea voluntariatului în municipiul Târgu-Jiu în rândul tinerilor cu vârste cuprinse între 14–35 ani prin metode non-formale.<br />La finalul proiectului a fost organizat un Training pentru Coordonatori de voluntari, în care tinerii s-au pregatit pentru anul 2023, an in care Municipiul Targu Jiu va fi Capitala Tineretului din Romania<br />Principalele obiective urmărite prin implementarea proiectului au fost: creșterea gradului de conștientizare a tinerilor cu privire la valoarea voluntariatului pentru comunitatea locală; creşterea calităţii experienţei de voluntariat şi asigurarea caracterului inclusiv al voluntariatului, pe fondul schimbărilor demografice şi al orientărilor valorice ale populaţiei; creşterea gradului de promovare a voluntariatului în rândul comunității locale.<br />Voluntariatul este empatie în acțiune, este baza unui viitor incluziv, astfel că încurajarea tinerilor de a participa la acțiuni de voluntariat este importantă pentru o dezvoltare sustenabilă.</p><p><a href="https://www.facebook.com/plugins/post.php?href=https%3A%2F%2Fwww.facebook.com%2FADERTarguJiu%2Fposts%2Fpfbid02fCsGZ1wjtRVzn7xF39eDKg6Zu3atfmHdGfzLfa2VSybsF5oG4pLp7DYc8YzxL6Ekl" target="_blank" rel="noopener"><strong>link facebook</strong></a></p>								</div>
				</div>
				<div class="elementor-element elementor-element-dc59bf3 elementor-widget elementor-widget-spacer" data-id="dc59bf3" data-element_type="widget" data-widget_type="spacer.default">
				<div class="elementor-widget-container">
							<div class="elementor-spacer">
			<div class="elementor-spacer-inner"></div>
		</div>
						</div>
				</div>
				</div>
				</div>

<p>Voluntar în Târgu-Jiu, Ediția 2 ADER-Asociatia pentru Democratie Educatie Respect a implementat în perioada Septembrie – Decembrie 2022 proiectul “VOLUNTAR ÎN TÂRGU-JIU”.Scopul proiectului a fost promovarea voluntariatului în municipiul Târgu-Jiu în rândul tinerilor cu vârste cuprinse între 14–35 ani prin metode non-formale.La finalul proiectului a fost organizat un Training pentru Coordonatori de voluntari, în care&#8230;</p>

Voluntar în Târgu-Jiu, Ediția 2 ADER-Asociatia pentru Democratie Educatie Respect a implementat în perioada Septembrie – Decembrie 2022 proiectul “VOLUNTAR ÎN TÂRGU-JIU”.Scopul proiectului a fost promovarea voluntariatului în municipiul Târgu-Jiu în rândul tinerilor cu vârste cuprinse între 14–35 ani prin metode non-formale.La finalul proiectului a fost organizat un Training pentru Coordonatori de voluntari, în care...
