{"id":1553,"date":"2024-09-25T13:27:27","date_gmt":"2024-09-25T10:27:27","guid":{"rendered":"https:\/\/4ader.ro\/?page_id=1553"},"modified":"2024-09-25T13:42:54","modified_gmt":"2024-09-25T10:42:54","slug":"educatie-pentru-media-informare-si-constientizare","status":"publish","type":"page","link":"https:\/\/4ader.ro\/index.php\/educatie-pentru-media-informare-si-constientizare\/","title":{"rendered":"EDUCA\u021aIE pentru MEDIA: informare \u0219i con\u0219tientizare"},"content":{"rendered":"\t\t<div data-elementor-type=\"wp-page\" data-elementor-id=\"1553\" class=\"elementor elementor-1553\">\n\t\t\t\t<div class=\"elementor-element elementor-element-6b7413c e-con-full e-flex e-con e-parent\" data-id=\"6b7413c\" data-element_type=\"container\" data-settings=\"{&quot;background_background&quot;:&quot;classic&quot;}\">\n\t\t\t\t<div class=\"elementor-element elementor-element-df78692 elementor-widget elementor-widget-heading\" data-id=\"df78692\" data-element_type=\"widget\" data-widget_type=\"heading.default\">\n\t\t\t\t<div class=\"elementor-widget-container\">\n\t\t\t\t\t<h2 class=\"elementor-heading-title elementor-size-default\">EDUCA\u021aIE pentru MEDIA: informare \u0219i con\u0219tientizare<\/h2>\t\t\t\t<\/div>\n\t\t\t\t<\/div>\n\t\t\t\t<div class=\"elementor-element elementor-element-5ce37fa elementor-widget elementor-widget-text-editor\" data-id=\"5ce37fa\" data-element_type=\"widget\" data-widget_type=\"text-editor.default\">\n\t\t\t\t<div class=\"elementor-widget-container\">\n\t\t\t\t\t\t\t\t\t<p>Proiectul \u201eEDUCA\u021aIE pentru MEDIA: informare \u0219i con\u0219tientizare\u201d* a continuat ast\u0103zi, 16 octombrie 2023,la Liceul de Arte &#8220;Constantin Br\u0103iloiu&#8221; T\u00e2rgu Jiu unde echipa ADER a sus\u021binut un WORKSHOP INTERACTIV.<br \/>In cadrul acestei ac\u021biuni elevii au primit informa\u021bii despre con\u021binutul media, identificarea unei \u0219tiri false \u0219i cum s\u0103 se protejeze de informa\u021biile nocive.<br \/>De asemenea, \u00een cadrul proiectului a fost distribuit\u0103 participan\u021bilor bro\u0219ura \u201eGhid de educa\u021bie media\u201d.<br \/>Proiect derulat in parteneriat cu CNA &#8211; Consiliul Na\u021bional al Audiovizualului<br \/>* Proiect cofinan\u021bat din bugetul Jude\u021bului Gorj pe anul 2023<\/p><p><a href=\"https:\/\/www.facebook.com\/plugins\/post.php?href=https%3A%2F%2Fwww.facebook.com%2FADERTarguJiu%2Fposts%2Fpfbid035LisLp8ujDZjiBtjdD4Spr4Wh5aZB8nrXpQaej1sFSSfAs25Jymiemd2UZbAALppl\" target=\"_blank\" rel=\"noopener\"><strong>link facebook<\/strong><\/a><\/p>\t\t\t\t\t\t\t\t<\/div>\n\t\t\t\t<\/div>\n\t\t\t\t<div class=\"elementor-element elementor-element-dc59bf3 elementor-widget elementor-widget-spacer\" data-id=\"dc59bf3\" data-element_type=\"widget\" data-widget_type=\"spacer.default\">\n\t\t\t\t<div class=\"elementor-widget-container\">\n\t\t\t\t\t\t\t<div class=\"elementor-spacer\">\n\t\t\t<div class=\"elementor-spacer-inner\"><\/div>\n\t\t<\/div>\n\t\t\t\t\t\t<\/div>\n\t\t\t\t<\/div>\n\t\t\t\t<\/div>\n\t\t\t\t<\/div>\n\t\t","protected":false},"excerpt":{"rendered":"<p>EDUCA\u021aIE pentru MEDIA: informare \u0219i con\u0219tientizare Proiectul \u201eEDUCA\u021aIE pentru MEDIA: informare \u0219i con\u0219tientizare\u201d* a continuat ast\u0103zi, 16 octombrie 2023,la Liceul de Arte &#8220;Constantin Br\u0103iloiu&#8221; T\u00e2rgu Jiu unde echipa ADER a sus\u021binut un WORKSHOP INTERACTIV.In cadrul acestei ac\u021biuni elevii au primit informa\u021bii despre con\u021binutul media, identificarea unei \u0219tiri false \u0219i cum s\u0103 se protejeze de informa\u021biile&#8230;<\/p>\n","protected":false},"author":2,"featured_media":0,"parent":0,"menu_order":0,"comment_status":"closed","ping_status":"closed","template":"","meta":{"_kad_post_transparent":"","_kad_post_title":"hide","_kad_post_layout":"fullwidth","_kad_post_sidebar_id":"","_kad_post_content_style":"unboxed","_kad_post_vertical_padding":"hide","_kad_post_feature":"hide","_kad_post_feature_position":"","_kad_post_header":false,"_kad_post_footer":false,"_kad_post_classname":"","footnotes":""},"class_list":["post-1553","page","type-page","status-publish","hentry"],"rttpg_featured_image_url":null,"rttpg_author":{"display_name":"Calina Denis","author_link":"https:\/\/4ader.ro\/index.php\/author\/denis_1\/"},"rttpg_comment":0,"rttpg_category":null,"rttpg_excerpt":"EDUCA\u021aIE pentru MEDIA: informare \u0219i con\u0219tientizare Proiectul \u201eEDUCA\u021aIE pentru MEDIA: informare \u0219i con\u0219tientizare\u201d* a continuat ast\u0103zi, 16 octombrie 2023,la Liceul de Arte &#8220;Constantin Br\u0103iloiu&#8221; T\u00e2rgu Jiu unde echipa ADER a sus\u021binut un WORKSHOP INTERACTIV.In cadrul acestei ac\u021biuni elevii au primit informa\u021bii despre con\u021binutul media, identificarea unei \u0219tiri false \u0219i cum s\u0103 se protejeze de informa\u021biile...","_links":{"self":[{"href":"https:\/\/4ader.ro\/index.php\/wp-json\/wp\/v2\/pages\/1553","targetHints":{"allow":["GET"]}}],"collection":[{"href":"https:\/\/4ader.ro\/index.php\/wp-json\/wp\/v2\/pages"}],"about":[{"href":"https:\/\/4ader.ro\/index.php\/wp-json\/wp\/v2\/types\/page"}],"author":[{"embeddable":true,"href":"https:\/\/4ader.ro\/index.php\/wp-json\/wp\/v2\/users\/2"}],"replies":[{"embeddable":true,"href":"https:\/\/4ader.ro\/index.php\/wp-json\/wp\/v2\/comments?post=1553"}],"version-history":[{"count":4,"href":"https:\/\/4ader.ro\/index.php\/wp-json\/wp\/v2\/pages\/1553\/revisions"}],"predecessor-version":[{"id":1571,"href":"https:\/\/4ader.ro\/index.php\/wp-json\/wp\/v2\/pages\/1553\/revisions\/1571"}],"wp:attachment":[{"href":"https:\/\/4ader.ro\/index.php\/wp-json\/wp\/v2\/media?parent=1553"}],"curies":[{"name":"wp","href":"https:\/\/api.w.org\/{rel}","templated":true}]}}

EDUCAȚIE pentru MEDIA: informare și conștientizare

<div data-elementor-type="wp-page" data-elementor-id="1553" class="elementor elementor-1553">
				<div class="elementor-element elementor-element-6b7413c e-con-full e-flex e-con e-parent" data-id="6b7413c" data-element_type="container" data-settings="{&quot;background_background&quot;:&quot;classic&quot;}">
				<div class="elementor-element elementor-element-df78692 elementor-widget elementor-widget-heading" data-id="df78692" data-element_type="widget" data-widget_type="heading.default">
				<div class="elementor-widget-container">
					<h2 class="elementor-heading-title elementor-size-default">EDUCAȚIE pentru MEDIA: informare și conștientizare</h2>				</div>
				</div>
				<div class="elementor-element elementor-element-5ce37fa elementor-widget elementor-widget-text-editor" data-id="5ce37fa" data-element_type="widget" data-widget_type="text-editor.default">
				<div class="elementor-widget-container">
									<p>Proiectul „EDUCAȚIE pentru MEDIA: informare și conștientizare”* a continuat astăzi, 16 octombrie 2023,la Liceul de Arte &#8220;Constantin Brăiloiu&#8221; Târgu Jiu unde echipa ADER a susținut un WORKSHOP INTERACTIV.<br />In cadrul acestei acțiuni elevii au primit informații despre conținutul media, identificarea unei știri false și cum să se protejeze de informațiile nocive.<br />De asemenea, în cadrul proiectului a fost distribuită participanților broșura „Ghid de educație media”.<br />Proiect derulat in parteneriat cu CNA &#8211; Consiliul Național al Audiovizualului<br />* Proiect cofinanțat din bugetul Județului Gorj pe anul 2023</p><p><a href="https://www.facebook.com/plugins/post.php?href=https%3A%2F%2Fwww.facebook.com%2FADERTarguJiu%2Fposts%2Fpfbid035LisLp8ujDZjiBtjdD4Spr4Wh5aZB8nrXpQaej1sFSSfAs25Jymiemd2UZbAALppl" target="_blank" rel="noopener"><strong>link facebook</strong></a></p>								</div>
				</div>
				<div class="elementor-element elementor-element-dc59bf3 elementor-widget elementor-widget-spacer" data-id="dc59bf3" data-element_type="widget" data-widget_type="spacer.default">
				<div class="elementor-widget-container">
							<div class="elementor-spacer">
			<div class="elementor-spacer-inner"></div>
		</div>
						</div>
				</div>
				</div>
				</div>

<p>EDUCAȚIE pentru MEDIA: informare și conștientizare Proiectul „EDUCAȚIE pentru MEDIA: informare și conștientizare”* a continuat astăzi, 16 octombrie 2023,la Liceul de Arte &#8220;Constantin Brăiloiu&#8221; Târgu Jiu unde echipa ADER a susținut un WORKSHOP INTERACTIV.In cadrul acestei acțiuni elevii au primit informații despre conținutul media, identificarea unei știri false și cum să se protejeze de informațiile&#8230;</p>

EDUCAȚIE pentru MEDIA: informare și conștientizare Proiectul „EDUCAȚIE pentru MEDIA: informare și conștientizare”* a continuat astăzi, 16 octombrie 2023,la Liceul de Arte &#8220;Constantin Brăiloiu&#8221; Târgu Jiu unde echipa ADER a susținut un WORKSHOP INTERACTIV.In cadrul acestei acțiuni elevii au primit informații despre conținutul media, identificarea unei știri false și cum să se protejeze de informațiile...
