{"id":1552,"date":"2024-09-25T13:26:41","date_gmt":"2024-09-25T10:26:41","guid":{"rendered":"https:\/\/4ader.ro\/?page_id=1552"},"modified":"2024-09-25T13:43:54","modified_gmt":"2024-09-25T10:43:54","slug":"turneul-stradivarius-2023-partener","status":"publish","type":"page","link":"https:\/\/4ader.ro\/index.php\/turneul-stradivarius-2023-partener\/","title":{"rendered":"Turneul Stradivarius 2023 \u2013 partener"},"content":{"rendered":"\t\t<div data-elementor-type=\"wp-page\" data-elementor-id=\"1552\" class=\"elementor elementor-1552\">\n\t\t\t\t<div class=\"elementor-element elementor-element-6b7413c e-con-full e-flex e-con e-parent\" data-id=\"6b7413c\" data-element_type=\"container\" data-settings=\"{&quot;background_background&quot;:&quot;classic&quot;}\">\n\t\t\t\t<div class=\"elementor-element elementor-element-df78692 elementor-widget elementor-widget-heading\" data-id=\"df78692\" data-element_type=\"widget\" data-widget_type=\"heading.default\">\n\t\t\t\t<div class=\"elementor-widget-container\">\n\t\t\t\t\t<h2 class=\"elementor-heading-title elementor-size-default\">Turneul Stradivarius 2023 \u2013 partener<\/h2>\t\t\t\t<\/div>\n\t\t\t\t<\/div>\n\t\t\t\t<div class=\"elementor-element elementor-element-5ce37fa elementor-widget elementor-widget-text-editor\" data-id=\"5ce37fa\" data-element_type=\"widget\" data-widget_type=\"text-editor.default\">\n\t\t\t\t<div class=\"elementor-widget-container\">\n\t\t\t\t\t\t\t\t\t<p>Ascult\u0103 cum \u00eenflore\u0219te Muzica din TURNEUL INTERNA\u021aIONAL STRADIVARIUS! <br \/>Hai s\u0103 o tr\u0103im \u00eempreun\u0103!<br \/>&#8220;IN THE MOOD FOR LOVE&#8221; este o conexiune \u00een armonie de sunete, \u00eentre vioar\u0103 \u0219i pian, a muzicii compozitorilor na\u021bionali \u0219i universali.<br \/>ALEXANDRU TOMESCU &amp; Vioara Stradivarius Elder-Voicu \u0219i pianista ADELA LICULESCU vor inspira audien\u021ba la Medita\u021bie, Reflec\u021bie \u0219i Iubire, \u00eentr-un program muzical de 70 minute, TURNEUL INTERNA\u021aIONAL STRADIVARIUS &#8211; &#8220;IN THE MOOD FOR LOVE&#8221; &#8211; 17 concerte, in perioada: 20 iunie &#8211; 9 iulie 2023<br \/>Detalii &gt;&gt;&gt; turneulstradivarius.ro<\/p><p><a href=\"https:\/\/www.facebook.com\/plugins\/post.php?href=https%3A%2F%2Fwww.facebook.com%2FADERTarguJiu%2Fposts%2Fpfbid0MUDdPJzh1LURZehXzFDvXVLwn1ksojeqXsXDSJhjHHRnJv79Sm3ipJwfDfg6q1sil\" target=\"_blank\" rel=\"noopener\"><strong>link facebook<\/strong><\/a><\/p>\t\t\t\t\t\t\t\t<\/div>\n\t\t\t\t<\/div>\n\t\t\t\t<div class=\"elementor-element elementor-element-dc59bf3 elementor-widget elementor-widget-spacer\" data-id=\"dc59bf3\" data-element_type=\"widget\" data-widget_type=\"spacer.default\">\n\t\t\t\t<div class=\"elementor-widget-container\">\n\t\t\t\t\t\t\t<div class=\"elementor-spacer\">\n\t\t\t<div class=\"elementor-spacer-inner\"><\/div>\n\t\t<\/div>\n\t\t\t\t\t\t<\/div>\n\t\t\t\t<\/div>\n\t\t\t\t<\/div>\n\t\t\t\t<\/div>\n\t\t","protected":false},"excerpt":{"rendered":"<p>Turneul Stradivarius 2023 \u2013 partener Ascult\u0103 cum \u00eenflore\u0219te Muzica din TURNEUL INTERNA\u021aIONAL STRADIVARIUS! Hai s\u0103 o tr\u0103im \u00eempreun\u0103!&#8220;IN THE MOOD FOR LOVE&#8221; este o conexiune \u00een armonie de sunete, \u00eentre vioar\u0103 \u0219i pian, a muzicii compozitorilor na\u021bionali \u0219i universali.ALEXANDRU TOMESCU &amp; Vioara Stradivarius Elder-Voicu \u0219i pianista ADELA LICULESCU vor inspira audien\u021ba la Medita\u021bie, Reflec\u021bie \u0219i&#8230;<\/p>\n","protected":false},"author":2,"featured_media":0,"parent":0,"menu_order":0,"comment_status":"closed","ping_status":"closed","template":"","meta":{"_kad_post_transparent":"","_kad_post_title":"hide","_kad_post_layout":"fullwidth","_kad_post_sidebar_id":"","_kad_post_content_style":"unboxed","_kad_post_vertical_padding":"hide","_kad_post_feature":"hide","_kad_post_feature_position":"","_kad_post_header":false,"_kad_post_footer":false,"_kad_post_classname":"","footnotes":""},"class_list":["post-1552","page","type-page","status-publish","hentry"],"rttpg_featured_image_url":null,"rttpg_author":{"display_name":"Calina Denis","author_link":"https:\/\/4ader.ro\/index.php\/author\/denis_1\/"},"rttpg_comment":0,"rttpg_category":null,"rttpg_excerpt":"Turneul Stradivarius 2023 \u2013 partener Ascult\u0103 cum \u00eenflore\u0219te Muzica din TURNEUL INTERNA\u021aIONAL STRADIVARIUS! Hai s\u0103 o tr\u0103im \u00eempreun\u0103!&#8220;IN THE MOOD FOR LOVE&#8221; este o conexiune \u00een armonie de sunete, \u00eentre vioar\u0103 \u0219i pian, a muzicii compozitorilor na\u021bionali \u0219i universali.ALEXANDRU TOMESCU &amp; Vioara Stradivarius Elder-Voicu \u0219i pianista ADELA LICULESCU vor inspira audien\u021ba la Medita\u021bie, Reflec\u021bie \u0219i...","_links":{"self":[{"href":"https:\/\/4ader.ro\/index.php\/wp-json\/wp\/v2\/pages\/1552","targetHints":{"allow":["GET"]}}],"collection":[{"href":"https:\/\/4ader.ro\/index.php\/wp-json\/wp\/v2\/pages"}],"about":[{"href":"https:\/\/4ader.ro\/index.php\/wp-json\/wp\/v2\/types\/page"}],"author":[{"embeddable":true,"href":"https:\/\/4ader.ro\/index.php\/wp-json\/wp\/v2\/users\/2"}],"replies":[{"embeddable":true,"href":"https:\/\/4ader.ro\/index.php\/wp-json\/wp\/v2\/comments?post=1552"}],"version-history":[{"count":4,"href":"https:\/\/4ader.ro\/index.php\/wp-json\/wp\/v2\/pages\/1552\/revisions"}],"predecessor-version":[{"id":1574,"href":"https:\/\/4ader.ro\/index.php\/wp-json\/wp\/v2\/pages\/1552\/revisions\/1574"}],"wp:attachment":[{"href":"https:\/\/4ader.ro\/index.php\/wp-json\/wp\/v2\/media?parent=1552"}],"curies":[{"name":"wp","href":"https:\/\/api.w.org\/{rel}","templated":true}]}}