{"id":1551,"date":"2024-09-25T13:39:06","date_gmt":"2024-09-25T10:39:06","guid":{"rendered":"https:\/\/4ader.ro\/?page_id=1551"},"modified":"2024-09-25T13:46:37","modified_gmt":"2024-09-25T10:46:37","slug":"teambuilding-in-cadrul-primariei-targu-jiu","status":"publish","type":"page","link":"https:\/\/4ader.ro\/index.php\/teambuilding-in-cadrul-primariei-targu-jiu\/","title":{"rendered":"Teambuilding \u00een cadrul Prim\u0103riei T\u00e2rgu-Jiu"},"content":{"rendered":"\t\t<div data-elementor-type=\"wp-page\" data-elementor-id=\"1551\" class=\"elementor elementor-1551\">\n\t\t\t\t<div class=\"elementor-element elementor-element-6b7413c e-con-full e-flex e-con e-parent\" data-id=\"6b7413c\" data-element_type=\"container\" data-settings=\"{&quot;background_background&quot;:&quot;classic&quot;}\">\n\t\t\t\t<div class=\"elementor-element elementor-element-df78692 elementor-widget elementor-widget-heading\" data-id=\"df78692\" data-element_type=\"widget\" data-widget_type=\"heading.default\">\n\t\t\t\t<div class=\"elementor-widget-container\">\n\t\t\t\t\t<h2 class=\"elementor-heading-title elementor-size-default\">Teambuilding \u00een cadrul Prim\u0103riei T\u00e2rgu-Jiu<\/h2>\t\t\t\t<\/div>\n\t\t\t\t<\/div>\n\t\t\t\t<div class=\"elementor-element elementor-element-5ce37fa elementor-widget elementor-widget-text-editor\" data-id=\"5ce37fa\" data-element_type=\"widget\" data-widget_type=\"text-editor.default\">\n\t\t\t\t<div class=\"elementor-widget-container\">\n\t\t\t\t\t\t\t\t\t<p>Asocia\u021bia pentru Democra\u021bie Educa\u021bie Respect (ADER) \u00eempreun\u0103 cu Prim\u0103ria Municipiului T\u00e2rgu Jiu v\u0103 invit\u0103 s\u0103 v\u0103 al\u0103tura\u021bi unui concept unic: Team building \u00een cadrul Prim\u0103riei T\u00e2rgu-Jiu!<br \/>Dezvoltarea unei comunit\u0103\u021bi are ca punct de pornire resursele endogene, iar \u00een prim plan resursa uman\u0103 \u0219i poten\u021bialul creativ al acesteia.<br \/>\u00cencuraj\u0103m tinerii s\u0103 \u00ee\u0219i dezvolte voin\u021ba de a contribui la dezvoltarea comunit\u0103\u021bii locale \u015fi \u00eei angren\u0103m \u00een proiectele locale pentru un viitor sustenabil. Abilit\u0103\u021bile lor manageriale \u015fi de guvernare sunt dezvoltate sub \u00eendrumarea partenerilor no\u0219tri din administra\u021bia local\u0103.<br \/>CINE poate participa? Tineri (14 \u2013 35 ani)<br \/>C\u00c2ND? 21 iunie 2023 (10.00-16.00)<br \/>AGENDA va fi postat\u0103 \u00een cur\u00e2nd.<br \/>Participarea este gratuit\u0103. \u00cenregistrarea este obligatorie. Locurile sunt limitate!<br \/>Dac\u0103 sunte\u021bi gata s\u0103 v\u0103 al\u0103tura\u021bi evenimentului v\u0103 rug\u0103m s\u0103 v\u0103 \u00eenregistra\u021bi p\u00e2n\u0103 cel t\u00e2rziu la data de 20.06.2023, ora 14.00: https:\/\/forms.gle\/mKBG5AybASMT59LVA <br \/>V\u0103 vom contacta pentru confirmare \u0219i detalii.<br \/>Ac\u021biunea este desf\u0103\u0219urat\u0103 sub egida programului T\u00e2rgu Jiu &#8211; Capitala Tineretului din Rom\u00e2nia 2023<\/p><p><a href=\"https:\/\/www.facebook.com\/plugins\/post.php?href=https%3A%2F%2Fwww.facebook.com%2FADERTarguJiu%2Fposts%2Fpfbid0ci4CRW4kJSe2eFia9jmmWRRkq7UvyQmLj5dKYNNKqc7HkCt8xnKRf3DiN5cS2kP5l\" target=\"_blank\" rel=\"noopener\"><strong>link facebook<\/strong><\/a><\/p>\t\t\t\t\t\t\t\t<\/div>\n\t\t\t\t<\/div>\n\t\t\t\t<div class=\"elementor-element elementor-element-dc59bf3 elementor-widget elementor-widget-spacer\" data-id=\"dc59bf3\" data-element_type=\"widget\" data-widget_type=\"spacer.default\">\n\t\t\t\t<div class=\"elementor-widget-container\">\n\t\t\t\t\t\t\t<div class=\"elementor-spacer\">\n\t\t\t<div class=\"elementor-spacer-inner\"><\/div>\n\t\t<\/div>\n\t\t\t\t\t\t<\/div>\n\t\t\t\t<\/div>\n\t\t\t\t<\/div>\n\t\t\t\t<\/div>\n\t\t","protected":false},"excerpt":{"rendered":"<p>Teambuilding \u00een cadrul Prim\u0103riei T\u00e2rgu-Jiu Asocia\u021bia pentru Democra\u021bie Educa\u021bie Respect (ADER) \u00eempreun\u0103 cu Prim\u0103ria Municipiului T\u00e2rgu Jiu v\u0103 invit\u0103 s\u0103 v\u0103 al\u0103tura\u021bi unui concept unic: Team building \u00een cadrul Prim\u0103riei T\u00e2rgu-Jiu!Dezvoltarea unei comunit\u0103\u021bi are ca punct de pornire resursele endogene, iar \u00een prim plan resursa uman\u0103 \u0219i poten\u021bialul creativ al acesteia.\u00cencuraj\u0103m tinerii s\u0103 \u00ee\u0219i dezvolte&#8230;<\/p>\n","protected":false},"author":2,"featured_media":0,"parent":0,"menu_order":0,"comment_status":"closed","ping_status":"closed","template":"","meta":{"_kad_post_transparent":"","_kad_post_title":"hide","_kad_post_layout":"fullwidth","_kad_post_sidebar_id":"","_kad_post_content_style":"unboxed","_kad_post_vertical_padding":"hide","_kad_post_feature":"hide","_kad_post_feature_position":"","_kad_post_header":false,"_kad_post_footer":false,"_kad_post_classname":"","footnotes":""},"class_list":["post-1551","page","type-page","status-publish","hentry"],"rttpg_featured_image_url":null,"rttpg_author":{"display_name":"Calina Denis","author_link":"https:\/\/4ader.ro\/index.php\/author\/denis_1\/"},"rttpg_comment":0,"rttpg_category":null,"rttpg_excerpt":"Teambuilding \u00een cadrul Prim\u0103riei T\u00e2rgu-Jiu Asocia\u021bia pentru Democra\u021bie Educa\u021bie Respect (ADER) \u00eempreun\u0103 cu Prim\u0103ria Municipiului T\u00e2rgu Jiu v\u0103 invit\u0103 s\u0103 v\u0103 al\u0103tura\u021bi unui concept unic: Team building \u00een cadrul Prim\u0103riei T\u00e2rgu-Jiu!Dezvoltarea unei comunit\u0103\u021bi are ca punct de pornire resursele endogene, iar \u00een prim plan resursa uman\u0103 \u0219i poten\u021bialul creativ al acesteia.\u00cencuraj\u0103m tinerii s\u0103 \u00ee\u0219i dezvolte...","_links":{"self":[{"href":"https:\/\/4ader.ro\/index.php\/wp-json\/wp\/v2\/pages\/1551","targetHints":{"allow":["GET"]}}],"collection":[{"href":"https:\/\/4ader.ro\/index.php\/wp-json\/wp\/v2\/pages"}],"about":[{"href":"https:\/\/4ader.ro\/index.php\/wp-json\/wp\/v2\/types\/page"}],"author":[{"embeddable":true,"href":"https:\/\/4ader.ro\/index.php\/wp-json\/wp\/v2\/users\/2"}],"replies":[{"embeddable":true,"href":"https:\/\/4ader.ro\/index.php\/wp-json\/wp\/v2\/comments?post=1551"}],"version-history":[{"count":4,"href":"https:\/\/4ader.ro\/index.php\/wp-json\/wp\/v2\/pages\/1551\/revisions"}],"predecessor-version":[{"id":1577,"href":"https:\/\/4ader.ro\/index.php\/wp-json\/wp\/v2\/pages\/1551\/revisions\/1577"}],"wp:attachment":[{"href":"https:\/\/4ader.ro\/index.php\/wp-json\/wp\/v2\/media?parent=1551"}],"curies":[{"name":"wp","href":"https:\/\/api.w.org\/{rel}","templated":true}]}}

Teambuilding în cadrul Primăriei Târgu-Jiu

<div data-elementor-type="wp-page" data-elementor-id="1551" class="elementor elementor-1551">
				<div class="elementor-element elementor-element-6b7413c e-con-full e-flex e-con e-parent" data-id="6b7413c" data-element_type="container" data-settings="{&quot;background_background&quot;:&quot;classic&quot;}">
				<div class="elementor-element elementor-element-df78692 elementor-widget elementor-widget-heading" data-id="df78692" data-element_type="widget" data-widget_type="heading.default">
				<div class="elementor-widget-container">
					<h2 class="elementor-heading-title elementor-size-default">Teambuilding în cadrul Primăriei Târgu-Jiu</h2>				</div>
				</div>
				<div class="elementor-element elementor-element-5ce37fa elementor-widget elementor-widget-text-editor" data-id="5ce37fa" data-element_type="widget" data-widget_type="text-editor.default">
				<div class="elementor-widget-container">
									<p>Asociația pentru Democrație Educație Respect (ADER) împreună cu Primăria Municipiului Târgu Jiu vă invită să vă alăturați unui concept unic: Team building în cadrul Primăriei Târgu-Jiu!<br />Dezvoltarea unei comunități are ca punct de pornire resursele endogene, iar în prim plan resursa umană și potențialul creativ al acesteia.<br />Încurajăm tinerii să își dezvolte voința de a contribui la dezvoltarea comunității locale şi îi angrenăm în proiectele locale pentru un viitor sustenabil. Abilitățile lor manageriale şi de guvernare sunt dezvoltate sub îndrumarea partenerilor noștri din administrația locală.<br />CINE poate participa? Tineri (14 – 35 ani)<br />CÂND? 21 iunie 2023 (10.00-16.00)<br />AGENDA va fi postată în curând.<br />Participarea este gratuită. Înregistrarea este obligatorie. Locurile sunt limitate!<br />Dacă sunteți gata să vă alăturați evenimentului vă rugăm să vă înregistrați până cel târziu la data de 20.06.2023, ora 14.00: https://forms.gle/mKBG5AybASMT59LVA <br />Vă vom contacta pentru confirmare și detalii.<br />Acțiunea este desfășurată sub egida programului Târgu Jiu &#8211; Capitala Tineretului din România 2023</p><p><a href="https://www.facebook.com/plugins/post.php?href=https%3A%2F%2Fwww.facebook.com%2FADERTarguJiu%2Fposts%2Fpfbid0ci4CRW4kJSe2eFia9jmmWRRkq7UvyQmLj5dKYNNKqc7HkCt8xnKRf3DiN5cS2kP5l" target="_blank" rel="noopener"><strong>link facebook</strong></a></p>								</div>
				</div>
				<div class="elementor-element elementor-element-dc59bf3 elementor-widget elementor-widget-spacer" data-id="dc59bf3" data-element_type="widget" data-widget_type="spacer.default">
				<div class="elementor-widget-container">
							<div class="elementor-spacer">
			<div class="elementor-spacer-inner"></div>
		</div>
						</div>
				</div>
				</div>
				</div>

<p>Teambuilding în cadrul Primăriei Târgu-Jiu Asociația pentru Democrație Educație Respect (ADER) împreună cu Primăria Municipiului Târgu Jiu vă invită să vă alăturați unui concept unic: Team building în cadrul Primăriei Târgu-Jiu!Dezvoltarea unei comunități are ca punct de pornire resursele endogene, iar în prim plan resursa umană și potențialul creativ al acesteia.Încurajăm tinerii să își dezvolte&#8230;</p>

Teambuilding în cadrul Primăriei Târgu-Jiu Asociația pentru Democrație Educație Respect (ADER) împreună cu Primăria Municipiului Târgu Jiu vă invită să vă alăturați unui concept unic: Team building în cadrul Primăriei Târgu-Jiu!Dezvoltarea unei comunități are ca punct de pornire resursele endogene, iar în prim plan resursa umană și potențialul creativ al acesteia.Încurajăm tinerii să își dezvolte...
