{"id":1549,"date":"2024-09-25T13:37:47","date_gmt":"2024-09-25T10:37:47","guid":{"rendered":"https:\/\/4ader.ro\/?page_id=1549"},"modified":"2024-09-25T13:49:39","modified_gmt":"2024-09-25T10:49:39","slug":"brancusi-in-ochi-de-copil-concurs-de-arta-fotografica","status":"publish","type":"page","link":"https:\/\/4ader.ro\/index.php\/brancusi-in-ochi-de-copil-concurs-de-arta-fotografica\/","title":{"rendered":"Br\u00e2ncu\u0219i \u00een ochi de copil &#8211; Concurs de art\u0103 fotografic\u0103"},"content":{"rendered":"\t\t<div data-elementor-type=\"wp-page\" data-elementor-id=\"1549\" class=\"elementor elementor-1549\">\n\t\t\t\t<div class=\"elementor-element elementor-element-6b7413c e-con-full e-flex e-con e-parent\" data-id=\"6b7413c\" data-element_type=\"container\" data-settings=\"{&quot;background_background&quot;:&quot;classic&quot;}\">\n\t\t\t\t<div class=\"elementor-element elementor-element-df78692 elementor-widget elementor-widget-heading\" data-id=\"df78692\" data-element_type=\"widget\" data-widget_type=\"heading.default\">\n\t\t\t\t<div class=\"elementor-widget-container\">\n\t\t\t\t\t<h2 class=\"elementor-heading-title elementor-size-default\">Br\u00e2ncu\u0219i \u00een ochi de copil - Concurs de art\u0103 fotografic\u0103<\/h2>\t\t\t\t<\/div>\n\t\t\t\t<\/div>\n\t\t\t\t<div class=\"elementor-element elementor-element-5ce37fa elementor-widget elementor-widget-text-editor\" data-id=\"5ce37fa\" data-element_type=\"widget\" data-widget_type=\"text-editor.default\">\n\t\t\t\t<div class=\"elementor-widget-container\">\n\t\t\t\t\t\t\t\t\t<p>Concurs de art\u0103 fotografic\u0103 <br \/>Consiliul Local \u0219i Prim\u0103ria Municipiului T\u00e2rgu Jiu, prin Centrul de Cercetare, Documentare \u0219i Promovare \u201eConstantin Br\u00e2ncu\u0219i\u201d, organizeaz\u0103 concursul de arta fotografic\u0103 \u201eBr\u00e2ncu\u0219i \u00een ochi de copil\u201d, adresat tinerilor din jude\u021bul Gorj care au v\u00e2rsta cuprins\u0103 \u00eentre 10 \u0219i 18 ani. <br \/>Perioada de \u00eenscriere este 15 mai 2023 (ora 08:00) \u2013 29 mai 2023 (ora 16:00). <br \/>Dup\u0103 concurs, \u00een Parcul Central \u201eConstantin Br\u00e2ncu\u0219i\u201d \u0219i \u00een Parcul \u201eColoanei f\u0103r\u0103 Sf\u00e2r\u0219it\u201d, va fi prezentat\u0103 o expozi\u021bie itinerant\u0103 cu fotografii selectate ale participan\u021bilor, \u00een perioada 6-15 iunie 2023. <br \/>Partenerii Centrului \u201eBr\u00e2ncu\u0219i\u201d sunt: Filiala T\u00e2rgu Jiu a Uniunii Arti\u0219tilor Plastici din Rom\u00e2nia, Asocia\u021bia pentru Democra\u021bie, Educa\u021bie, Respect din T\u00e2rgu Jiu, Inspectoratul \u0218colar Jude\u021bean Gorj, Liceul de Arte \u201eConstantin Br\u0103iloiu\u201d din T\u00e2rgu Jiu \u0219i Palatul Copiilor din T\u00e2rgu Jiu.<br \/>Pentru mai multe detalii v\u0103 rug\u0103m s\u0103 consulta\u021bi regulamentul concursului, afi\u0219at pe pagina institu\u021biei organizatoare: www.centrulbrancusi.ro (sec\u021biunea \u201eConcursuri\u201d).<\/p><p><a href=\"https:\/\/www.facebook.com\/plugins\/post.php?href=https%3A%2F%2Fwww.facebook.com%2FADERTarguJiu%2Fposts%2Fpfbid02bAq7ChYiPiM8tV7a29n5BNDspJtedkBou2ECZ87ni5oGBGLD8j7pbRW7h1yApP7Vl\" target=\"_blank\" rel=\"noopener\"><strong>link facebook 1<\/strong><\/a><\/p><p><a href=\"https:\/\/www.facebook.com\/plugins\/post.php?href=https%3A%2F%2Fwww.facebook.com%2FADERTarguJiu%2Fposts%2Fpfbid02t1iQPZekf8K3pesYfrNSKRNFQfbAuNTNrzsiL7ESv3nHf79gKBv7T1rVEVvtN8Mml\" target=\"_blank\" rel=\"noopener\"><strong>link facebook 2<\/strong><\/a><\/p>\t\t\t\t\t\t\t\t<\/div>\n\t\t\t\t<\/div>\n\t\t\t\t<div class=\"elementor-element elementor-element-dc59bf3 elementor-widget elementor-widget-spacer\" data-id=\"dc59bf3\" data-element_type=\"widget\" data-widget_type=\"spacer.default\">\n\t\t\t\t<div class=\"elementor-widget-container\">\n\t\t\t\t\t\t\t<div class=\"elementor-spacer\">\n\t\t\t<div class=\"elementor-spacer-inner\"><\/div>\n\t\t<\/div>\n\t\t\t\t\t\t<\/div>\n\t\t\t\t<\/div>\n\t\t\t\t<\/div>\n\t\t\t\t<\/div>\n\t\t","protected":false},"excerpt":{"rendered":"<p>Br\u00e2ncu\u0219i \u00een ochi de copil &#8211; Concurs de art\u0103 fotografic\u0103 Concurs de art\u0103 fotografic\u0103 Consiliul Local \u0219i Prim\u0103ria Municipiului T\u00e2rgu Jiu, prin Centrul de Cercetare, Documentare \u0219i Promovare \u201eConstantin Br\u00e2ncu\u0219i\u201d, organizeaz\u0103 concursul de arta fotografic\u0103 \u201eBr\u00e2ncu\u0219i \u00een ochi de copil\u201d, adresat tinerilor din jude\u021bul Gorj care au v\u00e2rsta cuprins\u0103 \u00eentre 10 \u0219i 18 ani. Perioada&#8230;<\/p>\n","protected":false},"author":2,"featured_media":0,"parent":0,"menu_order":0,"comment_status":"closed","ping_status":"closed","template":"","meta":{"_kad_post_transparent":"","_kad_post_title":"hide","_kad_post_layout":"fullwidth","_kad_post_sidebar_id":"","_kad_post_content_style":"unboxed","_kad_post_vertical_padding":"hide","_kad_post_feature":"hide","_kad_post_feature_position":"","_kad_post_header":false,"_kad_post_footer":false,"_kad_post_classname":"","footnotes":""},"class_list":["post-1549","page","type-page","status-publish","hentry"],"rttpg_featured_image_url":null,"rttpg_author":{"display_name":"Calina Denis","author_link":"https:\/\/4ader.ro\/index.php\/author\/denis_1\/"},"rttpg_comment":0,"rttpg_category":null,"rttpg_excerpt":"Br\u00e2ncu\u0219i \u00een ochi de copil &#8211; Concurs de art\u0103 fotografic\u0103 Concurs de art\u0103 fotografic\u0103 Consiliul Local \u0219i Prim\u0103ria Municipiului T\u00e2rgu Jiu, prin Centrul de Cercetare, Documentare \u0219i Promovare \u201eConstantin Br\u00e2ncu\u0219i\u201d, organizeaz\u0103 concursul de arta fotografic\u0103 \u201eBr\u00e2ncu\u0219i \u00een ochi de copil\u201d, adresat tinerilor din jude\u021bul Gorj care au v\u00e2rsta cuprins\u0103 \u00eentre 10 \u0219i 18 ani. Perioada...","_links":{"self":[{"href":"https:\/\/4ader.ro\/index.php\/wp-json\/wp\/v2\/pages\/1549","targetHints":{"allow":["GET"]}}],"collection":[{"href":"https:\/\/4ader.ro\/index.php\/wp-json\/wp\/v2\/pages"}],"about":[{"href":"https:\/\/4ader.ro\/index.php\/wp-json\/wp\/v2\/types\/page"}],"author":[{"embeddable":true,"href":"https:\/\/4ader.ro\/index.php\/wp-json\/wp\/v2\/users\/2"}],"replies":[{"embeddable":true,"href":"https:\/\/4ader.ro\/index.php\/wp-json\/wp\/v2\/comments?post=1549"}],"version-history":[{"count":4,"href":"https:\/\/4ader.ro\/index.php\/wp-json\/wp\/v2\/pages\/1549\/revisions"}],"predecessor-version":[{"id":1584,"href":"https:\/\/4ader.ro\/index.php\/wp-json\/wp\/v2\/pages\/1549\/revisions\/1584"}],"wp:attachment":[{"href":"https:\/\/4ader.ro\/index.php\/wp-json\/wp\/v2\/media?parent=1549"}],"curies":[{"name":"wp","href":"https:\/\/api.w.org\/{rel}","templated":true}]}}