{"id":1548,"date":"2024-09-25T13:33:11","date_gmt":"2024-09-25T10:33:11","guid":{"rendered":"https:\/\/4ader.ro\/?page_id=1548"},"modified":"2024-09-25T13:51:39","modified_gmt":"2024-09-25T10:51:39","slug":"drag-de-oameni","status":"publish","type":"page","link":"https:\/\/4ader.ro\/index.php\/drag-de-oameni\/","title":{"rendered":"Drag de oameni"},"content":{"rendered":"\t\t<div data-elementor-type=\"wp-page\" data-elementor-id=\"1548\" class=\"elementor elementor-1548\">\n\t\t\t\t<div class=\"elementor-element elementor-element-6b7413c e-con-full e-flex e-con e-parent\" data-id=\"6b7413c\" data-element_type=\"container\" data-settings=\"{&quot;background_background&quot;:&quot;classic&quot;}\">\n\t\t\t\t<div class=\"elementor-element elementor-element-df78692 elementor-widget elementor-widget-heading\" data-id=\"df78692\" data-element_type=\"widget\" data-widget_type=\"heading.default\">\n\t\t\t\t<div class=\"elementor-widget-container\">\n\t\t\t\t\t<h2 class=\"elementor-heading-title elementor-size-default\">Drag de oameni<\/h2>\t\t\t\t<\/div>\n\t\t\t\t<\/div>\n\t\t\t\t<div class=\"elementor-element elementor-element-5ce37fa elementor-widget elementor-widget-text-editor\" data-id=\"5ce37fa\" data-element_type=\"widget\" data-widget_type=\"text-editor.default\">\n\t\t\t\t<div class=\"elementor-widget-container\">\n\t\t\t\t\t\t\t\t\t<p>Joi, 1 iunie 2023, interval orar 10:00 \u2013 14 00, \u00een Parcul Coloanei f\u0103r\u0103 sf\u00e2r\u0219it din T\u00e2rgu Jiu se vor organiza diverse activit\u0103\u021bi de tip art-terapie (ateliere de pictur\u0103 \u0219i ol\u0103rit, terapie prin muzica si dans), \u00een cadrul proiectului \u201eDrag de Oameni\u201d, implementat de Asocia\u021bia pentru Democra\u021bie Educa\u021bie Respect (ADER). <br \/>Sunt invita\u021bi s\u0103 participe copiii din Jude\u021bul Gorj, iubitori de art\u0103, pictur\u0103 \u0219i Br\u00e2ncu\u0219i pentru a petrece c\u00e2teva ore, \u00een natur\u0103, \u00een fata unui sevalet, sub \u00eendrumarea doamnei prof.dr. Georgiana Brandt sau model\u00e2nd lutul sub coordonarea doamnei ing. Ghimi\u0219i Leti\u021bia.<br \/>Proiectul \u201c Drag de Oameni\u201deste finantat prin programul Start ONG, lansat de Kaufland Romania \u0219i implementat de Asocia\u021bia Act for Tomorrow \u0219i urm\u0103re\u0219te incluziunea social\u0103 a tinerilor cu dizabilit\u0103\u021bi \u0219i promovarea solidarit\u0103\u0163ii gorjenilor. Se vor organiza ateliere de pictur\u0103 \u0219i de ol\u0103rit l\u00e2ng\u0103 principalele opere br\u00e2ncu\u0219iene din T\u00e2rgu Jiu, peste 30 de copii din medii defavorizate beneficiind de acestea.<br \/>Proiectul se desfasoara in cadrul programului T\u00e2rgu Jiu &#8211; Capitala Tineretului din Rom\u00e2nia 2023<\/p><p><a href=\"https:\/\/www.facebook.com\/events\/1287955088520069\/?ref=newsfeed\" target=\"_blank\" rel=\"noopener\"><strong>link facebook<\/strong><\/a><\/p>\t\t\t\t\t\t\t\t<\/div>\n\t\t\t\t<\/div>\n\t\t\t\t<div class=\"elementor-element elementor-element-dc59bf3 elementor-widget elementor-widget-spacer\" data-id=\"dc59bf3\" data-element_type=\"widget\" data-widget_type=\"spacer.default\">\n\t\t\t\t<div class=\"elementor-widget-container\">\n\t\t\t\t\t\t\t<div class=\"elementor-spacer\">\n\t\t\t<div class=\"elementor-spacer-inner\"><\/div>\n\t\t<\/div>\n\t\t\t\t\t\t<\/div>\n\t\t\t\t<\/div>\n\t\t\t\t<\/div>\n\t\t\t\t<\/div>\n\t\t","protected":false},"excerpt":{"rendered":"<p>Drag de oameni Joi, 1 iunie 2023, interval orar 10:00 \u2013 14 00, \u00een Parcul Coloanei f\u0103r\u0103 sf\u00e2r\u0219it din T\u00e2rgu Jiu se vor organiza diverse activit\u0103\u021bi de tip art-terapie (ateliere de pictur\u0103 \u0219i ol\u0103rit, terapie prin muzica si dans), \u00een cadrul proiectului \u201eDrag de Oameni\u201d, implementat de Asocia\u021bia pentru Democra\u021bie Educa\u021bie Respect (ADER). Sunt invita\u021bi&#8230;<\/p>\n","protected":false},"author":2,"featured_media":0,"parent":0,"menu_order":0,"comment_status":"closed","ping_status":"closed","template":"","meta":{"_kad_post_transparent":"","_kad_post_title":"hide","_kad_post_layout":"fullwidth","_kad_post_sidebar_id":"","_kad_post_content_style":"unboxed","_kad_post_vertical_padding":"hide","_kad_post_feature":"hide","_kad_post_feature_position":"","_kad_post_header":false,"_kad_post_footer":false,"_kad_post_classname":"","footnotes":""},"class_list":["post-1548","page","type-page","status-publish","hentry"],"rttpg_featured_image_url":null,"rttpg_author":{"display_name":"Calina Denis","author_link":"https:\/\/4ader.ro\/index.php\/author\/denis_1\/"},"rttpg_comment":0,"rttpg_category":null,"rttpg_excerpt":"Drag de oameni Joi, 1 iunie 2023, interval orar 10:00 \u2013 14 00, \u00een Parcul Coloanei f\u0103r\u0103 sf\u00e2r\u0219it din T\u00e2rgu Jiu se vor organiza diverse activit\u0103\u021bi de tip art-terapie (ateliere de pictur\u0103 \u0219i ol\u0103rit, terapie prin muzica si dans), \u00een cadrul proiectului \u201eDrag de Oameni\u201d, implementat de Asocia\u021bia pentru Democra\u021bie Educa\u021bie Respect (ADER). Sunt invita\u021bi...","_links":{"self":[{"href":"https:\/\/4ader.ro\/index.php\/wp-json\/wp\/v2\/pages\/1548","targetHints":{"allow":["GET"]}}],"collection":[{"href":"https:\/\/4ader.ro\/index.php\/wp-json\/wp\/v2\/pages"}],"about":[{"href":"https:\/\/4ader.ro\/index.php\/wp-json\/wp\/v2\/types\/page"}],"author":[{"embeddable":true,"href":"https:\/\/4ader.ro\/index.php\/wp-json\/wp\/v2\/users\/2"}],"replies":[{"embeddable":true,"href":"https:\/\/4ader.ro\/index.php\/wp-json\/wp\/v2\/comments?post=1548"}],"version-history":[{"count":4,"href":"https:\/\/4ader.ro\/index.php\/wp-json\/wp\/v2\/pages\/1548\/revisions"}],"predecessor-version":[{"id":1587,"href":"https:\/\/4ader.ro\/index.php\/wp-json\/wp\/v2\/pages\/1548\/revisions\/1587"}],"wp:attachment":[{"href":"https:\/\/4ader.ro\/index.php\/wp-json\/wp\/v2\/media?parent=1548"}],"curies":[{"name":"wp","href":"https:\/\/api.w.org\/{rel}","templated":true}]}}

<div data-elementor-type="wp-page" data-elementor-id="1548" class="elementor elementor-1548">
				<div class="elementor-element elementor-element-6b7413c e-con-full e-flex e-con e-parent" data-id="6b7413c" data-element_type="container" data-settings="{&quot;background_background&quot;:&quot;classic&quot;}">
				<div class="elementor-element elementor-element-df78692 elementor-widget elementor-widget-heading" data-id="df78692" data-element_type="widget" data-widget_type="heading.default">
				<div class="elementor-widget-container">
					<h2 class="elementor-heading-title elementor-size-default">Drag de oameni</h2>				</div>
				</div>
				<div class="elementor-element elementor-element-5ce37fa elementor-widget elementor-widget-text-editor" data-id="5ce37fa" data-element_type="widget" data-widget_type="text-editor.default">
				<div class="elementor-widget-container">
									<p>Joi, 1 iunie 2023, interval orar 10:00 – 14 00, în Parcul Coloanei fără sfârșit din Târgu Jiu se vor organiza diverse activități de tip art-terapie (ateliere de pictură și olărit, terapie prin muzica si dans), în cadrul proiectului „Drag de Oameni”, implementat de Asociația pentru Democrație Educație Respect (ADER). <br />Sunt invitați să participe copiii din Județul Gorj, iubitori de artă, pictură și Brâncuși pentru a petrece câteva ore, în natură, în fata unui sevalet, sub îndrumarea doamnei prof.dr. Georgiana Brandt sau modelând lutul sub coordonarea doamnei ing. Ghimiși Letiția.<br />Proiectul “ Drag de Oameni”este finantat prin programul Start ONG, lansat de Kaufland Romania și implementat de Asociația Act for Tomorrow și urmărește incluziunea socială a tinerilor cu dizabilități și promovarea solidarităţii gorjenilor. Se vor organiza ateliere de pictură și de olărit lângă principalele opere brâncușiene din Târgu Jiu, peste 30 de copii din medii defavorizate beneficiind de acestea.<br />Proiectul se desfasoara in cadrul programului Târgu Jiu &#8211; Capitala Tineretului din România 2023</p><p><a href="https://www.facebook.com/events/1287955088520069/?ref=newsfeed" target="_blank" rel="noopener"><strong>link facebook</strong></a></p>								</div>
				</div>
				<div class="elementor-element elementor-element-dc59bf3 elementor-widget elementor-widget-spacer" data-id="dc59bf3" data-element_type="widget" data-widget_type="spacer.default">
				<div class="elementor-widget-container">
							<div class="elementor-spacer">
			<div class="elementor-spacer-inner"></div>
		</div>
						</div>
				</div>
				</div>
				</div>

<p>Drag de oameni Joi, 1 iunie 2023, interval orar 10:00 – 14 00, în Parcul Coloanei fără sfârșit din Târgu Jiu se vor organiza diverse activități de tip art-terapie (ateliere de pictură și olărit, terapie prin muzica si dans), în cadrul proiectului „Drag de Oameni”, implementat de Asociația pentru Democrație Educație Respect (ADER). Sunt invitați&#8230;</p>

Drag de oameni Joi, 1 iunie 2023, interval orar 10:00 – 14 00, în Parcul Coloanei fără sfârșit din Târgu Jiu se vor organiza diverse activități de tip art-terapie (ateliere de pictură și olărit, terapie prin muzica si dans), în cadrul proiectului „Drag de Oameni”, implementat de Asociația pentru Democrație Educație Respect (ADER). Sunt invitați...
