{"id":1545,"date":"2024-09-25T13:31:07","date_gmt":"2024-09-25T10:31:07","guid":{"rendered":"https:\/\/4ader.ro\/?page_id=1545"},"modified":"2024-12-04T09:23:55","modified_gmt":"2024-12-04T07:23:55","slug":"targu-jiu-capitala-tineretului-din-romania-2023-partener","status":"publish","type":"page","link":"https:\/\/4ader.ro\/index.php\/targu-jiu-capitala-tineretului-din-romania-2023-partener\/","title":{"rendered":"T\u00e2rgu Jiu &#8211; Capitala Tineretului din Rom\u00e2nia 2023 &#8211; Partener"},"content":{"rendered":"\t\t<div data-elementor-type=\"wp-page\" data-elementor-id=\"1545\" class=\"elementor elementor-1545\">\n\t\t\t\t<div class=\"elementor-element elementor-element-6b7413c e-con-full e-flex e-con e-parent\" data-id=\"6b7413c\" data-element_type=\"container\" data-settings=\"{&quot;background_background&quot;:&quot;classic&quot;}\">\n\t\t\t\t<div class=\"elementor-element elementor-element-df78692 elementor-widget elementor-widget-heading\" data-id=\"df78692\" data-element_type=\"widget\" data-widget_type=\"heading.default\">\n\t\t\t\t<div class=\"elementor-widget-container\">\n\t\t\t\t\t<h2 class=\"elementor-heading-title elementor-size-default\">T\u00e2rgu Jiu - Capitala Tineretului din Rom\u00e2nia 2023<\/h2>\t\t\t\t<\/div>\n\t\t\t\t<\/div>\n\t\t\t\t<div class=\"elementor-element elementor-element-5ce37fa elementor-widget elementor-widget-text-editor\" data-id=\"5ce37fa\" data-element_type=\"widget\" data-widget_type=\"text-editor.default\">\n\t\t\t\t<div class=\"elementor-widget-container\">\n\t\t\t\t\t\t\t\t\t<p>\u00cen calitate de partener, Asociatia pentru Democratie Educatie Respect (ADER) a realizat o serie de ac\u021biuni \u0219i evenimente \u00een cadrul proiectului T\u00e2rgu Jiu &#8211; Capitala Tineretului din Rom\u00e2nia 2023.<br \/>Una dintre ac\u021biuni a fost organizarea workshopul-ului <strong>Pasivitatea nu opreste bullyingul<\/strong> \u00een diferite \u0219coli \u0219i licee din T\u00e2rgu-Jiu.<\/p><p>Evenimentul s-a dorit a fi un prilej de a constientiza importanta actiunii \u00een combaterea fenomenului de bullying \u00een \u0219coli. Multumim elevilor de la Liceul de Arte &#8220;Constantin Br\u0103iloiu&#8221; T\u00e2rgu Jiu si domnului Pompiliu Ciochia pentru implicarea \u00een proiectele derulate de ADER.<\/p>\t\t\t\t\t\t\t\t<\/div>\n\t\t\t\t<\/div>\n\t\t<div class=\"elementor-element elementor-element-4d0da06 e-grid e-con-full e-con e-child\" data-id=\"4d0da06\" data-element_type=\"container\">\n\t\t\t\t<div class=\"elementor-element elementor-element-a17eb52 elementor-widget elementor-widget-image\" data-id=\"a17eb52\" data-element_type=\"widget\" data-widget_type=\"image.default\">\n\t\t\t\t<div class=\"elementor-widget-container\">\n\t\t\t\t\t\t\t\t\t\t\t\t\t\t\t<img fetchpriority=\"high\" decoding=\"async\" width=\"614\" height=\"543\" src=\"https:\/\/4ader.ro\/wp-content\/uploads\/2024\/12\/Screenshot-2024-12-04-085617.png\" class=\"attachment-large size-large wp-image-2122\" alt=\"\" srcset=\"https:\/\/4ader.ro\/wp-content\/uploads\/2024\/12\/Screenshot-2024-12-04-085617.png 614w, https:\/\/4ader.ro\/wp-content\/uploads\/2024\/12\/Screenshot-2024-12-04-085617-300x265.png 300w, https:\/\/4ader.ro\/wp-content\/uploads\/2024\/12\/Screenshot-2024-12-04-085617-200x177.png 200w\" sizes=\"(max-width: 614px) 100vw, 614px\" \/>\t\t\t\t\t\t\t\t\t\t\t\t\t\t\t<\/div>\n\t\t\t\t<\/div>\n\t\t\t\t<div class=\"elementor-element elementor-element-5a38e7f elementor-widget elementor-widget-image\" data-id=\"5a38e7f\" data-element_type=\"widget\" data-widget_type=\"image.default\">\n\t\t\t\t<div class=\"elementor-widget-container\">\n\t\t\t\t\t\t\t\t\t\t\t\t\t\t\t<img decoding=\"async\" width=\"686\" height=\"403\" src=\"https:\/\/4ader.ro\/wp-content\/uploads\/2024\/12\/Screenshot-2024-12-04-085626.png\" class=\"attachment-large size-large wp-image-2123\" alt=\"\" srcset=\"https:\/\/4ader.ro\/wp-content\/uploads\/2024\/12\/Screenshot-2024-12-04-085626.png 686w, https:\/\/4ader.ro\/wp-content\/uploads\/2024\/12\/Screenshot-2024-12-04-085626-300x176.png 300w, https:\/\/4ader.ro\/wp-content\/uploads\/2024\/12\/Screenshot-2024-12-04-085626-200x117.png 200w\" sizes=\"(max-width: 686px) 100vw, 686px\" \/>\t\t\t\t\t\t\t\t\t\t\t\t\t\t\t<\/div>\n\t\t\t\t<\/div>\n\t\t\t\t<div class=\"elementor-element elementor-element-8d0ed3a elementor-widget elementor-widget-image\" data-id=\"8d0ed3a\" data-element_type=\"widget\" data-widget_type=\"image.default\">\n\t\t\t\t<div class=\"elementor-widget-container\">\n\t\t\t\t\t\t\t\t\t\t\t\t\t\t\t<img decoding=\"async\" width=\"681\" height=\"425\" src=\"https:\/\/4ader.ro\/wp-content\/uploads\/2024\/12\/Screenshot-2024-12-04-085633.png\" class=\"attachment-large size-large wp-image-2124\" alt=\"\" srcset=\"https:\/\/4ader.ro\/wp-content\/uploads\/2024\/12\/Screenshot-2024-12-04-085633.png 681w, https:\/\/4ader.ro\/wp-content\/uploads\/2024\/12\/Screenshot-2024-12-04-085633-300x187.png 300w, https:\/\/4ader.ro\/wp-content\/uploads\/2024\/12\/Screenshot-2024-12-04-085633-200x125.png 200w\" sizes=\"(max-width: 681px) 100vw, 681px\" \/>\t\t\t\t\t\t\t\t\t\t\t\t\t\t\t<\/div>\n\t\t\t\t<\/div>\n\t\t\t\t<div class=\"elementor-element elementor-element-ba4974f elementor-widget elementor-widget-image\" data-id=\"ba4974f\" data-element_type=\"widget\" data-widget_type=\"image.default\">\n\t\t\t\t<div class=\"elementor-widget-container\">\n\t\t\t\t\t\t\t\t\t\t\t\t\t\t\t<img loading=\"lazy\" decoding=\"async\" width=\"634\" height=\"475\" src=\"https:\/\/4ader.ro\/wp-content\/uploads\/2024\/12\/Screenshot-2024-12-04-085642.png\" class=\"attachment-large size-large wp-image-2125\" alt=\"\" srcset=\"https:\/\/4ader.ro\/wp-content\/uploads\/2024\/12\/Screenshot-2024-12-04-085642.png 634w, https:\/\/4ader.ro\/wp-content\/uploads\/2024\/12\/Screenshot-2024-12-04-085642-300x225.png 300w, https:\/\/4ader.ro\/wp-content\/uploads\/2024\/12\/Screenshot-2024-12-04-085642-200x150.png 200w\" sizes=\"(max-width: 634px) 100vw, 634px\" \/>\t\t\t\t\t\t\t\t\t\t\t\t\t\t\t<\/div>\n\t\t\t\t<\/div>\n\t\t\t\t<div class=\"elementor-element elementor-element-1fd61ad elementor-widget elementor-widget-image\" data-id=\"1fd61ad\" data-element_type=\"widget\" data-widget_type=\"image.default\">\n\t\t\t\t<div class=\"elementor-widget-container\">\n\t\t\t\t\t\t\t\t\t\t\t\t\t\t\t<img loading=\"lazy\" decoding=\"async\" width=\"685\" height=\"324\" src=\"https:\/\/4ader.ro\/wp-content\/uploads\/2024\/12\/Screenshot-2024-12-04-085707.png\" class=\"attachment-large size-large wp-image-2126\" alt=\"\" srcset=\"https:\/\/4ader.ro\/wp-content\/uploads\/2024\/12\/Screenshot-2024-12-04-085707.png 685w, https:\/\/4ader.ro\/wp-content\/uploads\/2024\/12\/Screenshot-2024-12-04-085707-300x142.png 300w, https:\/\/4ader.ro\/wp-content\/uploads\/2024\/12\/Screenshot-2024-12-04-085707-200x95.png 200w\" sizes=\"(max-width: 685px) 100vw, 685px\" \/>\t\t\t\t\t\t\t\t\t\t\t\t\t\t\t<\/div>\n\t\t\t\t<\/div>\n\t\t\t\t<\/div>\n\t\t\t\t<div class=\"elementor-element elementor-element-dc59bf3 elementor-widget elementor-widget-spacer\" data-id=\"dc59bf3\" data-element_type=\"widget\" data-widget_type=\"spacer.default\">\n\t\t\t\t<div class=\"elementor-widget-container\">\n\t\t\t\t\t\t\t<div class=\"elementor-spacer\">\n\t\t\t<div class=\"elementor-spacer-inner\"><\/div>\n\t\t<\/div>\n\t\t\t\t\t\t<\/div>\n\t\t\t\t<\/div>\n\t\t\t\t<\/div>\n\t\t\t\t<\/div>\n\t\t","protected":false},"excerpt":{"rendered":"<p>T\u00e2rgu Jiu &#8211; Capitala Tineretului din Rom\u00e2nia 2023 \u00cen calitate de partener, Asociatia pentru Democratie Educatie Respect (ADER) a realizat o serie de ac\u021biuni \u0219i evenimente \u00een cadrul proiectului T\u00e2rgu Jiu &#8211; Capitala Tineretului din Rom\u00e2nia 2023.Una dintre ac\u021biuni a fost organizarea workshopul-ului Pasivitatea nu opreste bullyingul \u00een diferite \u0219coli \u0219i licee din T\u00e2rgu-Jiu. Evenimentul&#8230;<\/p>\n","protected":false},"author":2,"featured_media":0,"parent":0,"menu_order":0,"comment_status":"closed","ping_status":"closed","template":"","meta":{"_kad_post_transparent":"","_kad_post_title":"hide","_kad_post_layout":"fullwidth","_kad_post_sidebar_id":"","_kad_post_content_style":"unboxed","_kad_post_vertical_padding":"hide","_kad_post_feature":"hide","_kad_post_feature_position":"","_kad_post_header":false,"_kad_post_footer":false,"_kad_post_classname":"","footnotes":""},"class_list":["post-1545","page","type-page","status-publish","hentry"],"rttpg_featured_image_url":null,"rttpg_author":{"display_name":"Calina Denis","author_link":"https:\/\/4ader.ro\/index.php\/author\/denis_1\/"},"rttpg_comment":0,"rttpg_category":null,"rttpg_excerpt":"T\u00e2rgu Jiu &#8211; Capitala Tineretului din Rom\u00e2nia 2023 \u00cen calitate de partener, Asociatia pentru Democratie Educatie Respect (ADER) a realizat o serie de ac\u021biuni \u0219i evenimente \u00een cadrul proiectului T\u00e2rgu Jiu &#8211; Capitala Tineretului din Rom\u00e2nia 2023.Una dintre ac\u021biuni a fost organizarea workshopul-ului Pasivitatea nu opreste bullyingul \u00een diferite \u0219coli \u0219i licee din T\u00e2rgu-Jiu. Evenimentul...","_links":{"self":[{"href":"https:\/\/4ader.ro\/index.php\/wp-json\/wp\/v2\/pages\/1545","targetHints":{"allow":["GET"]}}],"collection":[{"href":"https:\/\/4ader.ro\/index.php\/wp-json\/wp\/v2\/pages"}],"about":[{"href":"https:\/\/4ader.ro\/index.php\/wp-json\/wp\/v2\/types\/page"}],"author":[{"embeddable":true,"href":"https:\/\/4ader.ro\/index.php\/wp-json\/wp\/v2\/users\/2"}],"replies":[{"embeddable":true,"href":"https:\/\/4ader.ro\/index.php\/wp-json\/wp\/v2\/comments?post=1545"}],"version-history":[{"count":10,"href":"https:\/\/4ader.ro\/index.php\/wp-json\/wp\/v2\/pages\/1545\/revisions"}],"predecessor-version":[{"id":2130,"href":"https:\/\/4ader.ro\/index.php\/wp-json\/wp\/v2\/pages\/1545\/revisions\/2130"}],"wp:attachment":[{"href":"https:\/\/4ader.ro\/index.php\/wp-json\/wp\/v2\/media?parent=1545"}],"curies":[{"name":"wp","href":"https:\/\/api.w.org\/{rel}","templated":true}]}}

Târgu Jiu &#8211; Capitala Tineretului din România 2023 &#8211; Partener

<div data-elementor-type="wp-page" data-elementor-id="1545" class="elementor elementor-1545">
				<div class="elementor-element elementor-element-6b7413c e-con-full e-flex e-con e-parent" data-id="6b7413c" data-element_type="container" data-settings="{&quot;background_background&quot;:&quot;classic&quot;}">
				<div class="elementor-element elementor-element-df78692 elementor-widget elementor-widget-heading" data-id="df78692" data-element_type="widget" data-widget_type="heading.default">
				<div class="elementor-widget-container">
					<h2 class="elementor-heading-title elementor-size-default">Târgu Jiu - Capitala Tineretului din România 2023</h2>				</div>
				</div>
				<div class="elementor-element elementor-element-5ce37fa elementor-widget elementor-widget-text-editor" data-id="5ce37fa" data-element_type="widget" data-widget_type="text-editor.default">
				<div class="elementor-widget-container">
									<p>În calitate de partener, Asociatia pentru Democratie Educatie Respect (ADER) a realizat o serie de acțiuni și evenimente în cadrul proiectului Târgu Jiu &#8211; Capitala Tineretului din România 2023.<br />Una dintre acțiuni a fost organizarea workshopul-ului <strong>Pasivitatea nu opreste bullyingul</strong> în diferite școli și licee din Târgu-Jiu.</p><p>Evenimentul s-a dorit a fi un prilej de a constientiza importanta actiunii în combaterea fenomenului de bullying în școli. Multumim elevilor de la Liceul de Arte &#8220;Constantin Brăiloiu&#8221; Târgu Jiu si domnului Pompiliu Ciochia pentru implicarea în proiectele derulate de ADER.</p>								</div>
				</div>
		<div class="elementor-element elementor-element-4d0da06 e-grid e-con-full e-con e-child" data-id="4d0da06" data-element_type="container">
				<div class="elementor-element elementor-element-a17eb52 elementor-widget elementor-widget-image" data-id="a17eb52" data-element_type="widget" data-widget_type="image.default">
				<div class="elementor-widget-container">
															<img fetchpriority="high" decoding="async" width="614" height="543" src="https://4ader.ro/wp-content/uploads/2024/12/Screenshot-2024-12-04-085617.png" class="attachment-large size-large wp-image-2122" alt="" srcset="https://4ader.ro/wp-content/uploads/2024/12/Screenshot-2024-12-04-085617.png 614w, https://4ader.ro/wp-content/uploads/2024/12/Screenshot-2024-12-04-085617-300x265.png 300w, https://4ader.ro/wp-content/uploads/2024/12/Screenshot-2024-12-04-085617-200x177.png 200w" sizes="(max-width: 614px) 100vw, 614px" />															</div>
				</div>
				<div class="elementor-element elementor-element-5a38e7f elementor-widget elementor-widget-image" data-id="5a38e7f" data-element_type="widget" data-widget_type="image.default">
				<div class="elementor-widget-container">
															<img decoding="async" width="686" height="403" src="https://4ader.ro/wp-content/uploads/2024/12/Screenshot-2024-12-04-085626.png" class="attachment-large size-large wp-image-2123" alt="" srcset="https://4ader.ro/wp-content/uploads/2024/12/Screenshot-2024-12-04-085626.png 686w, https://4ader.ro/wp-content/uploads/2024/12/Screenshot-2024-12-04-085626-300x176.png 300w, https://4ader.ro/wp-content/uploads/2024/12/Screenshot-2024-12-04-085626-200x117.png 200w" sizes="(max-width: 686px) 100vw, 686px" />															</div>
				</div>
				<div class="elementor-element elementor-element-8d0ed3a elementor-widget elementor-widget-image" data-id="8d0ed3a" data-element_type="widget" data-widget_type="image.default">
				<div class="elementor-widget-container">
															<img decoding="async" width="681" height="425" src="https://4ader.ro/wp-content/uploads/2024/12/Screenshot-2024-12-04-085633.png" class="attachment-large size-large wp-image-2124" alt="" srcset="https://4ader.ro/wp-content/uploads/2024/12/Screenshot-2024-12-04-085633.png 681w, https://4ader.ro/wp-content/uploads/2024/12/Screenshot-2024-12-04-085633-300x187.png 300w, https://4ader.ro/wp-content/uploads/2024/12/Screenshot-2024-12-04-085633-200x125.png 200w" sizes="(max-width: 681px) 100vw, 681px" />															</div>
				</div>
				<div class="elementor-element elementor-element-ba4974f elementor-widget elementor-widget-image" data-id="ba4974f" data-element_type="widget" data-widget_type="image.default">
				<div class="elementor-widget-container">
															<img loading="lazy" decoding="async" width="634" height="475" src="https://4ader.ro/wp-content/uploads/2024/12/Screenshot-2024-12-04-085642.png" class="attachment-large size-large wp-image-2125" alt="" srcset="https://4ader.ro/wp-content/uploads/2024/12/Screenshot-2024-12-04-085642.png 634w, https://4ader.ro/wp-content/uploads/2024/12/Screenshot-2024-12-04-085642-300x225.png 300w, https://4ader.ro/wp-content/uploads/2024/12/Screenshot-2024-12-04-085642-200x150.png 200w" sizes="(max-width: 634px) 100vw, 634px" />															</div>
				</div>
				<div class="elementor-element elementor-element-1fd61ad elementor-widget elementor-widget-image" data-id="1fd61ad" data-element_type="widget" data-widget_type="image.default">
				<div class="elementor-widget-container">
															<img loading="lazy" decoding="async" width="685" height="324" src="https://4ader.ro/wp-content/uploads/2024/12/Screenshot-2024-12-04-085707.png" class="attachment-large size-large wp-image-2126" alt="" srcset="https://4ader.ro/wp-content/uploads/2024/12/Screenshot-2024-12-04-085707.png 685w, https://4ader.ro/wp-content/uploads/2024/12/Screenshot-2024-12-04-085707-300x142.png 300w, https://4ader.ro/wp-content/uploads/2024/12/Screenshot-2024-12-04-085707-200x95.png 200w" sizes="(max-width: 685px) 100vw, 685px" />															</div>
				</div>
				</div>
				<div class="elementor-element elementor-element-dc59bf3 elementor-widget elementor-widget-spacer" data-id="dc59bf3" data-element_type="widget" data-widget_type="spacer.default">
				<div class="elementor-widget-container">
							<div class="elementor-spacer">
			<div class="elementor-spacer-inner"></div>
		</div>
						</div>
				</div>
				</div>
				</div>

<p>Târgu Jiu &#8211; Capitala Tineretului din România 2023 În calitate de partener, Asociatia pentru Democratie Educatie Respect (ADER) a realizat o serie de acțiuni și evenimente în cadrul proiectului Târgu Jiu &#8211; Capitala Tineretului din România 2023.Una dintre acțiuni a fost organizarea workshopul-ului Pasivitatea nu opreste bullyingul în diferite școli și licee din Târgu-Jiu. Evenimentul&#8230;</p>

Târgu Jiu &#8211; Capitala Tineretului din România 2023 În calitate de partener, Asociatia pentru Democratie Educatie Respect (ADER) a realizat o serie de acțiuni și evenimente în cadrul proiectului Târgu Jiu &#8211; Capitala Tineretului din România 2023.Una dintre acțiuni a fost organizarea workshopul-ului Pasivitatea nu opreste bullyingul în diferite școli și licee din Târgu-Jiu. Evenimentul...
