{"id":145,"date":"2024-05-15T11:09:38","date_gmt":"2024-05-15T08:09:38","guid":{"rendered":"https:\/\/4ader.ro\/?page_id=145"},"modified":"2024-09-23T11:22:13","modified_gmt":"2024-09-23T08:22:13","slug":"adera-la-centenarul-marii-uniri-cu-tinerii-targujieni","status":"publish","type":"page","link":"https:\/\/4ader.ro\/index.php\/adera-la-centenarul-marii-uniri-cu-tinerii-targujieni\/","title":{"rendered":"Ader\u0103 la Centenarul Marii Uniri cu tinerii t\u00e2rgujieni"},"content":{"rendered":"\t\t<div data-elementor-type=\"wp-page\" data-elementor-id=\"145\" class=\"elementor elementor-145\">\n\t\t\t\t<div class=\"elementor-element elementor-element-6b7413c e-con-full e-flex e-con e-parent\" data-id=\"6b7413c\" data-element_type=\"container\">\n\t\t\t\t<div class=\"elementor-element elementor-element-df78692 elementor-widget elementor-widget-heading\" data-id=\"df78692\" data-element_type=\"widget\" data-widget_type=\"heading.default\">\n\t\t\t\t<div class=\"elementor-widget-container\">\n\t\t\t\t\t<h2 class=\"elementor-heading-title elementor-size-default\">ADER\u0102 LA CENTENARUL MARII UNIRI CU TINERII T\u00c2RGUJIENI\n<\/h2>\t\t\t\t<\/div>\n\t\t\t\t<\/div>\n\t\t\t\t<div class=\"elementor-element elementor-element-fac28ec elementor-widget elementor-widget-text-editor\" data-id=\"fac28ec\" data-element_type=\"widget\" data-widget_type=\"text-editor.default\">\n\t\t\t\t<div class=\"elementor-widget-container\">\n\t\t\t\t\t\t\t\t\t<p>\u201c<strong><em>ADER\u0102 LA CENTENARUL MARII UNIRI CU TINERII T\u00c2RGU-JIENI\u00a0<\/em><\/strong>\u201d<\/p><p><strong>Obiective principale:<\/strong><\/p><p>O1:\u00a0<strong><em>Cre\u015fterea interesului elevilor din grupul \u0163int\u0103<\/em><\/strong>\u00a0<strong><em>pentru istoria rom\u00e2nilor, pentru respectarea \u015fi promovarea valorilor na\u0163ionale<\/em><\/strong>\u00a0prin participarea la 2 seminarii istorice\u00a0 interactive offline \u0219i online (www.4ader.ro) \u0219i a unei Excursii tematice la Alba Iulia pentru 30 liceeni;<\/p><p>O2:\u00a0<strong><em>Cultivarea imagina\u0163iei \u015fi creativit\u0103\u0163ii elevilor<\/em><\/strong><strong><em>\u00a0\u00een acela\u0219i timp cu stimularea sentimentului de pre\u0163uire a trecutului glorios al poporului rom\u00e2n \u015fi de m\u00e2ndrie patriotic\u0103\u00a0<\/em><\/strong>prin organizarea unui concurs de eseuri cu tematic\u0103 legat\u0103 de Marea Unire desf\u0103\u0219urat online prin crearea unei pagini web pe site-ul aplicantului (www.4ader.ro)<\/p><p><strong><a href=\"https:\/\/4ader.ro\/index.php\/principalele-activitati\/\" target=\"_blank\" rel=\"noopener\">Principalele activit\u0103\u021bi cuprinse \u00een proiect<\/a>:<\/strong><\/p><p>-Seminar interactiv offline\u00a0<em>\u201eMarea Unire de la 1 decembrie 1918\u201d<\/em><\/p><p>-Concurs de eseuri online\u00a0<em>\u201eMAREA UNIRE PRIVIT\u0102 PRIN OCHII MEI\u201d<\/em><\/p><p><a href=\"https:\/\/4ader.ro\/wp-content\/uploads\/2024\/09\/Regulament-concurs-foto-1.pdf\" target=\"_blank\" rel=\"noopener\"><strong>REGULAMENTUL CONCURSULULUI DE ESEURI \u201d<\/strong><strong><em>\u00a0MAREA UNIRE PRIVIT\u0102 PRIN OCHII MEI<\/em>\u201d<\/strong><\/a><\/p><p>-Excursie tematic\u0103 \u201c<em>ADER\u0103 la PATRIOTISM<\/em>\u201d,\u00a0<em>Loc de desf\u0103\u0219urare:\u00a0\u00a0<\/em>Alba Iulia<\/p><p><strong>Grupul \u021bint\u0103<\/strong>\u00a0al proiectului \u00eel reprezint\u0103 300 de tineri, elevii claselor a IX-a \u2013 a XII-a- ce studiaz\u0103 la Liceele din cadrul Municipiului T\u00e2rgu Jiu, ace\u0219tia urm\u00e2nd s\u0103 participe la activit\u0103\u021bile derulate \u00een cadrul proiectului.<\/p><p>Proiectul a fost c\u00e2\u0219tigat \u00een urma competi\u021biei de proiecte organizat\u0103 de Consiliul Local al Municipiului T\u00e2rgu Jiu pentru acordarea de sprijin financiar pentru activit\u0103\u021bile de tineret din Municipiul T\u00e2rgu Jiu, iunie 2018.<\/p><p><em><strong>\u00a0CONFERINTA FINAL\u0102<\/strong><\/em><\/p>\t\t\t\t\t\t\t\t<\/div>\n\t\t\t\t<\/div>\n\t\t\t\t<div class=\"elementor-element elementor-element-03f1fa4 elementor-widget elementor-widget-image\" data-id=\"03f1fa4\" data-element_type=\"widget\" data-widget_type=\"image.default\">\n\t\t\t\t<div class=\"elementor-widget-container\">\n\t\t\t\t\t\t\t\t\t\t\t\t\t\t\t<img fetchpriority=\"high\" decoding=\"async\" width=\"960\" height=\"640\" src=\"https:\/\/4ader.ro\/wp-content\/uploads\/2024\/09\/48408073_2030736003683472_4946170336203767808_n.jpg\" class=\"attachment-large size-large wp-image-1334\" alt=\"\" srcset=\"https:\/\/4ader.ro\/wp-content\/uploads\/2024\/09\/48408073_2030736003683472_4946170336203767808_n.jpg 960w, https:\/\/4ader.ro\/wp-content\/uploads\/2024\/09\/48408073_2030736003683472_4946170336203767808_n-300x200.jpg 300w, https:\/\/4ader.ro\/wp-content\/uploads\/2024\/09\/48408073_2030736003683472_4946170336203767808_n-768x512.jpg 768w, https:\/\/4ader.ro\/wp-content\/uploads\/2024\/09\/48408073_2030736003683472_4946170336203767808_n-200x133.jpg 200w\" sizes=\"(max-width: 960px) 100vw, 960px\" \/>\t\t\t\t\t\t\t\t\t\t\t\t\t\t\t<\/div>\n\t\t\t\t<\/div>\n\t\t\t\t<div class=\"elementor-element elementor-element-13f4d59 elementor-widget elementor-widget-image\" data-id=\"13f4d59\" data-element_type=\"widget\" data-widget_type=\"image.default\">\n\t\t\t\t<div class=\"elementor-widget-container\">\n\t\t\t\t\t\t\t\t\t\t\t\t\t\t\t<img decoding=\"async\" width=\"1024\" height=\"683\" src=\"https:\/\/4ader.ro\/wp-content\/uploads\/2024\/09\/48385851_2030737170350022_7568534220176359424_o-1024x683.jpg\" class=\"attachment-large size-large wp-image-1335\" alt=\"\" srcset=\"https:\/\/4ader.ro\/wp-content\/uploads\/2024\/09\/48385851_2030737170350022_7568534220176359424_o-1024x683.jpg 1024w, https:\/\/4ader.ro\/wp-content\/uploads\/2024\/09\/48385851_2030737170350022_7568534220176359424_o-300x200.jpg 300w, https:\/\/4ader.ro\/wp-content\/uploads\/2024\/09\/48385851_2030737170350022_7568534220176359424_o-768x512.jpg 768w, https:\/\/4ader.ro\/wp-content\/uploads\/2024\/09\/48385851_2030737170350022_7568534220176359424_o-1536x1024.jpg 1536w, https:\/\/4ader.ro\/wp-content\/uploads\/2024\/09\/48385851_2030737170350022_7568534220176359424_o-200x133.jpg 200w, https:\/\/4ader.ro\/wp-content\/uploads\/2024\/09\/48385851_2030737170350022_7568534220176359424_o.jpg 1944w\" sizes=\"(max-width: 1024px) 100vw, 1024px\" \/>\t\t\t\t\t\t\t\t\t\t\t\t\t\t\t<\/div>\n\t\t\t\t<\/div>\n\t\t\t\t<div class=\"elementor-element elementor-element-7b6e9e2 elementor-widget elementor-widget-image\" data-id=\"7b6e9e2\" data-element_type=\"widget\" data-widget_type=\"image.default\">\n\t\t\t\t<div class=\"elementor-widget-container\">\n\t\t\t\t\t\t\t\t\t\t\t\t\t\t\t<img decoding=\"async\" width=\"1024\" height=\"683\" src=\"https:\/\/4ader.ro\/wp-content\/uploads\/2024\/09\/48417615_2030738433683229_6233073452983517184_o-1024x683.jpg\" class=\"attachment-large size-large wp-image-1336\" alt=\"\" srcset=\"https:\/\/4ader.ro\/wp-content\/uploads\/2024\/09\/48417615_2030738433683229_6233073452983517184_o-1024x683.jpg 1024w, https:\/\/4ader.ro\/wp-content\/uploads\/2024\/09\/48417615_2030738433683229_6233073452983517184_o-300x200.jpg 300w, https:\/\/4ader.ro\/wp-content\/uploads\/2024\/09\/48417615_2030738433683229_6233073452983517184_o-768x512.jpg 768w, https:\/\/4ader.ro\/wp-content\/uploads\/2024\/09\/48417615_2030738433683229_6233073452983517184_o-1536x1024.jpg 1536w, https:\/\/4ader.ro\/wp-content\/uploads\/2024\/09\/48417615_2030738433683229_6233073452983517184_o-200x133.jpg 200w, https:\/\/4ader.ro\/wp-content\/uploads\/2024\/09\/48417615_2030738433683229_6233073452983517184_o.jpg 1944w\" sizes=\"(max-width: 1024px) 100vw, 1024px\" \/>\t\t\t\t\t\t\t\t\t\t\t\t\t\t\t<\/div>\n\t\t\t\t<\/div>\n\t\t\t\t<\/div>\n\t\t\t\t<\/div>\n\t\t","protected":false},"excerpt":{"rendered":"<p>ADER\u0102 LA CENTENARUL MARII UNIRI CU TINERII T\u00c2RGUJIENI \u201cADER\u0102 LA CENTENARUL MARII UNIRI CU TINERII T\u00c2RGU-JIENI\u00a0\u201d Obiective principale: O1:\u00a0Cre\u015fterea interesului elevilor din grupul \u0163int\u0103\u00a0pentru istoria rom\u00e2nilor, pentru respectarea \u015fi promovarea valorilor na\u0163ionale\u00a0prin participarea la 2 seminarii istorice\u00a0 interactive offline \u0219i online (www.4ader.ro) \u0219i a unei Excursii tematice la Alba Iulia pentru 30 liceeni; O2:\u00a0Cultivarea imagina\u0163iei&#8230;<\/p>\n","protected":false},"author":2,"featured_media":0,"parent":0,"menu_order":0,"comment_status":"closed","ping_status":"closed","template":"","meta":{"_kad_post_transparent":"","_kad_post_title":"hide","_kad_post_layout":"fullwidth","_kad_post_sidebar_id":"","_kad_post_content_style":"unboxed","_kad_post_vertical_padding":"hide","_kad_post_feature":"hide","_kad_post_feature_position":"","_kad_post_header":false,"_kad_post_footer":false,"_kad_post_classname":"","footnotes":""},"class_list":["post-145","page","type-page","status-publish","hentry"],"rttpg_featured_image_url":null,"rttpg_author":{"display_name":"Calina Denis","author_link":"https:\/\/4ader.ro\/index.php\/author\/denis_1\/"},"rttpg_comment":0,"rttpg_category":null,"rttpg_excerpt":"ADER\u0102 LA CENTENARUL MARII UNIRI CU TINERII T\u00c2RGUJIENI \u201cADER\u0102 LA CENTENARUL MARII UNIRI CU TINERII T\u00c2RGU-JIENI\u00a0\u201d Obiective principale: O1:\u00a0Cre\u015fterea interesului elevilor din grupul \u0163int\u0103\u00a0pentru istoria rom\u00e2nilor, pentru respectarea \u015fi promovarea valorilor na\u0163ionale\u00a0prin participarea la 2 seminarii istorice\u00a0 interactive offline \u0219i online (www.4ader.ro) \u0219i a unei Excursii tematice la Alba Iulia pentru 30 liceeni; O2:\u00a0Cultivarea imagina\u0163iei...","_links":{"self":[{"href":"https:\/\/4ader.ro\/index.php\/wp-json\/wp\/v2\/pages\/145","targetHints":{"allow":["GET"]}}],"collection":[{"href":"https:\/\/4ader.ro\/index.php\/wp-json\/wp\/v2\/pages"}],"about":[{"href":"https:\/\/4ader.ro\/index.php\/wp-json\/wp\/v2\/types\/page"}],"author":[{"embeddable":true,"href":"https:\/\/4ader.ro\/index.php\/wp-json\/wp\/v2\/users\/2"}],"replies":[{"embeddable":true,"href":"https:\/\/4ader.ro\/index.php\/wp-json\/wp\/v2\/comments?post=145"}],"version-history":[{"count":10,"href":"https:\/\/4ader.ro\/index.php\/wp-json\/wp\/v2\/pages\/145\/revisions"}],"predecessor-version":[{"id":1432,"href":"https:\/\/4ader.ro\/index.php\/wp-json\/wp\/v2\/pages\/145\/revisions\/1432"}],"wp:attachment":[{"href":"https:\/\/4ader.ro\/index.php\/wp-json\/wp\/v2\/media?parent=145"}],"curies":[{"name":"wp","href":"https:\/\/api.w.org\/{rel}","templated":true}]}}