{"id":137,"date":"2024-05-15T11:04:47","date_gmt":"2024-05-15T08:04:47","guid":{"rendered":"https:\/\/4ader.ro\/?page_id=137"},"modified":"2024-09-23T10:32:21","modified_gmt":"2024-09-23T07:32:21","slug":"pasivitatea-nu-opreste-bullyingul","status":"publish","type":"page","link":"https:\/\/4ader.ro\/index.php\/pasivitatea-nu-opreste-bullyingul\/","title":{"rendered":"Pasivitatea nu opre\u0219te bullyingul"},"content":{"rendered":"\t\t<div data-elementor-type=\"wp-page\" data-elementor-id=\"137\" class=\"elementor elementor-137\">\n\t\t\t\t<div class=\"elementor-element elementor-element-6b7413c e-con-full e-flex e-con e-parent\" data-id=\"6b7413c\" data-element_type=\"container\" data-settings=\"{&quot;background_background&quot;:&quot;classic&quot;}\">\n\t\t\t\t<div class=\"elementor-element elementor-element-df78692 elementor-widget elementor-widget-heading\" data-id=\"df78692\" data-element_type=\"widget\" data-widget_type=\"heading.default\">\n\t\t\t\t<div class=\"elementor-widget-container\">\n\t\t\t\t\t<h2 class=\"elementor-heading-title elementor-size-default\">PASIVITATEA NU OPRESTE BULLYINGUL<\/h2>\t\t\t\t<\/div>\n\t\t\t\t<\/div>\n\t\t\t\t<div class=\"elementor-element elementor-element-c6883ae elementor-widget elementor-widget-image\" data-id=\"c6883ae\" data-element_type=\"widget\" data-widget_type=\"image.default\">\n\t\t\t\t<div class=\"elementor-widget-container\">\n\t\t\t\t\t\t\t\t\t\t\t\t\t\t\t<img fetchpriority=\"high\" decoding=\"async\" width=\"1024\" height=\"359\" src=\"https:\/\/4ader.ro\/wp-content\/uploads\/2024\/05\/Active-citizens-fund@4x-1024x359.png\" class=\"attachment-large size-large wp-image-50\" alt=\"\" srcset=\"https:\/\/4ader.ro\/wp-content\/uploads\/2024\/05\/Active-citizens-fund@4x-1024x359.png 1024w, https:\/\/4ader.ro\/wp-content\/uploads\/2024\/05\/Active-citizens-fund@4x-300x105.png 300w, https:\/\/4ader.ro\/wp-content\/uploads\/2024\/05\/Active-citizens-fund@4x-768x270.png 768w, https:\/\/4ader.ro\/wp-content\/uploads\/2024\/05\/Active-citizens-fund@4x-1536x539.png 1536w, https:\/\/4ader.ro\/wp-content\/uploads\/2024\/05\/Active-citizens-fund@4x-2048x719.png 2048w, https:\/\/4ader.ro\/wp-content\/uploads\/2024\/05\/Active-citizens-fund@4x-200x70.png 200w\" sizes=\"(max-width: 1024px) 100vw, 1024px\" \/>\t\t\t\t\t\t\t\t\t\t\t\t\t\t\t<\/div>\n\t\t\t\t<\/div>\n\t\t\t\t<div class=\"elementor-element elementor-element-fac28ec elementor-widget elementor-widget-text-editor\" data-id=\"fac28ec\" data-element_type=\"widget\" data-widget_type=\"text-editor.default\">\n\t\t\t\t<div class=\"elementor-widget-container\">\n\t\t\t\t\t\t\t\t\t<div>\u201eWorking together for a green, competitive and inclusive Europe\u201d<\/div><div><p>Proiectul este derulat de Asociatia pentru Democratie Educatie Respect \u00een parteneriat cu:\u00a0<em>Liceul de Arte Constantin Brailoiu din Targu Jiu<\/em>,\u00a0<em>Teatrul Elvira Godeanu din Targu Jiu<\/em>\u00a0\u0219i\u00a0<em>Asocia\u021bia Research Network on Resources Economics and Bioeconomy din Ploie\u0219t<\/em>i\u00a0 \u0219i beneficiaz\u0103 de o finan\u021bare \u00een valoare de 38.757 euro, prin programul Active Citizens Fund Rom\u00e2nia, finan\u021bat de Islanda, Liechtenstein \u0219i Norvegia prin Granturile SEE 2014-2021. Con\u021binutul acestui website nu reprezint\u0103 \u00een mod necesar pozi\u021bia oficial\u0103 a Granturilor SEE \u0219i Norvegiene 2014-2021; pentru mai multe informa\u021bii accesa\u021bi www.eeagrants.org.\u201d<\/p><\/div><div><strong>\u00a0<\/strong><\/div><div><strong>Pentru a semnala acte de bullying se poate utiliza adresa de email:\u00a0<em>aderstopbullying@gmail.com<\/em><\/strong><\/div><div>\u00a0<\/div><div>Proiectul Pasivitatea nu opreste bullyingul a ajuns la final. Desfasurat pe parcursul a sase luni de zile proiectul aa presupus oganizarea si desfasurarea a.<\/div><div><p>14 seminare interactive-418 elevi participanti<\/p><p>13 workshopuri organizate cu 877 de participanti<\/p><p>4 spectacole cu piesa Avioane de hartie cu 750 de elevi participanti<\/p><p>\u00a0-Un Concert organizat in scop caritabil in cadrul Festivalului Lavandei 2021 cu 210 participanti si un spectacol de teatru Totul despre femei cu 116 participanti, fondurile stranse fiind folosite in cadrul proiectului Daruieste pentru viitor in cadrul caruia am oferit peste 250 de ghiozdane copiilor proveniti din familii fara posibilitati materiale<\/p><p>Proiectul a inceput cu o Conferinta de lansare a proiectului Pasivitatea nu opreste bullyingul desfasurata joi,<strong>11 februarie 2021<\/strong>,\u00a0<strong>ora 11:00<\/strong>,\u00a0<strong>la\u00a0Muzeul Jude\u021bean Gorj Alexandru \u0218tefulescu<\/strong><\/p><\/div><div><p>Proiectul a fost implementat de c\u0103tre\u00a0<em>Asociatia pentru Democra\u021bie Educa\u021bie Respect<\/em>, \u00een calitate de Promotor, \u00een parteneriat cu\u00a0<em>Liceul de Arte Constantin Brailoiu din Targu Jiu<\/em>,\u00a0<em>Teatrul Elvira Godeanu din Targu Jiu<\/em>\u00a0\u0219i\u00a0<em>Asocia\u021bia Research Network on Resources Economics and Bioeconomy din Ploie\u0219t<\/em>i cu sprijinul financiar Active Citizens Fund Rom\u00e2nia, program finan\u021bat de Islanda, Liechtenstein \u0219i Norvegia prin Granturile SEE 2014-2021.<\/p><p>www.activecitizensfund.ro, www.eeagrants.org.<\/p><p>\u00a0Proiectul s-a derulat \u00een jude\u021bele Gorj \u0219i Prahova \u00een perioada 11 ianuarie 2021 \u2013 10 iulie 2021, fiind finan\u021bat \u00een cadrul apelului\u00a0<a title=\"Apel #4 \u2013 Con\u015ftientizare privind drepturile omului \u015fi tratament egal (ongoing)\" href=\"https:\/\/activecitizensfund.ro\/apel-4\/\" target=\"_blank\" rel=\"noopener\" data-saferedirecturl=\"https:\/\/www.google.com\/url?q=https:\/\/activecitizensfund.ro\/apel-4\/&amp;source=gmail&amp;ust=1613213738249000&amp;usg=AFQjCNEElY0QjfWaQazmFSrFFQYgDfAqCA\">\u00a0#4 \u2013 Con\u015ftientizare privind drepturile omului \u015fi tratament egal (ongoing)<\/a>, program finan\u021bat de Granturile SEE \u0219i Norvegiene 2014-2021 \u0219i administrat de Funda\u021bia pentru Dezvoltarea Societ\u0103\u021bii Civile<\/p><p><strong>Au participat:\u00a0<\/strong>directori de \u0219coli, cadre didactice, consilieri \u0219colari, profesori de sprijin, p\u0103rin\u021bi, reprezentan\u021bi ai autorit\u0103\u021bilor publice, organiza\u021bii ale societ\u0103\u021bii civile \u0219i reprezentan\u021bi media.<\/p><p><a href=\"https:\/\/4ader.ro\/wp-content\/uploads\/2024\/09\/Prezentare-proiect.pptx\" target=\"_blank\" rel=\"noopener\">Prezentare proiect<\/a><\/p><\/div>\t\t\t\t\t\t\t\t<\/div>\n\t\t\t\t<\/div>\n\t\t\t\t<div class=\"elementor-element elementor-element-2913073 elementor-widget elementor-widget-image\" data-id=\"2913073\" data-element_type=\"widget\" data-widget_type=\"image.default\">\n\t\t\t\t<div class=\"elementor-widget-container\">\n\t\t\t\t\t\t\t\t\t\t\t\t\t\t\t<img decoding=\"async\" width=\"448\" height=\"336\" src=\"https:\/\/4ader.ro\/wp-content\/uploads\/2024\/09\/7.jpg\" class=\"attachment-large size-large wp-image-831\" alt=\"\" srcset=\"https:\/\/4ader.ro\/wp-content\/uploads\/2024\/09\/7.jpg 448w, https:\/\/4ader.ro\/wp-content\/uploads\/2024\/09\/7-300x225.jpg 300w, https:\/\/4ader.ro\/wp-content\/uploads\/2024\/09\/7-200x150.jpg 200w\" sizes=\"(max-width: 448px) 100vw, 448px\" \/>\t\t\t\t\t\t\t\t\t\t\t\t\t\t\t<\/div>\n\t\t\t\t<\/div>\n\t\t\t\t<div class=\"elementor-element elementor-element-f698c80 elementor-widget elementor-widget-image\" data-id=\"f698c80\" data-element_type=\"widget\" data-widget_type=\"image.default\">\n\t\t\t\t<div class=\"elementor-widget-container\">\n\t\t\t\t\t\t\t\t\t\t\t\t\t\t\t<img decoding=\"async\" width=\"336\" height=\"448\" src=\"https:\/\/4ader.ro\/wp-content\/uploads\/2024\/09\/6.jpg\" class=\"attachment-large size-large wp-image-830\" alt=\"\" srcset=\"https:\/\/4ader.ro\/wp-content\/uploads\/2024\/09\/6.jpg 336w, https:\/\/4ader.ro\/wp-content\/uploads\/2024\/09\/6-225x300.jpg 225w, https:\/\/4ader.ro\/wp-content\/uploads\/2024\/09\/6-200x267.jpg 200w\" sizes=\"(max-width: 336px) 100vw, 336px\" \/>\t\t\t\t\t\t\t\t\t\t\t\t\t\t\t<\/div>\n\t\t\t\t<\/div>\n\t\t\t\t<div class=\"elementor-element elementor-element-2a9950d elementor-widget elementor-widget-image\" data-id=\"2a9950d\" data-element_type=\"widget\" data-widget_type=\"image.default\">\n\t\t\t\t<div class=\"elementor-widget-container\">\n\t\t\t\t\t\t\t\t\t\t\t\t\t\t\t<img loading=\"lazy\" decoding=\"async\" width=\"336\" height=\"448\" src=\"https:\/\/4ader.ro\/wp-content\/uploads\/2024\/09\/5.jpg\" class=\"attachment-large size-large wp-image-829\" alt=\"\" srcset=\"https:\/\/4ader.ro\/wp-content\/uploads\/2024\/09\/5.jpg 336w, https:\/\/4ader.ro\/wp-content\/uploads\/2024\/09\/5-225x300.jpg 225w, https:\/\/4ader.ro\/wp-content\/uploads\/2024\/09\/5-200x267.jpg 200w\" sizes=\"(max-width: 336px) 100vw, 336px\" \/>\t\t\t\t\t\t\t\t\t\t\t\t\t\t\t<\/div>\n\t\t\t\t<\/div>\n\t\t\t\t<div class=\"elementor-element elementor-element-df86b94 elementor-widget elementor-widget-image\" data-id=\"df86b94\" data-element_type=\"widget\" data-widget_type=\"image.default\">\n\t\t\t\t<div class=\"elementor-widget-container\">\n\t\t\t\t\t\t\t\t\t\t\t\t\t\t\t<img loading=\"lazy\" decoding=\"async\" width=\"336\" height=\"448\" src=\"https:\/\/4ader.ro\/wp-content\/uploads\/2024\/09\/4.jpg\" class=\"attachment-large size-large wp-image-828\" alt=\"\" srcset=\"https:\/\/4ader.ro\/wp-content\/uploads\/2024\/09\/4.jpg 336w, https:\/\/4ader.ro\/wp-content\/uploads\/2024\/09\/4-225x300.jpg 225w, https:\/\/4ader.ro\/wp-content\/uploads\/2024\/09\/4-200x267.jpg 200w\" sizes=\"(max-width: 336px) 100vw, 336px\" \/>\t\t\t\t\t\t\t\t\t\t\t\t\t\t\t<\/div>\n\t\t\t\t<\/div>\n\t\t\t\t<div class=\"elementor-element elementor-element-d4178c4 elementor-widget elementor-widget-image\" data-id=\"d4178c4\" data-element_type=\"widget\" data-widget_type=\"image.default\">\n\t\t\t\t<div class=\"elementor-widget-container\">\n\t\t\t\t\t\t\t\t\t\t\t\t\t\t\t<img loading=\"lazy\" decoding=\"async\" width=\"448\" height=\"336\" src=\"https:\/\/4ader.ro\/wp-content\/uploads\/2024\/09\/3.jpg\" class=\"attachment-large size-large wp-image-827\" alt=\"\" srcset=\"https:\/\/4ader.ro\/wp-content\/uploads\/2024\/09\/3.jpg 448w, https:\/\/4ader.ro\/wp-content\/uploads\/2024\/09\/3-300x225.jpg 300w, https:\/\/4ader.ro\/wp-content\/uploads\/2024\/09\/3-200x150.jpg 200w\" sizes=\"(max-width: 448px) 100vw, 448px\" \/>\t\t\t\t\t\t\t\t\t\t\t\t\t\t\t<\/div>\n\t\t\t\t<\/div>\n\t\t\t\t<div class=\"elementor-element elementor-element-c3899ce elementor-widget elementor-widget-image\" data-id=\"c3899ce\" data-element_type=\"widget\" data-widget_type=\"image.default\">\n\t\t\t\t<div class=\"elementor-widget-container\">\n\t\t\t\t\t\t\t\t\t\t\t\t\t\t\t<img loading=\"lazy\" decoding=\"async\" width=\"448\" height=\"336\" src=\"https:\/\/4ader.ro\/wp-content\/uploads\/2024\/09\/2.jpg\" class=\"attachment-large size-large wp-image-826\" alt=\"\" srcset=\"https:\/\/4ader.ro\/wp-content\/uploads\/2024\/09\/2.jpg 448w, https:\/\/4ader.ro\/wp-content\/uploads\/2024\/09\/2-300x225.jpg 300w, https:\/\/4ader.ro\/wp-content\/uploads\/2024\/09\/2-200x150.jpg 200w\" sizes=\"(max-width: 448px) 100vw, 448px\" \/>\t\t\t\t\t\t\t\t\t\t\t\t\t\t\t<\/div>\n\t\t\t\t<\/div>\n\t\t\t\t<div class=\"elementor-element elementor-element-f6e49a7 elementor-widget elementor-widget-image\" data-id=\"f6e49a7\" data-element_type=\"widget\" data-widget_type=\"image.default\">\n\t\t\t\t<div class=\"elementor-widget-container\">\n\t\t\t\t\t\t\t\t\t\t\t\t\t\t\t<img loading=\"lazy\" decoding=\"async\" width=\"448\" height=\"336\" src=\"https:\/\/4ader.ro\/wp-content\/uploads\/2024\/09\/1.jpg\" class=\"attachment-large size-large wp-image-825\" alt=\"\" srcset=\"https:\/\/4ader.ro\/wp-content\/uploads\/2024\/09\/1.jpg 448w, https:\/\/4ader.ro\/wp-content\/uploads\/2024\/09\/1-300x225.jpg 300w, https:\/\/4ader.ro\/wp-content\/uploads\/2024\/09\/1-200x150.jpg 200w\" sizes=\"(max-width: 448px) 100vw, 448px\" \/>\t\t\t\t\t\t\t\t\t\t\t\t\t\t\t<\/div>\n\t\t\t\t<\/div>\n\t\t\t\t<div class=\"elementor-element elementor-element-39968c0 elementor-widget elementor-widget-text-editor\" data-id=\"39968c0\" data-element_type=\"widget\" data-widget_type=\"text-editor.default\">\n\t\t\t\t<div class=\"elementor-widget-container\">\n\t\t\t\t\t\t\t\t\t<p>Asocia\u021bia pentru Democra\u021bie Educa\u021bie Respect va implementa in perioada 11 ianuarie 2021-10 iulie 2021 proiectul:<br \/><strong>PASIVITATEA NU OPRE\u0218TE BULLYING-UL<\/strong><br \/>Proiectul are drept principale obiective:<br \/>-cre\u0219terea gradului de con\u0219tientizare a efectelor nocive ale bullying-ului<br \/>-Prevenirea \u0219i combaterea bullying-ului.<br \/>Proiectul se adreseaz\u0103 elevilor, profesorilor \u0219i p\u0103rin\u021bilor din Jude\u021bele Gorj \u0219i Prahova \u0219i se va derula \u00een parteneriat cu: Liceul de Arte Constantin Br\u0103iloiu din T\u00e2rgu Jiu, Teatrul Elvira Godeanu din T\u00e2rgu Jiu \u0219i Asocia\u021bia Research Network on Resources Economics and Bioeconomy din Ploie\u0219ti<br \/>De rezultatele acestui proiect vor beneficia direct peste 1300 de elevi, 100 de profesori \u0219i 100 de p\u0103rin\u021bi.<br \/>Proiectul beneficiaz\u0103 de o finan\u021bare \u00een valoare de 40866 euro,<br \/>prin programul Active Citizens Fund Rom\u00e2nia, finan\u021bat de Islanda, Liechtenstein \u0219i Norvegia prin Granturile SEE 2014-2021<br \/>ADER\u0103 la stoparea bullyingului!<br \/>Stop bullying!<br \/>F\u0103r\u0103 bullying \u00een \u0219coli!<\/p>\t\t\t\t\t\t\t\t<\/div>\n\t\t\t\t<\/div>\n\t\t\t\t<div class=\"elementor-element elementor-element-82bed38 elementor-widget elementor-widget-image\" data-id=\"82bed38\" data-element_type=\"widget\" data-widget_type=\"image.default\">\n\t\t\t\t<div class=\"elementor-widget-container\">\n\t\t\t\t\t\t\t\t\t\t\t\t\t\t\t<img loading=\"lazy\" decoding=\"async\" width=\"380\" height=\"252\" src=\"https:\/\/4ader.ro\/wp-content\/uploads\/2024\/05\/bulllying___.jpg\" class=\"attachment-large size-large wp-image-64\" alt=\"\" srcset=\"https:\/\/4ader.ro\/wp-content\/uploads\/2024\/05\/bulllying___.jpg 380w, https:\/\/4ader.ro\/wp-content\/uploads\/2024\/05\/bulllying___-300x199.jpg 300w, https:\/\/4ader.ro\/wp-content\/uploads\/2024\/05\/bulllying___-200x133.jpg 200w\" sizes=\"(max-width: 380px) 100vw, 380px\" \/>\t\t\t\t\t\t\t\t\t\t\t\t\t\t\t<\/div>\n\t\t\t\t<\/div>\n\t\t\t\t<div class=\"elementor-element elementor-element-5502460 elementor-widget elementor-widget-text-editor\" data-id=\"5502460\" data-element_type=\"widget\" data-widget_type=\"text-editor.default\">\n\t\t\t\t<div class=\"elementor-widget-container\">\n\t\t\t\t\t\t\t\t\t<p><a href=\"https:\/\/www.4ader.ro\/uploads\/[TEASER]Pasivitatea%20nu%20opre%C8%99te%20bullying-ul!.mp4\" target=\"_blank\" rel=\"noopener\">\u00a0Spot Pasivitatea nu opreste Bullyingul<\/a><\/p><p><a href=\"https:\/\/www.4ader.ro\/uploads\/Studiu%20Jean.pdf\" target=\"_blank\" rel=\"noopener\">\u00a0Studiu Pasivitatea nu opreste Bullyingul<\/a><\/p><p>\u201eWorking together for a green, competitive and inclusive Europe\u201d<\/p>\t\t\t\t\t\t\t\t<\/div>\n\t\t\t\t<\/div>\n\t\t\t\t<div class=\"elementor-element elementor-element-e0daef5 elementor-widget elementor-widget-image\" data-id=\"e0daef5\" data-element_type=\"widget\" data-widget_type=\"image.default\">\n\t\t\t\t<div class=\"elementor-widget-container\">\n\t\t\t\t\t\t\t\t\t\t\t\t\t\t\t<img loading=\"lazy\" decoding=\"async\" width=\"1024\" height=\"152\" src=\"https:\/\/4ader.ro\/wp-content\/uploads\/2024\/06\/parteneri-1024x152.jpg\" class=\"attachment-large size-large wp-image-434\" alt=\"\" srcset=\"https:\/\/4ader.ro\/wp-content\/uploads\/2024\/06\/parteneri-1024x152.jpg 1024w, https:\/\/4ader.ro\/wp-content\/uploads\/2024\/06\/parteneri-300x45.jpg 300w, https:\/\/4ader.ro\/wp-content\/uploads\/2024\/06\/parteneri-768x114.jpg 768w, https:\/\/4ader.ro\/wp-content\/uploads\/2024\/06\/parteneri-1536x229.jpg 1536w, https:\/\/4ader.ro\/wp-content\/uploads\/2024\/06\/parteneri-2048x305.jpg 2048w, https:\/\/4ader.ro\/wp-content\/uploads\/2024\/06\/parteneri-200x30.jpg 200w\" sizes=\"(max-width: 1024px) 100vw, 1024px\" \/>\t\t\t\t\t\t\t\t\t\t\t\t\t\t\t<\/div>\n\t\t\t\t<\/div>\n\t\t\t\t<div class=\"elementor-element elementor-element-138d124 elementor-widget elementor-widget-spacer\" data-id=\"138d124\" data-element_type=\"widget\" data-widget_type=\"spacer.default\">\n\t\t\t\t<div class=\"elementor-widget-container\">\n\t\t\t\t\t\t\t<div class=\"elementor-spacer\">\n\t\t\t<div class=\"elementor-spacer-inner\"><\/div>\n\t\t<\/div>\n\t\t\t\t\t\t<\/div>\n\t\t\t\t<\/div>\n\t\t\t\t<\/div>\n\t\t\t\t<\/div>\n\t\t","protected":false},"excerpt":{"rendered":"<p>PASIVITATEA NU OPRESTE BULLYINGUL \u201eWorking together for a green, competitive and inclusive Europe\u201d Proiectul este derulat de Asociatia pentru Democratie Educatie Respect \u00een parteneriat cu:\u00a0Liceul de Arte Constantin Brailoiu din Targu Jiu,\u00a0Teatrul Elvira Godeanu din Targu Jiu\u00a0\u0219i\u00a0Asocia\u021bia Research Network on Resources Economics and Bioeconomy din Ploie\u0219ti\u00a0 \u0219i beneficiaz\u0103 de o finan\u021bare \u00een valoare de 38.757&#8230;<\/p>\n","protected":false},"author":2,"featured_media":0,"parent":0,"menu_order":0,"comment_status":"closed","ping_status":"closed","template":"","meta":{"_kad_post_transparent":"","_kad_post_title":"hide","_kad_post_layout":"fullwidth","_kad_post_sidebar_id":"","_kad_post_content_style":"unboxed","_kad_post_vertical_padding":"hide","_kad_post_feature":"hide","_kad_post_feature_position":"","_kad_post_header":false,"_kad_post_footer":false,"_kad_post_classname":"","footnotes":""},"class_list":["post-137","page","type-page","status-publish","hentry"],"rttpg_featured_image_url":null,"rttpg_author":{"display_name":"Calina Denis","author_link":"https:\/\/4ader.ro\/index.php\/author\/denis_1\/"},"rttpg_comment":0,"rttpg_category":null,"rttpg_excerpt":"PASIVITATEA NU OPRESTE BULLYINGUL \u201eWorking together for a green, competitive and inclusive Europe\u201d Proiectul este derulat de Asociatia pentru Democratie Educatie Respect \u00een parteneriat cu:\u00a0Liceul de Arte Constantin Brailoiu din Targu Jiu,\u00a0Teatrul Elvira Godeanu din Targu Jiu\u00a0\u0219i\u00a0Asocia\u021bia Research Network on Resources Economics and Bioeconomy din Ploie\u0219ti\u00a0 \u0219i beneficiaz\u0103 de o finan\u021bare \u00een valoare de 38.757...","_links":{"self":[{"href":"https:\/\/4ader.ro\/index.php\/wp-json\/wp\/v2\/pages\/137","targetHints":{"allow":["GET"]}}],"collection":[{"href":"https:\/\/4ader.ro\/index.php\/wp-json\/wp\/v2\/pages"}],"about":[{"href":"https:\/\/4ader.ro\/index.php\/wp-json\/wp\/v2\/types\/page"}],"author":[{"embeddable":true,"href":"https:\/\/4ader.ro\/index.php\/wp-json\/wp\/v2\/users\/2"}],"replies":[{"embeddable":true,"href":"https:\/\/4ader.ro\/index.php\/wp-json\/wp\/v2\/comments?post=137"}],"version-history":[{"count":34,"href":"https:\/\/4ader.ro\/index.php\/wp-json\/wp\/v2\/pages\/137\/revisions"}],"predecessor-version":[{"id":1389,"href":"https:\/\/4ader.ro\/index.php\/wp-json\/wp\/v2\/pages\/137\/revisions\/1389"}],"wp:attachment":[{"href":"https:\/\/4ader.ro\/index.php\/wp-json\/wp\/v2\/media?parent=137"}],"curies":[{"name":"wp","href":"https:\/\/api.w.org\/{rel}","templated":true}]}}